000
CDUS44 KAMA 241405
CLIDHT


CLIMATE REPORT
NATIONAL WEATHER SERVICE AMARILLO TX
905 AM CDT WED MAY 24 2017


...................................

...THE DALHART CLIMATE SUMMARY FOR MAY 24 2017...
VALID AS OF 0900 AM LOCAL TIME.

CLIMATE NORMAL PERIOD 1981 TO 2010
CLIMATE RECORD PERIOD 1948 TO 2017


WEATHER ITEM   OBSERVED TIME   RECORD YEAR NORMAL DEPARTURE LAST
                VALUE   (LST)  VALUE       VALUE  FROM      YEAR
                                                  NORMAL
..................................................................
TEMPERATURE (F)
 TODAY
  MINIMUM         40R   533 AM  42    1974  51    -11       54

PRECIPITATION (IN)
  TODAY            0.00          1.29 1993   0.08  -0.08     0.00
  MONTH TO DATE    1.30                      1.66  -0.36     2.35
  SINCE MAR 1      7.97                      3.91   4.06     6.83
  SINCE JAN 1      9.05                      4.83   4.22     7.21

SNOWFALL (IN)
  TODAY            0.0           0.0    MM   0.0    0.0      0.0
  MONTH TO DATE    0.0                       0.1   -0.1      0.0
  SINCE MAR 1     10.0                       5.5    4.5      6.0
  SINCE JUL 1     11.3                      19.0   -7.7     12.7
  SNOW DEPTH       0

..................................................................


WIND (MPH)
  RESULTANT WIND SPEED   8   RESULTANT WIND DIRECTION   W (290)
  HIGHEST WIND SPEED    14   HIGHEST WIND DIRECTION     W (270)
  HIGHEST GUST SPEED    16   HIGHEST GUST DIRECTION     W (280)
  AVERAGE WIND SPEED     8.5


SKY COVER
  AVERAGE SKY COVER 0.0


WEATHER CONDITIONS
 THE FOLLOWING WEATHER WAS RECORDED TODAY.
  NO SIGNIFICANT WEATHER WAS OBSERVED.


RELATIVE HUMIDITY (PERCENT)
 HIGHEST    86           600 AM
 LOWEST     61          1200 AM
 AVERAGE    74

..........................................................


THE DALHART CLIMATE NORMALS FOR TOMORROW
                         NORMAL    RECORD    YEAR
 MAXIMUM TEMPERATURE (F)   81       100      2006
 MINIMUM TEMPERATURE (F)   52        36      1950


SUNRISE AND SUNSET
MAY 24 2017...........SUNRISE   638 AM CDT   SUNSET   856 PM CDT
MAY 25 2017...........SUNRISE   638 AM CDT   SUNSET   857 PM CDT


-  INDICATES NEGATIVE NUMBERS.
R  INDICATES RECORD WAS SET OR TIED.
MM INDICATES DATA IS MISSING.
T  INDICATES TRACE AMOUNT.




$$
