000
CDUS44 KAMA 240727
CLIDHT


CLIMATE REPORT
NATIONAL WEATHER SERVICE AMARILLO TX
126 AM CST FRI FEB 24 2017


...................................

...THE DALHART CLIMATE SUMMARY FOR FEBRUARY 23 2017...

CLIMATE NORMAL PERIOD 1981 TO 2010
CLIMATE RECORD PERIOD 1948 TO 2017


WEATHER ITEM   OBSERVED TIME   RECORD YEAR NORMAL DEPARTURE LAST
                VALUE   (LST)  VALUE       VALUE  FROM      YEAR
                                                  NORMAL
..................................................................
TEMPERATURE (F)
 YESTERDAY
  MAXIMUM         74    224 PM  81    1956  55     19       49
  MINIMUM         34    637 AM   3    2010  24     10       28
  AVERAGE         54                        40     14       39

PRECIPITATION (IN)
  YESTERDAY        0.00          0.11 2016   0.01  -0.01     0.11
  MONTH TO DATE    0.05                      0.32  -0.27     0.14
  SINCE DEC 1      1.28                      1.38  -0.10     0.93
  SINCE JAN 1      1.08                      0.84   0.24     0.38

SNOWFALL (IN)
  YESTERDAY        0.0           1.9  2015   0.1   -0.1      0.2
  MONTH TO DATE    T                         2.6   -2.6      0.7
  SINCE DEC 1      1.3                      11.2   -9.9      6.2
  SINCE JUL 1      1.3                      13.1  -11.8      6.7
  SNOW DEPTH       0

DEGREE DAYS
 HEATING
  YESTERDAY       11                        25    -14       26
  MONTH TO DATE  410                       637   -227      471
  SINCE DEC 1   2124                      2524   -400     2125
  SINCE JUL 1   2700                      3519   -819     2835

 COOLING
  YESTERDAY        0                         0      0        0
  MONTH TO DATE    0                         0      0        0
  SINCE DEC 1      0                         0      0        0
  SINCE JAN 1      0                         0      0        0
..................................................................


WIND (MPH)
  RESULTANT WIND SPEED  15   RESULTANT WIND DIRECTION   W (250)
  HIGHEST WIND SPEED    40   HIGHEST WIND DIRECTION    SW (240)
  HIGHEST GUST SPEED    52   HIGHEST GUST DIRECTION    SW (210)
  AVERAGE WIND SPEED    20.3


SKY COVER
  AVERAGE SKY COVER 0.0


WEATHER CONDITIONS
 THE FOLLOWING WEATHER WAS RECORDED YESTERDAY.
  HAZE


RELATIVE HUMIDITY (PERCENT)
 HIGHEST    82           600 AM
 LOWEST      8           400 PM
 AVERAGE    45

..........................................................


THE DALHART CLIMATE NORMALS FOR TODAY
                         NORMAL    RECORD    YEAR
 MAXIMUM TEMPERATURE (F)   55        77      1986
 MINIMUM TEMPERATURE (F)   25         2      1965


SUNRISE AND SUNSET
FEBRUARY 24 2017......SUNRISE   726 AM CST   SUNSET   641 PM CST
FEBRUARY 25 2017......SUNRISE   725 AM CST   SUNSET   642 PM CST


-  INDICATES NEGATIVE NUMBERS.
R  INDICATES RECORD WAS SET OR TIED.
MM INDICATES DATA IS MISSING.
T  INDICATES TRACE AMOUNT.




$$
