000
CDUS44 KAMA 300631
CLIDHT


CLIMATE REPORT
NATIONAL WEATHER SERVICE AMARILLO TX
129 AM CDT THU MAR 30 2017


...................................

...THE DALHART CLIMATE SUMMARY FOR MARCH 29 2017...

CLIMATE NORMAL PERIOD 1981 TO 2010
CLIMATE RECORD PERIOD 1948 TO 2017


WEATHER ITEM   OBSERVED TIME   RECORD YEAR NORMAL DEPARTURE LAST
                VALUE   (LST)  VALUE       VALUE  FROM      YEAR
                                                  NORMAL
..................................................................
TEMPERATURE (F)
 YESTERDAY
  MAXIMUM         50    519 PM  85    2012  65    -15       79
  MINIMUM         36   1130 PM  12    1987  32      4       49
  AVERAGE         43                        49     -6       64

PRECIPITATION (IN)
  YESTERDAY        0.14          0.51 1993   0.04   0.10     0.00
  MONTH TO DATE    1.29                      1.08   0.21     0.30
  SINCE MAR 1      1.29                      1.08   0.21     0.30
  SINCE JAN 1      2.37                      2.00   0.37     0.68

SNOWFALL (IN)
  YESTERDAY        0.0           1.8  1988   0.1   -0.1      0.0
  MONTH TO DATE    0.0                       3.9   -3.9      6.0
  SINCE MAR 1      0.0                       3.9   -3.9      6.0
  SINCE JUL 1      1.3                      17.4  -16.1     12.7
  SNOW DEPTH       0

DEGREE DAYS
 HEATING
  YESTERDAY       22                        16      6        1
  MONTH TO DATE  385                       580   -195      441
  SINCE MAR 1    385                       580   -195      441
  SINCE JUL 1   3202                      4223  -1021     3386

 COOLING
  YESTERDAY        0                         0      0        0
  MONTH TO DATE    6                         0      6        0
  SINCE MAR 1      6                         0      6        0
  SINCE JAN 1      6                         0      6        0
..................................................................


WIND (MPH)
  RESULTANT WIND SPEED  20   RESULTANT WIND DIRECTION   N (0)
  HIGHEST WIND SPEED    40   HIGHEST WIND DIRECTION     N (360)
  HIGHEST GUST SPEED    49   HIGHEST GUST DIRECTION     N (360)
  AVERAGE WIND SPEED    21.9


SKY COVER
  AVERAGE SKY COVER 0.7


WEATHER CONDITIONS
 THE FOLLOWING WEATHER WAS RECORDED YESTERDAY.
  RAIN
  LIGHT RAIN
  FOG


RELATIVE HUMIDITY (PERCENT)
 HIGHEST   100          1200 AM
 LOWEST     66           600 PM
 AVERAGE    83

..........................................................


THE DALHART CLIMATE NORMALS FOR TODAY
                         NORMAL    RECORD    YEAR
 MAXIMUM TEMPERATURE (F)   65        87      2010
 MINIMUM TEMPERATURE (F)   33         9      1987


SUNRISE AND SUNSET
MARCH 30 2017.........SUNRISE   739 AM CDT   SUNSET   811 PM CDT
MARCH 31 2017.........SUNRISE   738 AM CDT   SUNSET   812 PM CDT


-  INDICATES NEGATIVE NUMBERS.
R  INDICATES RECORD WAS SET OR TIED.
MM INDICATES DATA IS MISSING.
T  INDICATES TRACE AMOUNT.




$$
