000
CDUS44 KAMA 081507
CLIDHT


CLIMATE REPORT
NATIONAL WEATHER SERVICE AMARILLO TX
906 AM CST MON FEB 8 2016


...................................

...THE DALHART CLIMATE SUMMARY FOR FEBRUARY 8 2016...
VALID AS OF 0900 AM LOCAL TIME.

CLIMATE NORMAL PERIOD 1981 TO 2010
CLIMATE RECORD PERIOD 1948 TO 2016


WEATHER ITEM   OBSERVED TIME   RECORD YEAR NORMAL DEPARTURE LAST
                VALUE   (LST)  VALUE       VALUE  FROM      YEAR
                                                  NORMAL
..................................................................
TEMPERATURE (F)
 TODAY
  MINIMUM         21    759 AM  -1    1971  21      0       42

PRECIPITATION (IN)
  TODAY            0.00          0.40 2009   0.01  -0.01     0.00
  MONTH TO DATE    0.03                      0.12  -0.09      T
  SINCE DEC 1      0.55                      1.18  -0.63     2.05
  SINCE JAN 1      0.14                      0.64  -0.50     1.72

SNOWFALL (IN)
  TODAY            0.0           3.2  1978   0.2   -0.2      0.0
  MONTH TO DATE    0.5                       1.1   -0.6       T
  SINCE DEC 1      3.5                       9.7   -6.2     17.7
  SINCE JUL 1      4.0                      11.6   -7.6     19.2
  SNOW DEPTH       0

..................................................................


WIND (MPH)
  RESULTANT WIND SPEED  10   RESULTANT WIND DIRECTION  NW (310)
  HIGHEST WIND SPEED    14   HIGHEST WIND DIRECTION    NW (300)
  HIGHEST GUST SPEED    18   HIGHEST GUST DIRECTION    NW (310)
  AVERAGE WIND SPEED    10.4


SKY COVER
  AVERAGE SKY COVER 0.0


WEATHER CONDITIONS
 THE FOLLOWING WEATHER WAS RECORDED TODAY.
  NO SIGNIFICANT WEATHER WAS OBSERVED.


RELATIVE HUMIDITY (PERCENT)
 HIGHEST    71           100 AM
 LOWEST     65          1200 AM
 AVERAGE    68

..........................................................


THE DALHART CLIMATE NORMALS FOR TOMORROW
                         NORMAL    RECORD    YEAR
 MAXIMUM TEMPERATURE (F)   52        77      1976
 MINIMUM TEMPERATURE (F)   21         2      2011
                                             1975


SUNRISE AND SUNSET
FEBRUARY  8 2016......SUNRISE   745 AM CST   SUNSET   624 PM CST
FEBRUARY  9 2016......SUNRISE   744 AM CST   SUNSET   625 PM CST


-  INDICATES NEGATIVE NUMBERS.
R  INDICATES RECORD WAS SET OR TIED.
MM INDICATES DATA IS MISSING.
T  INDICATES TRACE AMOUNT.




$$
