156
CDUS44 KAMA 290659
CLIDHT


CLIMATE REPORT
NATIONAL WEATHER SERVICE AMARILLO TX
158 AM CDT MON AUG 29 2016


...................................

...THE DALHART CLIMATE SUMMARY FOR AUGUST 28 2016...

CLIMATE NORMAL PERIOD 1981 TO 2010
CLIMATE RECORD PERIOD 1948 TO 2016


WEATHER ITEM   OBSERVED TIME   RECORD YEAR NORMAL DEPARTURE LAST
                VALUE   (LST)  VALUE       VALUE  FROM      YEAR
                                                  NORMAL
..................................................................
TEMPERATURE (F)
 YESTERDAY
  MAXIMUM         85    208 PM 101    2011  88     -3       91
  MINIMUM         62    637 AM  48    1987  60      2       68
  AVERAGE         74                        74      0       80

PRECIPITATION (IN)
  YESTERDAY        T             1.87 1972   0.07  -0.07      T
  MONTH TO DATE    2.82                      2.65   0.17     1.72
  SINCE JUN 1      6.90                      7.74  -0.84     6.72
  SINCE JAN 1     14.12                     13.15   0.97    13.43

SNOWFALL (IN)
  YESTERDAY        0.0           0.0    MM   0.0    0.0      0.0
  MONTH TO DATE    0.0                       0.0    0.0      0.0
  SINCE JUN 1      0.0                       0.0    0.0      0.0
  SINCE JUL 1      0.0                       0.0    0.0      0.0
  SNOW DEPTH       0

DEGREE DAYS
 HEATING
  YESTERDAY        0                         0      0        0
  MONTH TO DATE    0                         0      0        0
  SINCE JUN 1      0                        13    -13        0
  SINCE JUL 1      0                         1     -1        0

 COOLING
  YESTERDAY        9                         9      0       15
  MONTH TO DATE  331                       293     38      359
  SINCE JUN 1   1213                       898    315     1158
  SINCE JAN 1   1259                       970    289     1180
..................................................................


WIND (MPH)
  RESULTANT WIND SPEED   7   RESULTANT WIND DIRECTION   S (160)
  HIGHEST WIND SPEED    20   HIGHEST WIND DIRECTION    SE (140)
  HIGHEST GUST SPEED    26   HIGHEST GUST DIRECTION    SE (140)
  AVERAGE WIND SPEED     9.8


SKY COVER
  AVERAGE SKY COVER 0.1


WEATHER CONDITIONS
 THE FOLLOWING WEATHER WAS RECORDED YESTERDAY.
  THUNDERSTORM
  LIGHT RAIN


RELATIVE HUMIDITY (PERCENT)
 HIGHEST    90           300 AM
 LOWEST     40          1200 PM
 AVERAGE    65

..........................................................


THE DALHART CLIMATE NORMALS FOR TODAY
                         NORMAL    RECORD    YEAR
 MAXIMUM TEMPERATURE (F)   88        99      1990
 MINIMUM TEMPERATURE (F)   59        43      1988


SUNRISE AND SUNSET
AUGUST 29 2016........SUNRISE   720 AM CDT   SUNSET   821 PM CDT
AUGUST 30 2016........SUNRISE   721 AM CDT   SUNSET   820 PM CDT


-  INDICATES NEGATIVE NUMBERS.
R  INDICATES RECORD WAS SET OR TIED.
MM INDICATES DATA IS MISSING.
T  INDICATES TRACE AMOUNT.




$$
