000
CDUS44 KAMA 260632
CLIDHT


CLIMATE REPORT
NATIONAL WEATHER SERVICE AMARILLO TX
130 AM CDT TUE MAY 26 2015


...................................

...THE DALHART CLIMATE SUMMARY FOR MAY 25 2015...

CLIMATE NORMAL PERIOD 1981 TO 2010
CLIMATE RECORD PERIOD 1894 TO 2015


WEATHER ITEM   OBSERVED TIME   RECORD YEAR NORMAL DEPARTURE LAST
                VALUE   (LST)  VALUE       VALUE  FROM      YEAR
                                                  NORMAL
..................................................................
TEMPERATURE (F)
 YESTERDAY
  MAXIMUM         75    456 PM 100    2006  81     -6       75
  MINIMUM         47    559 AM  36    1950  52     -5       50
  AVERAGE         61                        66     -5       63

PRECIPITATION (IN)
  YESTERDAY        0.00          1.04 1976   0.08  -0.08     0.10
  MONTH TO DATE    1.97                      1.74   0.23     1.38
  SINCE MAR 1      3.35                      3.99  -0.64     1.58
  SINCE JAN 1      6.66                      4.91   1.75     1.67

SNOWFALL (IN)
  YESTERDAY        0.0           T    1996   0.0    0.0      0.0
  MONTH TO DATE    0.0                       0.1   -0.1      0.0
  SINCE MAR 1      0.8                       5.5   -4.7      2.1
  SINCE JUL 1     34.1                      19.0   15.1     17.4
  SNOW DEPTH       0

DEGREE DAYS
 HEATING
  YESTERDAY        4                         2      2        2
  MONTH TO DATE  127                       105     22       92
  SINCE MAR 1    861                      1064   -203      999
  SINCE JUL 1   4154                      4707   -553     4593

 COOLING
  YESTERDAY        0                         3     -3        0
  MONTH TO DATE   12                        42    -30       64
  SINCE MAR 1     13                        48    -35       80
  SINCE JAN 1     13                        48    -35       80
..................................................................


WIND (MPH)
  RESULTANT WIND SPEED   5   RESULTANT WIND DIRECTION   S (190)
  HIGHEST WIND SPEED    23   HIGHEST WIND DIRECTION     S (170)
  HIGHEST GUST SPEED    31   HIGHEST GUST DIRECTION     S (170)
  AVERAGE WIND SPEED     8.7


SKY COVER
  AVERAGE SKY COVER 0.0


WEATHER CONDITIONS
 THE FOLLOWING WEATHER WAS RECORDED YESTERDAY.
  NO SIGNIFICANT WEATHER WAS OBSERVED.


RELATIVE HUMIDITY (PERCENT)
 HIGHEST    86           300 AM
 LOWEST     38           200 PM
 AVERAGE    62

..........................................................


THE DALHART CLIMATE NORMALS FOR TODAY
                         NORMAL    RECORD    YEAR
 MAXIMUM TEMPERATURE (F)   81       102      2006
 MINIMUM TEMPERATURE (F)   52        38      1950


SUNRISE AND SUNSET
MAY 26 2015...........SUNRISE   637 AM CDT   SUNSET   857 PM CDT
MAY 27 2015...........SUNRISE   637 AM CDT   SUNSET   858 PM CDT


-  INDICATES NEGATIVE NUMBERS.
R  INDICATES RECORD WAS SET OR TIED.
MM INDICATES DATA IS MISSING.
T  INDICATES TRACE AMOUNT.




$$
