000
CDUS43 KBIS 100110
CLIDIK


CLIMATE REPORT
NATIONAL WEATHER SERVICE BISMARCK ND
709 PM CST TUE FEB 9 2016


...................................

...THE DICKINSON ND CLIMATE SUMMARY FOR FEBRUARY 9 2016...
VALID TODAY AS OF 0700 PM LOCAL TIME.

CLIMATE NORMAL PERIOD 1981 TO 2010
CLIMATE RECORD PERIOD 1893 TO 2016


WEATHER ITEM   OBSERVED TIME   RECORD YEAR NORMAL DEPARTURE LAST
                VALUE   (LST)  VALUE       VALUE  FROM      YEAR
                                                  NORMAL
..................................................................
TEMPERATURE (F)
 TODAY
  MAXIMUM         39    432 PM  59    1996  29     10       33
  MINIMUM         19    649 AM -38    1939   9     10       27
  AVERAGE         29                        19     10       30

PRECIPITATION (IN)
  TODAY            0.00          0.53 2009   0.01  -0.01     0.01
  MONTH TO DATE    T                         0.07  -0.07     0.15
  SINCE DEC 1      0.42                      0.61  -0.19     0.34
  SINCE JAN 1      0.16                      0.37  -0.21     0.27

DEGREE DAYS
 HEATING
  TODAY           36                        46    -10       35
  MONTH TO DATE  343                       419    -76      391
  SINCE DEC 1   3065                      3389   -324     2970
  SINCE JUL 1   4739                      5466   -727     5176

 COOLING
  TODAY            0                         0      0        0
  MONTH TO DATE    0                         0      0        0
  SINCE DEC 1      0                         0      0        0
  SINCE JAN 1      0                         0      0        0
..................................................................


WIND (MPH)
  RESULTANT WIND SPEED   4   RESULTANT WIND DIRECTION  NW (310)
  HIGHEST WIND SPEED    16   HIGHEST WIND DIRECTION    NW (320)
  HIGHEST GUST SPEED    MM   HIGHEST GUST DIRECTION    MM
  AVERAGE WIND SPEED     7.9


SKY COVER
  POSSIBLE SUNSHINE   0 PERCENT
  AVERAGE SKY COVER 0.0


WEATHER CONDITIONS
 THE FOLLOWING WEATHER WAS RECORDED TODAY.
  NO SIGNIFICANT WEATHER WAS OBSERVED.


RELATIVE HUMIDITY (PERCENT)
 HIGHEST     0          1200 AM
 LOWEST      0          1200 AM
 AVERAGE     0

..........................................................


THE DICKINSON ND CLIMATE NORMALS FOR TOMORROW
                         NORMAL    RECORD    YEAR
 MAXIMUM TEMPERATURE (F)   30        58      1984
 MINIMUM TEMPERATURE (F)    9       -35      1936


SUNRISE AND SUNSET
FEBRUARY  9 2016......SUNRISE   705 AM MST   SUNSET   506 PM MST
FEBRUARY 10 2016......SUNRISE   704 AM MST   SUNSET   508 PM MST


-  INDICATES NEGATIVE NUMBERS.
R  INDICATES RECORD WAS SET OR TIED.
MM INDICATES DATA IS MISSING.
T  INDICATES TRACE AMOUNT.




$$
