000
CDUS43 KBIS 241245
CLIDIK


CLIMATE REPORT
NATIONAL WEATHER SERVICE BISMARCK ND
745 AM CDT TUE MAY 24 2016


...................................

...THE DICKINSON ND CLIMATE SUMMARY FOR MAY 23 2016...

CLIMATE NORMAL PERIOD 1981 TO 2010
CLIMATE RECORD PERIOD 1893 TO 2016


WEATHER ITEM   OBSERVED TIME   RECORD YEAR NORMAL DEPARTURE LAST
                VALUE   (LST)  VALUE       VALUE  FROM      YEAR
                                                  NORMAL
..................................................................
TEMPERATURE (F)
 YESTERDAY
  MAXIMUM         73   1241 PM  93    1928  68      5       63
  MINIMUM         41   1100 PM  25    1917  43     -2       38
  AVERAGE         57                        55      2       51

PRECIPITATION (IN)
  YESTERDAY        0.02          1.56 1933   0.07  -0.05      T
  MONTH TO DATE    0.05                      1.65  -1.60     1.53
  SINCE MAR 1      2.68                      3.81  -1.13     3.03
  SINCE JAN 1      3.10                      4.44  -1.34     3.30

DEGREE DAYS
 HEATING
  YESTERDAY        8                        10     -2       14
  MONTH TO DATE  291                       308    -17      364
  SINCE MAR 1   1837                      2076   -239     1831
  SINCE JUL 1   7246                      8370  -1124     7946

 COOLING
  YESTERDAY        0                         0      0        0
  MONTH TO DATE    3                         0      3        0
  SINCE MAR 1      3                         1      2        0
  SINCE JAN 1      3                         1      2        0
..................................................................


WIND (MPH)
  HIGHEST WIND SPEED    33   HIGHEST WIND DIRECTION     W (250)
  HIGHEST GUST SPEED    52   HIGHEST GUST DIRECTION    SW (230)
  AVERAGE WIND SPEED    11.2


SKY COVER
  POSSIBLE SUNSHINE  MM
  AVERAGE SKY COVER 0.1


WEATHER CONDITIONS
 THE FOLLOWING WEATHER WAS RECORDED YESTERDAY.
  RAIN


RELATIVE HUMIDITY (PERCENT)
 HIGHEST    76           500 AM
 LOWEST     20          1200 PM
 AVERAGE    48

..........................................................


THE DICKINSON ND CLIMATE NORMALS FOR TODAY
                         NORMAL    RECORD    YEAR
 MAXIMUM TEMPERATURE (F)   68        92      1985
                                             1926
 MINIMUM TEMPERATURE (F)   43        23      1924


SUNRISE AND SUNSET
MAY 24 2016...........SUNRISE   506 AM MDT   SUNSET   830 PM MDT
MAY 25 2016...........SUNRISE   506 AM MDT   SUNSET   831 PM MDT


-  INDICATES NEGATIVE NUMBERS.
R  INDICATES RECORD WAS SET OR TIED.
MM INDICATES DATA IS MISSING.
T  INDICATES TRACE AMOUNT.




$$
