000
CDUS43 KBIS 010045
CLIDIK


CLIMATE REPORT
NATIONAL WEATHER SERVICE BISMARCK ND
744 PM CDT SUN APR 30 2017


...................................

...THE DICKINSON ND CLIMATE SUMMARY FOR APRIL 30 2017...
VALID TODAY AS OF 0700 PM LOCAL TIME.

CLIMATE NORMAL PERIOD 1981 TO 2010
CLIMATE RECORD PERIOD 1893 TO 2017


WEATHER ITEM   OBSERVED TIME   RECORD YEAR NORMAL DEPARTURE LAST
                VALUE   (LST)  VALUE       VALUE  FROM      YEAR
                                                  NORMAL
..................................................................
TEMPERATURE (F)
 TODAY
  MAXIMUM         63        MM  92    1901  61      2       58
  MINIMUM         27        MM  15    1903  34     -7       32
  AVERAGE         45                        48     -3       45

PRECIPITATION (IN)
  TODAY            0.00          1.75 1967   0.07  -0.07     0.00
  MONTH TO DATE    0.50                      1.47  -0.97     2.38
  SINCE MAR 1      0.84                      2.16  -1.32     2.63
  SINCE JAN 1      1.12                      2.79  -1.67     3.05

DEGREE DAYS
 HEATING
  TODAY           20                        17      3       20
  MONTH TO DATE  703                       681     22      675
  SINCE MAR 1   1716                      1768    -52     1546
  SINCE JUL 1   7846                      8062   -216     6955

 COOLING
  TODAY            0                         0      0        0
  MONTH TO DATE    0                         1     -1        0
  SINCE MAR 1      0                         1     -1        0
  SINCE JAN 1      0                         1     -1        0
..................................................................


WIND (MPH)
  RESULTANT WIND SPEED   6   RESULTANT WIND DIRECTION   S (180)
  HIGHEST WIND SPEED    12   HIGHEST WIND DIRECTION     S (180)
  HIGHEST GUST SPEED    20   HIGHEST GUST DIRECTION    SE (150)
  AVERAGE WIND SPEED     7.7


SKY COVER
  POSSIBLE SUNSHINE  MM
  AVERAGE SKY COVER 0.0


WEATHER CONDITIONS
 THE FOLLOWING WEATHER WAS RECORDED TODAY.
  NO SIGNIFICANT WEATHER WAS OBSERVED.


RELATIVE HUMIDITY (PERCENT)
 HIGHEST    69           500 AM
 LOWEST     14           200 PM
 AVERAGE    42

..........................................................


THE DICKINSON ND CLIMATE NORMALS FOR TOMORROW
                         NORMAL    RECORD    YEAR
 MAXIMUM TEMPERATURE (F)   62        92      1901
 MINIMUM TEMPERATURE (F)   35        15      1911


SUNRISE AND SUNSET
APRIL 30 2017.........SUNRISE   537 AM MDT   SUNSET   800 PM MDT
MAY  1 2017...........SUNRISE   536 AM MDT   SUNSET   802 PM MDT


-  INDICATES NEGATIVE NUMBERS.
R  INDICATES RECORD WAS SET OR TIED.
MM INDICATES DATA IS MISSING.
T  INDICATES TRACE AMOUNT.




$$
