000
CDUS43 KBIS 120730
CLIDIK


CLIMATE REPORT
NATIONAL WEATHER SERVICE BISMARCK ND
129 AM CST TUE DEC 12 2017


...................................

...THE DICKINSON ND CLIMATE SUMMARY FOR DECEMBER 11 2017...

CLIMATE NORMAL PERIOD 1981 TO 2010
CLIMATE RECORD PERIOD 1893 TO 2017


WEATHER ITEM   OBSERVED TIME   RECORD YEAR NORMAL DEPARTURE LAST
                VALUE   (LST)  VALUE       VALUE  FROM      YEAR
                                                  NORMAL
..................................................................
TEMPERATURE (F)
 YESTERDAY
  MAXIMUM         39    244 AM  59    1939  29     10        5
  MINIMUM         26   1159 PM -24    1937   8     18       -7
  AVERAGE         33                        18     15       -1

PRECIPITATION (IN)
  YESTERDAY        T             1.04 1893   0.00   0.00      T
  MONTH TO DATE    0.01                      0.08  -0.07     0.05
  SINCE DEC 1      0.01                      0.08  -0.07     0.05
  SINCE JAN 1     10.23                     15.61  -5.38    16.42

DEGREE DAYS
 HEATING
  YESTERDAY       32                        46    -14       66
  MONTH TO DATE  392                       493   -101      631
  SINCE DEC 1    392                       493   -101      631
  SINCE JUL 1   2345                      2570   -225     2298

 COOLING
  YESTERDAY        0                         0      0        0
  MONTH TO DATE    0                         0      0        0
  SINCE DEC 1      0                         0      0        0
  SINCE JAN 1    487                       419     68      315
..................................................................


WIND (MPH)
  HIGHEST WIND SPEED    37   HIGHEST WIND DIRECTION    NW (310)
  HIGHEST GUST SPEED    47   HIGHEST GUST DIRECTION    NW (310)
  AVERAGE WIND SPEED    16.9


SKY COVER
  POSSIBLE SUNSHINE  MM
  AVERAGE SKY COVER 0.9


WEATHER CONDITIONS
 THE FOLLOWING WEATHER WAS RECORDED YESTERDAY.
  NO SIGNIFICANT WEATHER WAS OBSERVED.


RELATIVE HUMIDITY (PERCENT)
 HIGHEST    92           500 PM
 LOWEST     59          1200 AM
 AVERAGE    76

..........................................................


THE DICKINSON ND CLIMATE NORMALS FOR TODAY
                         NORMAL    RECORD    YEAR
 MAXIMUM TEMPERATURE (F)   29        61      2014
 MINIMUM TEMPERATURE (F)    8       -24      1922


SUNRISE AND SUNSET
DECEMBER 12 2017......SUNRISE   727 AM MST   SUNSET   403 PM MST
DECEMBER 13 2017......SUNRISE   728 AM MST   SUNSET   403 PM MST


-  INDICATES NEGATIVE NUMBERS.
R  INDICATES RECORD WAS SET OR TIED.
MM INDICATES DATA IS MISSING.
T  INDICATES TRACE AMOUNT.




$$
