000
CDUS43 KBIS 310737
CLIDIK


CLIMATE REPORT
NATIONAL WEATHER SERVICE BISMARCK ND
137 AM CST SAT JAN 31 2015


...................................

...THE DICKINSON ND CLIMATE SUMMARY FOR JANUARY 30 2015...

CLIMATE NORMAL PERIOD 1981 TO 2010
CLIMATE RECORD PERIOD 1903 TO 2015


WEATHER ITEM   OBSERVED TIME   RECORD YEAR NORMAL DEPARTURE LAST
                VALUE   (LST)  VALUE       VALUE  FROM      YEAR
                                                  NORMAL
..................................................................
TEMPERATURE (F)
 YESTERDAY
  MAXIMUM         46    257 PM  54    1931  28     18       12
  MINIMUM         21   1025 PM -34    1918   7     14       -3
  AVERAGE         34                        17     17        5

PRECIPITATION (IN)
  YESTERDAY        0.00          0.05 1988   0.01  -0.01      T
                                      1988
                                      2011
  MONTH TO DATE    0.11                      0.29  -0.18     0.04
  SINCE DEC 1      0.18                      0.53  -0.35     0.40
  SINCE JAN 1      0.11                      0.29  -0.18     0.04

DEGREE DAYS
 HEATING
  YESTERDAY       31                        48    -17       60
  MONTH TO DATE 1282                      1461   -179     1420
  SINCE DEC 1   2526                      2921   -395     3131
  SINCE JUL 1   4732                      4998   -266     5075

 COOLING
  YESTERDAY        0                         0      0        0
  MONTH TO DATE    0                         0      0        0
  SINCE DEC 1      0                         0      0        0
  SINCE JAN 1      0                         0      0        0
..................................................................


WIND (MPH)
  HIGHEST WIND SPEED    17   HIGHEST WIND DIRECTION    NW (310)
  HIGHEST GUST SPEED    21   HIGHEST GUST DIRECTION     S (200)
  AVERAGE WIND SPEED    10.5


SKY COVER
  POSSIBLE SUNSHINE  MM
  AVERAGE SKY COVER 0.0


WEATHER CONDITIONS
 THE FOLLOWING WEATHER WAS RECORDED YESTERDAY.
  FOG


RELATIVE HUMIDITY (PERCENT)
 HIGHEST    88           900 PM
 LOWEST     42           300 PM
 AVERAGE    65

..........................................................


THE DICKINSON ND CLIMATE NORMALS FOR TODAY
                         NORMAL    RECORD    YEAR
 MAXIMUM TEMPERATURE (F)   28        60      1992
 MINIMUM TEMPERATURE (F)    7       -36      1917


SUNRISE AND SUNSET
JANUARY 31 2015.......SUNRISE   717 AM MST   SUNSET   453 PM MST
FEBRUARY  1 2015......SUNRISE   716 AM MST   SUNSET   454 PM MST


-  INDICATES NEGATIVE NUMBERS.
R  INDICATES RECORD WAS SET OR TIED.
MM INDICATES DATA IS MISSING.
T  INDICATES TRACE AMOUNT.




$$
