000
CDUS43 KBIS 100750
CLIDIK


CLIMATE REPORT
NATIONAL WEATHER SERVICE BISMARCK ND
150 AM CST SAT DEC 10 2016


...................................

...THE DICKINSON ND CLIMATE SUMMARY FOR DECEMBER 9 2016...

CLIMATE NORMAL PERIOD 1981 TO 2010
CLIMATE RECORD PERIOD 1893 TO 2016


WEATHER ITEM   OBSERVED TIME   RECORD YEAR NORMAL DEPARTURE LAST
                VALUE   (LST)  VALUE       VALUE  FROM      YEAR
                                                  NORMAL
..................................................................
TEMPERATURE (F)
 YESTERDAY
  MAXIMUM         -4    228 PM  62    2015  29    -33       62
  MINIMUM        -22    553 AM -33    1917   9    -31       35
                                      1923
  AVERAGE        -13                        19    -32       49

PRECIPITATION (IN)
  YESTERDAY        0.00          0.28 1929   0.01  -0.01     0.09
  MONTH TO DATE    0.04                      0.07  -0.03     0.11
  SINCE DEC 1      0.04                      0.07  -0.03     0.11
  SINCE JAN 1     16.41                     15.60   0.81    11.29

DEGREE DAYS
 HEATING
  YESTERDAY       78                        46     32       16
  MONTH TO DATE  493                       401     92      243
  SINCE DEC 1    493                       401     92      243
  SINCE JUL 1   2160                      2478   -318     1917

 COOLING
  YESTERDAY        0                         0      0        0
  MONTH TO DATE    0                         0      0        0
  SINCE DEC 1      0                         0      0        0
  SINCE JAN 1    315                       419   -104      467
..................................................................


WIND (MPH)
  HIGHEST WIND SPEED     8   HIGHEST WIND DIRECTION     S (160)
  HIGHEST GUST SPEED     9   HIGHEST GUST DIRECTION     S (160)
  AVERAGE WIND SPEED     3.0


SKY COVER
  POSSIBLE SUNSHINE  MM
  AVERAGE SKY COVER 0.3


WEATHER CONDITIONS
 THE FOLLOWING WEATHER WAS RECORDED YESTERDAY.
  FOG
  FOG W/VISIBILITY <= 1/4 MILE
  HAZE


RELATIVE HUMIDITY (PERCENT)
 HIGHEST    91           300 AM
 LOWEST     72          1200 AM
 AVERAGE    82

..........................................................


THE DICKINSON ND CLIMATE NORMALS FOR TODAY
                         NORMAL    RECORD    YEAR
 MAXIMUM TEMPERATURE (F)   29        57      1956
 MINIMUM TEMPERATURE (F)    9       -26      1937


SUNRISE AND SUNSET
DECEMBER 10 2016......SUNRISE   726 AM MST   SUNSET   403 PM MST
DECEMBER 11 2016......SUNRISE   727 AM MST   SUNSET   403 PM MST


-  INDICATES NEGATIVE NUMBERS.
R  INDICATES RECORD WAS SET OR TIED.
MM INDICATES DATA IS MISSING.
T  INDICATES TRACE AMOUNT.




$$
