000
CDUS43 KDLH 250655
CLIDLH


CLIMATE REPORT
NATIONAL WEATHER SERVICE DULUTH MN
1251 AM CST SUN JAN 25 2015


...................................

...THE DULUTH MN CLIMATE SUMMARY FOR JANUARY 24 2015...

CLIMATE NORMAL PERIOD 1981 TO 2010
CLIMATE RECORD PERIOD 1870 TO 2015


WEATHER ITEM   OBSERVED TIME   RECORD YEAR NORMAL DEPARTURE LAST
                VALUE   (LST)  VALUE       VALUE  FROM      YEAR
                                                  NORMAL
..................................................................
TEMPERATURE (F)
 YESTERDAY
  MAXIMUM         37   1229 AM  50    1892  19     18       26
  MINIMUM         21   1159 PM -37    1904   1     20       -3
  AVERAGE         29                        10     19       12

PRECIPITATION (IN)
  YESTERDAY        T             0.86 1972   0.03  -0.03     0.05
  MONTH TO DATE    0.31                      0.78  -0.47     0.64
  SINCE DEC 1      1.57                      1.99  -0.42     3.52
  SINCE JAN 1      0.31                      0.78  -0.47     0.64

SNOWFALL (IN)
  YESTERDAY        T            11.1  1972   0.6   -0.6      1.0
  MONTH TO DATE    4.8                      15.7  -10.9      7.6
  SINCE DEC 1     13.4                      33.4  -20.0     47.5
  SINCE JUL 1     29.9                      49.5  -19.6     52.5
  SNOW DEPTH       6

DEGREE DAYS
 HEATING
  YESTERDAY       36                        55    -19       53
  MONTH TO DATE 1296                      1317    -21     1480
  SINCE DEC 1   2637                      2873   -236     3346
  SINCE JUL 1   4852                      5086   -234     5303

 COOLING
  YESTERDAY        0                         0      0        0
  MONTH TO DATE    0                         0      0        0
  SINCE DEC 1      0                         0      0        0
  SINCE JAN 1      0                         0      0        0
..................................................................


WIND (MPH)
  HIGHEST WIND SPEED    24   HIGHEST WIND DIRECTION     E (90)
  HIGHEST GUST SPEED    31   HIGHEST GUST DIRECTION     E (90)
  AVERAGE WIND SPEED    11.8


SKY COVER
  AVERAGE SKY COVER 1.0


WEATHER CONDITIONS
 THE FOLLOWING WEATHER WAS RECORDED YESTERDAY.
  SNOW
  LIGHT SNOW
  FOG


RELATIVE HUMIDITY (PERCENT)
 HIGHEST    88           700 PM
 LOWEST     75           400 AM
 AVERAGE    82

..........................................................


THE DULUTH MN CLIMATE NORMALS FOR TODAY
                         NORMAL    RECORD    YEAR
 MAXIMUM TEMPERATURE (F)   19        47      1973
 MINIMUM TEMPERATURE (F)    1       -31      1904


SUNRISE AND SUNSET
JANUARY 25 2015.......SUNRISE   741 AM CST   SUNSET   501 PM CST
JANUARY 26 2015.......SUNRISE   740 AM CST   SUNSET   503 PM CST


-  INDICATES NEGATIVE NUMBERS.
R  INDICATES RECORD WAS SET OR TIED.
MM INDICATES DATA IS MISSING.
T  INDICATES TRACE AMOUNT.




$$
