000
CDUS43 KDLH 261336
CLIDLH


CLIMATE REPORT
NATIONAL WEATHER SERVICE DULUTH MN
832 AM CDT TUE SEP 26 2017


...................................

...THE DULUTH MN CLIMATE SUMMARY FOR SEPTEMBER 25 2017...

CLIMATE NORMAL PERIOD 1981 TO 2010
CLIMATE RECORD PERIOD 1870 TO 2017


WEATHER ITEM   OBSERVED TIME   RECORD YEAR NORMAL DEPARTURE LAST
                VALUE   (LST)  VALUE       VALUE  FROM      YEAR
                                                  NORMAL
..................................................................
TEMPERATURE (F)
 YESTERDAY
  MAXIMUM         65    111 AM  88    1920  61      4       69
  MINIMUM         52    954 AM  25    1926  42     10       50
  AVERAGE         59                        52      7       60

PRECIPITATION (IN)
  YESTERDAY        0.11          1.90 1886   0.13  -0.02     0.68
  MONTH TO DATE    2.80                      3.48  -0.68     3.25
  SINCE SEP 1      2.80                      3.48  -0.68     3.25
  SINCE JAN 1     30.49                     24.18   6.31    27.17

SNOWFALL (IN)
  YESTERDAY        0.0           T    1984   0.0    0.0      0.0
  MONTH TO DATE    T                         0.1   -0.1      0.0
  SINCE SEP 1      T                         0.1   -0.1      0.0
  SINCE JUL 1      T                         0.1   -0.1      0.0
  SNOW DEPTH       0

DEGREE DAYS
 HEATING
  YESTERDAY        6                        13     -7        5
  MONTH TO DATE  148                       223    -75      102
  SINCE SEP 1    148                       223    -75      102
  SINCE JUL 1    318                       372    -54      156

 COOLING
  YESTERDAY        0                         0      0        0
  MONTH TO DATE   26                        13     13       14
  SINCE SEP 1     26                        13     13       14
  SINCE JAN 1    126                       203    -77      281
..................................................................


WIND (MPH)
  HIGHEST WIND SPEED    15   HIGHEST WIND DIRECTION    NW (300)
  HIGHEST GUST SPEED    20   HIGHEST GUST DIRECTION     W (290)
  AVERAGE WIND SPEED     8.7


SKY COVER
  AVERAGE SKY COVER 1.0


WEATHER CONDITIONS
 THE FOLLOWING WEATHER WAS RECORDED YESTERDAY.
  LIGHT RAIN
  FOG


RELATIVE HUMIDITY (PERCENT)
 HIGHEST   100          1200 AM
 LOWEST     86          1100 AM
 AVERAGE    93

..........................................................


THE DULUTH MN CLIMATE NORMALS FOR TODAY
                         NORMAL    RECORD    YEAR
 MAXIMUM TEMPERATURE (F)   61        80      1923
 MINIMUM TEMPERATURE (F)   42        23      1965


SUNRISE AND SUNSET
SEPTEMBER 26 2017.....SUNRISE   701 AM CDT   SUNSET   658 PM CDT
SEPTEMBER 27 2017.....SUNRISE   703 AM CDT   SUNSET   656 PM CDT


-  INDICATES NEGATIVE NUMBERS.
R  INDICATES RECORD WAS SET OR TIED.
MM INDICATES DATA IS MISSING.
T  INDICATES TRACE AMOUNT.




$$
