000
CDUS43 KDLH 050619
CLIDLH


CLIMATE REPORT
NATIONAL WEATHER SERVICE DULUTH MN
119 AM CDT WED AUG 5 2015


...................................

...THE DULUTH MN CLIMATE SUMMARY FOR AUGUST 4 2015...

CLIMATE NORMAL PERIOD 1981 TO 2010
CLIMATE RECORD PERIOD 1870 TO 2015


WEATHER ITEM   OBSERVED TIME   RECORD YEAR NORMAL DEPARTURE LAST
                VALUE   (LST)  VALUE       VALUE  FROM      YEAR
                                                  NORMAL
..................................................................
TEMPERATURE (F)
 YESTERDAY
  MAXIMUM         74    515 PM  92    1989  76     -2       71
                                      1932
                                      1900
  MINIMUM         52   1230 AM  38    1972  56     -4       55
  AVERAGE         63                        66     -3       63

PRECIPITATION (IN)
  YESTERDAY        0.00          1.35 1988   0.11  -0.11     0.00
  MONTH TO DATE    0.02                      0.44  -0.42     0.01
  SINCE JUN 1      6.67                      8.52  -1.85     7.90
  SINCE JAN 1     13.06                     17.44  -4.38    20.33

SNOWFALL (IN)
  YESTERDAY        0.0           0.0  2002   0.0    0.0      0.0
                                      2001
  MONTH TO DATE    0.0                       0.0    0.0      0.0
  SINCE JUN 1      T                         0.0    0.0       T
  SINCE JUL 1      0.0                       0.0    0.0      0.0
  SNOW DEPTH       0

DEGREE DAYS
 HEATING
  YESTERDAY        2                         2      0        2
  MONTH TO DATE    5                         8     -3        2
  SINCE JUN 1    141                       250   -109      204
  SINCE JUL 1     20                        71    -51       42

 COOLING
  YESTERDAY        0                         3     -3        0
  MONTH TO DATE    6                        12     -6        9
  SINCE JUN 1    184                       132     52      123
  SINCE JAN 1    188                       136     52      141
..................................................................


WIND (MPH)
  HIGHEST WIND SPEED    17   HIGHEST WIND DIRECTION    NW (310)
  HIGHEST GUST SPEED    21   HIGHEST GUST DIRECTION     N (350)
  AVERAGE WIND SPEED     7.4


SKY COVER
  AVERAGE SKY COVER 0.4


WEATHER CONDITIONS
 THE FOLLOWING WEATHER WAS RECORDED YESTERDAY.
  NO SIGNIFICANT WEATHER WAS OBSERVED.


RELATIVE HUMIDITY (PERCENT)
 HIGHEST    89           100 AM
 LOWEST     41           400 PM
 AVERAGE    65

..........................................................


THE DULUTH MN CLIMATE NORMALS FOR TODAY
                         NORMAL    RECORD    YEAR
 MAXIMUM TEMPERATURE (F)   76        93      2001
 MINIMUM TEMPERATURE (F)   56        40      1992


SUNRISE AND SUNSET
AUGUST  5 2015........SUNRISE   553 AM CDT   SUNSET   835 PM CDT
AUGUST  6 2015........SUNRISE   554 AM CDT   SUNSET   833 PM CDT


-  INDICATES NEGATIVE NUMBERS.
R  INDICATES RECORD WAS SET OR TIED.
MM INDICATES DATA IS MISSING.
T  INDICATES TRACE AMOUNT.




$$
