000
CDUS43 KDLH 170623
CLIDLH


CLIMATE REPORT
NATIONAL WEATHER SERVICE DULUTH MN
1220 AM CST SAT FEB 17 2018


...................................

...THE DULUTH MN CLIMATE SUMMARY FOR FEBRUARY 16 2018...

CLIMATE NORMAL PERIOD 1981 TO 2010
CLIMATE RECORD PERIOD 1870 TO 2018


WEATHER ITEM   OBSERVED TIME   RECORD YEAR NORMAL DEPARTURE LAST
                VALUE   (LST)  VALUE       VALUE  FROM      YEAR
                                                  NORMAL
..................................................................
TEMPERATURE (F)
 YESTERDAY
  MAXIMUM         19    423 PM  52    2011  24     -5       32
  MINIMUM         -8    717 AM -30    1973   6    -14       20
  AVERAGE          6                        15     -9       26

PRECIPITATION (IN)
  YESTERDAY        0.00          0.24 1956   0.03  -0.03     0.00
  MONTH TO DATE    0.21                      0.39  -0.18     0.41
  SINCE DEC 1      1.67                      2.56  -0.89     3.64
  SINCE JAN 1      0.84                      1.35  -0.51     1.57

SNOWFALL (IN)
  YESTERDAY        0.0           5.2  1999   0.4   -0.4      0.0
  MONTH TO DATE    2.2                       6.5   -4.3      5.6
  SINCE DEC 1     24.7                      43.6  -18.9     42.4
  SINCE JUL 1     46.3                      59.7  -13.4     50.5
  SNOW DEPTH       9

DEGREE DAYS
 HEATING
  YESTERDAY       59                        50      9       39
  MONTH TO DATE  969                       831    138      768
  SINCE DEC 1   4318                      4086    232     3791
  SINCE JUL 1   6464                      6299    165     5273

 COOLING
  YESTERDAY        0                         0      0        0
  MONTH TO DATE    0                         0      0        0
  SINCE DEC 1      0                         0      0        0
  SINCE JAN 1      0                         0      0        0
..................................................................


WIND (MPH)
  HIGHEST WIND SPEED    22   HIGHEST WIND DIRECTION    SW (220)
  HIGHEST GUST SPEED    31   HIGHEST GUST DIRECTION    SW (220)
  AVERAGE WIND SPEED    15.3


SKY COVER
  AVERAGE SKY COVER 0.1


WEATHER CONDITIONS
 THE FOLLOWING WEATHER WAS RECORDED YESTERDAY.
  NO SIGNIFICANT WEATHER WAS OBSERVED.


RELATIVE HUMIDITY (PERCENT)
 HIGHEST    71           700 AM
 LOWEST     45          1200 AM
 AVERAGE    58

..........................................................


THE DULUTH MN CLIMATE NORMALS FOR TODAY
                         NORMAL    RECORD    YEAR
 MAXIMUM TEMPERATURE (F)   25        52      2017
                                             1981
 MINIMUM TEMPERATURE (F)    7       -29      1936


SUNRISE AND SUNSET
FEBRUARY 17 2018......SUNRISE   709 AM CST   SUNSET   537 PM CST
FEBRUARY 18 2018......SUNRISE   708 AM CST   SUNSET   538 PM CST


-  INDICATES NEGATIVE NUMBERS.
R  INDICATES RECORD WAS SET OR TIED.
MM INDICATES DATA IS MISSING.
T  INDICATES TRACE AMOUNT.




$$
