000
CDUS43 KDLH 250622
CLIDLH


CLIMATE REPORT
NATIONAL WEATHER SERVICE DULUTH MN
121 AM CDT THU AUG 25 2016


...................................

...THE DULUTH MN CLIMATE SUMMARY FOR AUGUST 24 2016...

CLIMATE NORMAL PERIOD 1981 TO 2010
CLIMATE RECORD PERIOD 1870 TO 2016


WEATHER ITEM   OBSERVED TIME   RECORD YEAR NORMAL DEPARTURE LAST
                VALUE   (LST)  VALUE       VALUE  FROM      YEAR
                                                  NORMAL
..................................................................
TEMPERATURE (F)
 YESTERDAY
  MAXIMUM         82    228 PM  94    1948  73      9       56
  MINIMUM         57   1159 PM  35    1977  53      4       47
  AVERAGE         70                        63      7       52

PRECIPITATION (IN)
  YESTERDAY        0.01          1.57 1950   0.13  -0.12     0.01
  MONTH TO DATE    2.92                      2.83   0.09     4.04
  SINCE JUN 1     11.77                     10.91   0.86    10.69
  SINCE JAN 1     21.88                     19.83   2.05    17.08

SNOWFALL (IN)
  YESTERDAY        0.0           0.0  2002   0.0    0.0      0.0
                                      2001
  MONTH TO DATE    0.0                       0.0    0.0      0.0
  SINCE JUN 1      T                         0.0    0.0       T
  SINCE JUL 1      0.0                       0.0    0.0      0.0
  SNOW DEPTH       0

DEGREE DAYS
 HEATING
  YESTERDAY        0                         3     -3       13
  MONTH TO DATE   16                        56    -40       60
  SINCE JUN 1    187                       298   -111      196
  SINCE JUL 1     45                       119    -74       75

 COOLING
  YESTERDAY        5                         2      3        0
  MONTH TO DATE  103                        58     45       76
  SINCE JUN 1    249                       178     71      254
  SINCE JAN 1    258                       182     76      258
..................................................................


WIND (MPH)
  HIGHEST WIND SPEED    24   HIGHEST WIND DIRECTION     W (270)
  HIGHEST GUST SPEED    28   HIGHEST GUST DIRECTION     W (270)
  AVERAGE WIND SPEED     8.8


SKY COVER
  AVERAGE SKY COVER 0.4


WEATHER CONDITIONS
 THE FOLLOWING WEATHER WAS RECORDED YESTERDAY.
  FOG


RELATIVE HUMIDITY (PERCENT)
 HIGHEST    93           600 AM
 LOWEST     37           200 PM
 AVERAGE    65

..........................................................


THE DULUTH MN CLIMATE NORMALS FOR TODAY
                         NORMAL    RECORD    YEAR
 MAXIMUM TEMPERATURE (F)   73        95      1888
 MINIMUM TEMPERATURE (F)   53        40      1950


SUNRISE AND SUNSET
AUGUST 25 2016........SUNRISE   620 AM CDT   SUNSET   800 PM CDT
AUGUST 26 2016........SUNRISE   621 AM CDT   SUNSET   758 PM CDT


-  INDICATES NEGATIVE NUMBERS.
R  INDICATES RECORD WAS SET OR TIED.
MM INDICATES DATA IS MISSING.
T  INDICATES TRACE AMOUNT.




$$
