602
CDUS45 KTFX 122330
CLIDLN


CLIMATE REPORT
NATIONAL WEATHER SERVICE GREAT FALLS MT
430 PM MST FRI FEB 12 2016


...................................

...THE DILLON AIRPORT MT CLIMATE SUMMARY FOR FEBRUARY 12 2016...
VALID TODAY AS OF 0400 PM LOCAL TIME.

CLIMATE NORMAL PERIOD 1981 TO 2010
CLIMATE RECORD PERIOD 1929 TO 2016


WEATHER ITEM   OBSERVED TIME   RECORD YEAR NORMAL DEPARTURE LAST
                VALUE   (LST)  VALUE       VALUE  FROM      YEAR
                                                  NORMAL
..................................................................
TEMPERATURE (F)
 TODAY
  MAXIMUM         52    327 PM  59    2015  36     16       59
  MINIMUM         35    823 AM -25    1949  14     21       37
  AVERAGE         44                        25     19       48

PRECIPITATION (IN)
  TODAY            0.00          0.25 1959   0.00   0.00     0.00
  MONTH TO DATE    0.00                      0.08  -0.08     0.13
  SINCE OCT 1      2.13                      1.76   0.37     1.29
  SINCE JAN 1      0.05                      0.36  -0.31     0.13

DEGREE DAYS
 HEATING
  TODAY           21                        40    -19       17
  MONTH TO DATE  435                       487    -52      293
  SINCE DEC 1   3101                      3167    -66     2557
  SINCE JUL 1   5024                      5318   -294     4531

 COOLING
  TODAY            0                         0      0        0
  MONTH TO DATE    0                         0      0        0
  SINCE DEC 1      0                         0      0        0
  SINCE JAN 1      0                         0      0        0
..................................................................


WIND (MPH)
  HIGHEST WIND SPEED    20   HIGHEST WIND DIRECTION    SW (240)
  HIGHEST GUST SPEED    22   HIGHEST GUST DIRECTION    SW (240)
  AVERAGE WIND SPEED    11.4


SKY COVER
  AVERAGE SKY COVER 0.4


WEATHER CONDITIONS
 THE FOLLOWING WEATHER WAS RECORDED TODAY.
  NO SIGNIFICANT WEATHER WAS OBSERVED.


RELATIVE HUMIDITY (PERCENT)
 HIGHEST    85
 LOWEST     50
 AVERAGE    68

..........................................................


THE DILLON AIRPORT MT CLIMATE NORMALS FOR TOMORROW
                         NORMAL    RECORD    YEAR
 MAXIMUM TEMPERATURE (F)   37        59      2015
 MINIMUM TEMPERATURE (F)   15       -30      1949


SUNRISE AND SUNSET
FEBRUARY 12 2016......SUNRISE   737 AM MST   SUNSET   553 PM MST
FEBRUARY 13 2016......SUNRISE   735 AM MST   SUNSET   554 PM MST


-  INDICATES NEGATIVE NUMBERS.
R  INDICATES RECORD WAS SET OR TIED.
MM INDICATES DATA IS MISSING.
T  INDICATES TRACE AMOUNT.




$$
