000
CDUS45 KTFX 270817
CLIDLN


CLIMATE REPORT
NATIONAL WEATHER SERVICE GREAT FALLS MT
216 AM MDT FRI MAR 27 2015


...................................

...THE DILLON AIRPORT MT CLIMATE SUMMARY FOR MARCH 26 2015...

CLIMATE NORMAL PERIOD 1981 TO 2010
CLIMATE RECORD PERIOD 1929 TO 2015


WEATHER ITEM   OBSERVED TIME   RECORD YEAR NORMAL DEPARTURE LAST
                VALUE   (LST)  VALUE       VALUE  FROM      YEAR
                                                  NORMAL
..................................................................
TEMPERATURE (F)
 YESTERDAY
  MAXIMUM         62    413 PM  67    1966  49     13       52
  MINIMUM         35    243 AM  -8    1955  25     10       31
  AVERAGE         49                        37     12       42

PRECIPITATION (IN)
  YESTERDAY        0.00          0.26 1989   0.02  -0.02     0.00
  MONTH TO DATE    0.14                      0.43  -0.29     0.23
  SINCE OCT 1      1.49                      2.35  -0.86     0.95
  SINCE JAN 1      0.33                      0.95  -0.62     0.46

SNOWFALL (IN)
  YESTERDAY       MM
  SNOW DEPTH       0

DEGREE DAYS
 HEATING
  YESTERDAY       16                              -12       23
  MONTH TO DATE  646                             -166      782
  SINCE MAR 1    646                             -166      782
  SINCE JUL 1   5758                             -971     6562

 COOLING
  YESTERDAY        0                                0        0
  MONTH TO DATE    0                                0        0
  SINCE MAR 1      0                                0        0
  SINCE JAN 1      0                                0        0
..................................................................


WIND (MPH)
  HIGHEST WIND SPEED    29   HIGHEST WIND DIRECTION     W (250)
  HIGHEST GUST SPEED    36   HIGHEST GUST DIRECTION     W (250)
  AVERAGE WIND SPEED    13.5


SKY COVER
  AVERAGE SKY COVER 0.5


WEATHER CONDITIONS
 THE FOLLOWING WEATHER WAS RECORDED YESTERDAY.
  NO SIGNIFICANT WEATHER WAS OBSERVED.


RELATIVE HUMIDITY (PERCENT)
 HIGHEST    64
 LOWEST     35
 AVERAGE    50

..........................................................


THE DILLON AIRPORT MT CLIMATE NORMALS FOR TODAY
                         NORMAL    RECORD    YEAR
 MAXIMUM TEMPERATURE (F)   49        69      1986
 MINIMUM TEMPERATURE (F)   25         0      1944


SUNRISE AND SUNSET
MARCH 27 2015.........SUNRISE   720 AM MDT   SUNSET   752 PM MDT
MARCH 28 2015.........SUNRISE   719 AM MDT   SUNSET   753 PM MDT


-  INDICATES NEGATIVE NUMBERS.
R  INDICATES RECORD WAS SET OR TIED.
MM INDICATES DATA IS MISSING.
T  INDICATES TRACE AMOUNT.




$$
