000
CDUS45 KTFX 271057
CLIDLN


CLIMATE REPORT
NATIONAL WEATHER SERVICE GREAT FALLS MT
455 AM MDT TUE SEP 27 2016


...................................

...THE DILLON AIRPORT MT CLIMATE SUMMARY FOR SEPTEMBER 26 2016...

CLIMATE NORMAL PERIOD 1981 TO 2010
CLIMATE RECORD PERIOD 1929 TO 2016


WEATHER ITEM   OBSERVED TIME   RECORD YEAR NORMAL DEPARTURE LAST
                VALUE   (LST)  VALUE       VALUE  FROM      YEAR
                                                  NORMAL
..................................................................
TEMPERATURE (F)
 YESTERDAY
  MAXIMUM         79    359 PM  87    1952  65     14       84
  MINIMUM         39    640 AM  21    1972  36      3       48
  AVERAGE         59                        51      8       66

PRECIPITATION (IN)
  YESTERDAY        0.00          0.43 1982   0.02  -0.02     0.00
  MONTH TO DATE    1.48                      0.76   0.72     1.25
  SINCE OCT 1      9.09                     10.46  -1.37     9.12
  SINCE JAN 1      7.01                      9.06  -2.05     7.96

SNOWFALL (IN)
  YESTERDAY       MM
  SNOW DEPTH       0

DEGREE DAYS
 HEATING
  YESTERDAY        6                               -8        0
  MONTH TO DATE  294                               43      170
  SINCE SEP 1    294                               43      170
  SINCE JUL 1    420                               33      276

 COOLING
  YESTERDAY        0                                0        1
  MONTH TO DATE    8                                1       19
  SINCE SEP 1      8                                1       19
  SINCE JAN 1    168                               13      258
..................................................................


WIND (MPH)
  HIGHEST WIND SPEED    16   HIGHEST WIND DIRECTION     S (200)
  HIGHEST GUST SPEED    19   HIGHEST GUST DIRECTION    SW (210)
  AVERAGE WIND SPEED     5.8


SKY COVER
  AVERAGE SKY COVER 0.0


WEATHER CONDITIONS
 THE FOLLOWING WEATHER WAS RECORDED YESTERDAY.
  NO SIGNIFICANT WEATHER WAS OBSERVED.


RELATIVE HUMIDITY (PERCENT)
 HIGHEST    86
 LOWEST     21
 AVERAGE    54

..........................................................


THE DILLON AIRPORT MT CLIMATE NORMALS FOR TODAY
                         NORMAL    RECORD    YEAR
 MAXIMUM TEMPERATURE (F)   65        84      1963
 MINIMUM TEMPERATURE (F)   36        22      1961


SUNRISE AND SUNSET
SEPTEMBER 27 2016.....SUNRISE   724 AM MDT   SUNSET   717 PM MDT
SEPTEMBER 28 2016.....SUNRISE   725 AM MDT   SUNSET   715 PM MDT


-  INDICATES NEGATIVE NUMBERS.
R  INDICATES RECORD WAS SET OR TIED.
MM INDICATES DATA IS MISSING.
T  INDICATES TRACE AMOUNT.




$$
