000
CDUS45 KTFX 260742
CLIDLN


CLIMATE REPORT
NATIONAL WEATHER SERVICE GREAT FALLS MT
1241 AM MST MON JAN 26 2015


...................................

...THE DILLON AIRPORT MT CLIMATE SUMMARY FOR JANUARY 25 2015...

CLIMATE NORMAL PERIOD 1981 TO 2010
CLIMATE RECORD PERIOD 1929 TO 2015


WEATHER ITEM   OBSERVED TIME   RECORD YEAR NORMAL DEPARTURE LAST
                VALUE   (LST)  VALUE       VALUE  FROM      YEAR
                                                  NORMAL
..................................................................
TEMPERATURE (F)
 YESTERDAY
  MAXIMUM         57R   128 PM  54    2014  33     24       54
  MINIMUM         36    933 AM -31    1957  14     22       21
  AVERAGE         47                        23     24       38

PRECIPITATION (IN)
  YESTERDAY        0.00          0.21 1973   0.01  -0.01     0.00
  MONTH TO DATE    T                         0.23  -0.23     0.02
  SINCE OCT 1      1.16                      1.63  -0.47     0.51
  SINCE JAN 1      T                         0.23  -0.23     0.02

SNOWFALL (IN)
  YESTERDAY       MM
  SNOW DEPTH       0

DEGREE DAYS
 HEATING
  YESTERDAY       18                              -24       27
  MONTH TO DATE  901                             -161      846
  SINCE DEC 1   2092                             -340     2247
  SINCE JUL 1   4066                             -517     4176

 COOLING
  YESTERDAY        0                                0        0
  MONTH TO DATE    0                                0        0
  SINCE DEC 1      0                                0        0
  SINCE JAN 1      0                                0        0
..................................................................


WIND (MPH)
  HIGHEST WIND SPEED    28   HIGHEST WIND DIRECTION    SW (240)
  HIGHEST GUST SPEED    35   HIGHEST GUST DIRECTION    SW (240)
  AVERAGE WIND SPEED    16.0



WEATHER CONDITIONS
 THE FOLLOWING WEATHER WAS RECORDED YESTERDAY.
  NO SIGNIFICANT WEATHER WAS OBSERVED.


RELATIVE HUMIDITY (PERCENT)
 HIGHEST    70
 LOWEST     30
 AVERAGE    50

..........................................................


THE DILLON AIRPORT MT CLIMATE NORMALS FOR TODAY
                         NORMAL    RECORD    YEAR
 MAXIMUM TEMPERATURE (F)   33        51      1987
 MINIMUM TEMPERATURE (F)   14       -33      1957


SUNRISE AND SUNSET
JANUARY 26 2015.......SUNRISE   757 AM MST   SUNSET   529 PM MST
JANUARY 27 2015.......SUNRISE   756 AM MST   SUNSET   530 PM MST


-  INDICATES NEGATIVE NUMBERS.
R  INDICATES RECORD WAS SET OR TIED.
MM INDICATES DATA IS MISSING.
T  INDICATES TRACE AMOUNT.




$$
