460
CDUS45 KTFX 292232
CLIDLN


CLIMATE REPORT
NATIONAL WEATHER SERVICE GREAT FALLS MT
430 PM MDT FRI JUL 29 2016


...................................

...THE DILLON AIRPORT MT CLIMATE SUMMARY FOR JULY 29 2016...
VALID TODAY AS OF 0400 PM LOCAL TIME.

CLIMATE NORMAL PERIOD 1981 TO 2010
CLIMATE RECORD PERIOD 1929 TO 2016


WEATHER ITEM   OBSERVED TIME   RECORD YEAR NORMAL DEPARTURE LAST
                VALUE   (LST)  VALUE       VALUE  FROM      YEAR
                                                  NORMAL
..................................................................
TEMPERATURE (F)
 TODAY
  MAXIMUM         86    255 PM  98    1972  84      2       80
  MINIMUM         48    546 AM  37    1959  50     -2       42
  AVERAGE         67                        67      0       61

PRECIPITATION (IN)
  TODAY            0.00          0.70 1973   0.03  -0.03     0.00
  MONTH TO DATE    0.89                      1.13  -0.24     1.31
  SINCE OCT 1      7.49                      8.57  -1.08     7.57
  SINCE JAN 1      5.41                      7.17  -1.76     6.41

DEGREE DAYS
 HEATING
  TODAY            0                         1     -1        4
  MONTH TO DATE   54                        52      2       49
  SINCE JUN 1    162                       275   -113      125
  SINCE JUL 1     54                        52      2       49

 COOLING
  TODAY            2                         3     -1        0
  MONTH TO DATE   66                        75     -9       62
  SINCE JUN 1    107                        91     16      137
  SINCE JAN 1    107                        92     15      137
..................................................................


WIND (MPH)
  HIGHEST WIND SPEED    12   HIGHEST WIND DIRECTION    NE (30)
  HIGHEST GUST SPEED    17   HIGHEST GUST DIRECTION     N (10)
  AVERAGE WIND SPEED     6.1


SKY COVER
  AVERAGE SKY COVER 0.0


WEATHER CONDITIONS
 THE FOLLOWING WEATHER WAS RECORDED TODAY.
  NO SIGNIFICANT WEATHER WAS OBSERVED.


RELATIVE HUMIDITY (PERCENT)
 HIGHEST    74
 LOWEST     22
 AVERAGE    48

..........................................................


THE DILLON AIRPORT MT CLIMATE NORMALS FOR TOMORROW
                         NORMAL    RECORD    YEAR
 MAXIMUM TEMPERATURE (F)   84        98      1988
 MINIMUM TEMPERATURE (F)   50        41      1977


SUNRISE AND SUNSET
JULY 29 2016..........SUNRISE   612 AM MDT   SUNSET   900 PM MDT
JULY 30 2016..........SUNRISE   613 AM MDT   SUNSET   859 PM MDT


-  INDICATES NEGATIVE NUMBERS.
R  INDICATES RECORD WAS SET OR TIED.
MM INDICATES DATA IS MISSING.
T  INDICATES TRACE AMOUNT.




$$
