000
CDUS45 KTFX 200956
CLIDLN


CLIMATE REPORT
NATIONAL WEATHER SERVICE GREAT FALLS MT
355 AM MDT SAT SEP 20 2014


...................................

...THE DILLON AIRPORT MT CLIMATE SUMMARY FOR SEPTEMBER 19 2014...

CLIMATE NORMAL PERIOD 1981 TO 2010
CLIMATE RECORD PERIOD 1929 TO 2014


WEATHER ITEM   OBSERVED TIME   RECORD YEAR NORMAL DEPARTURE LAST
                VALUE   (LST)  VALUE       VALUE  FROM      YEAR
                                                  NORMAL
..................................................................
TEMPERATURE (F)
 YESTERDAY
  MAXIMUM         76    448 PM  88    1956  68      8       62
  MINIMUM         46    443 AM  16    1983  39      7       33
  AVERAGE         61                        54      7       48

PRECIPITATION (IN)
  YESTERDAY        0.00          0.45 1955   0.03  -0.03     0.00
  MONTH TO DATE    0.11                      0.57  -0.46     1.39
  SINCE OCT 1      9.47                     10.27  -0.80     9.41
  SINCE JAN 1      8.98                      8.87   0.11     8.39

SNOWFALL (IN)
  YESTERDAY       MM
  SNOW DEPTH       0

DEGREE DAYS
 HEATING
  YESTERDAY        4                               -8       17
  MONTH TO DATE  180                               21       67
  SINCE SEP 1    180                               21       67
  SINCE JUL 1    272                              -23       73

 COOLING
  YESTERDAY        0                                0        0
  MONTH TO DATE    1                               -6       19
  SINCE SEP 1      1                               -6       19
  SINCE JAN 1    165                               10      247
..................................................................


WIND (MPH)
  HIGHEST WIND SPEED    23   HIGHEST WIND DIRECTION     W (250)
  HIGHEST GUST SPEED    27   HIGHEST GUST DIRECTION     W (250)
  AVERAGE WIND SPEED    11.7



WEATHER CONDITIONS
 THE FOLLOWING WEATHER WAS RECORDED YESTERDAY.
  NO SIGNIFICANT WEATHER WAS OBSERVED.


RELATIVE HUMIDITY (PERCENT)
 HIGHEST    77
 LOWEST     25
 AVERAGE    51

..........................................................


THE DILLON AIRPORT MT CLIMATE NORMALS FOR TODAY
                         NORMAL    RECORD    YEAR
 MAXIMUM TEMPERATURE (F)   68        86      1946
 MINIMUM TEMPERATURE (F)   38        10      1983


SUNRISE AND SUNSET
SEPTEMBER 20 2014.....SUNRISE   715 AM MDT   SUNSET   731 PM MDT
SEPTEMBER 21 2014.....SUNRISE   716 AM MDT   SUNSET   729 PM MDT


-  INDICATES NEGATIVE NUMBERS.
R  INDICATES RECORD WAS SET OR TIED.
MM INDICATES DATA IS MISSING.
T  INDICATES TRACE AMOUNT.




$$
