662
CDUS41 KLWX 222124
CLIDMH


CLIMATE REPORT
NATIONAL WEATHER SERVICE BALTIMORE MD/WASHINGTON DC
424 PM EST SUN JAN 22 2017


...................................

...THE BALTIMORE INNER HARBOR MD CLIMATE SUMMARY FOR JANUARY 22 2017...
VALID TODAY AS OF 0400 PM LOCAL TIME.

CLIMATE NORMAL PERIOD 1981 TO 2010
CLIMATE RECORD PERIOD 9999 TO 9999


WEATHER ITEM   OBSERVED TIME   RECORD YEAR NORMAL DEPARTURE LAST
                VALUE   (LST)  VALUE       VALUE  FROM      YEAR
                                                  NORMAL
..................................................................
TEMPERATURE (F)
 TODAY
  MAXIMUM         53    329 PM  MM      MM  42     11       28
  MINIMUM         46    640 AM  MM      MM  29     17       22
  AVERAGE         50                        36     14       25

PRECIPITATION (IN)
  TODAY            0.04         MM      MM   0.09  -0.05     0.32
  MONTH TO DATE    2.04                      2.04   0.00     1.66
  SINCE DEC 1      4.38                      5.45  -1.07     7.90
  SINCE JAN 1      2.04                      2.04   0.00     1.66

DEGREE DAYS
 HEATING
  TODAY           15                        29    -14       40
  MONTH TO DATE  531                       638   -107      660
  SINCE DEC 1   1255                      1430   -175     1079
  SINCE JUL 1   1764                      2081   -317     1607

 COOLING
  TODAY            0                         0      0        0
  MONTH TO DATE    0                         0      0        0
  SINCE DEC 1      0                         0      0        3
  SINCE JAN 1      0                         0      0        0
..................................................................


WIND (MPH)
  HIGHEST WIND SPEED    MM   HIGHEST WIND DIRECTION    MM
  HIGHEST GUST SPEED    MM   HIGHEST GUST DIRECTION    MM
  AVERAGE WIND SPEED    MM


SKY COVER
  POSSIBLE SUNSHINE  MM



RELATIVE HUMIDITY (PERCENT)
 HIGHEST    93          1200 AM
 LOWEST     77           100 PM
 AVERAGE    85

..........................................................


THE BALTIMORE INNER HARBOR MD CLIMATE NORMALS FOR TOMORROW
                         NORMAL    RECORD    YEAR
 MAXIMUM TEMPERATURE (F)   43        MM        MM
 MINIMUM TEMPERATURE (F)   29        MM        MM


SUNRISE AND SUNSET
JANUARY 22 2017.......SUNRISE   721 AM EST   SUNSET   516 PM EST
JANUARY 23 2017.......SUNRISE   720 AM EST   SUNSET   517 PM EST


-  INDICATES NEGATIVE NUMBERS.
R  INDICATES RECORD WAS SET OR TIED.
MM INDICATES DATA IS MISSING.
T  INDICATES TRACE AMOUNT.




$$
