000
CDUS41 KLWX 280519
CLIDMH


CLIMATE REPORT
NATIONAL WEATHER SERVICE BALTIMORE MD/WASHINGTON DC
119 AM EDT THU AUG 28 2014


...................................

...THE BALTIMORE INNER HARBOR MD CLIMATE SUMMARY FOR AUGUST 27 2014...

CLIMATE NORMAL PERIOD 1981 TO 2010
CLIMATE RECORD PERIOD 9999 TO 9999


WEATHER ITEM   OBSERVED TIME   RECORD YEAR NORMAL DEPARTURE LAST
                VALUE   (LST)  VALUE       VALUE  FROM      YEAR
                                                  NORMAL
..................................................................
TEMPERATURE (F)
 YESTERDAY
  MAXIMUM         90    418 PM  MM      MM  86      4       93
  MINIMUM         70    603 AM  MM      MM  70      0       75
  AVERAGE         80                        78      2       84

PRECIPITATION (IN)
  YESTERDAY        0.00         MM      MM   0.11  -0.11     0.02
  MONTH TO DATE    6.32                      2.95   3.37     1.64
  SINCE JUN 1     16.53                     10.84   5.69    13.79
  SINCE JAN 1     39.58                     26.93  12.65    27.95

DEGREE DAYS
 HEATING
  YESTERDAY        0                         0      0        0
  MONTH TO DATE    0                         0      0        0
  SINCE JUN 1      0                         5     -5        0
  SINCE JUL 1      0                         0      0        0

 COOLING
  YESTERDAY       15                        13      2       19
  MONTH TO DATE  289                       383    -94      372
  SINCE JUN 1   1039                      1208   -169     1371
  SINCE JAN 1   1169                      1347   -178     1601
..................................................................


WIND (MPH)
  HIGHEST WIND SPEED    MM   HIGHEST WIND DIRECTION    MM
  HIGHEST GUST SPEED    MM   HIGHEST GUST DIRECTION    MM
  AVERAGE WIND SPEED    MM


SKY COVER
  POSSIBLE SUNSHINE  MM



RELATIVE HUMIDITY (PERCENT)
 HIGHEST    84           500 AM
 LOWEST     40           100 PM
 AVERAGE    62

..........................................................


THE BALTIMORE INNER HARBOR MD CLIMATE NORMALS FOR TODAY
                         NORMAL
 MAXIMUM TEMPERATURE (F)   86
 MINIMUM TEMPERATURE (F)   70


SUNRISE AND SUNSET
AUGUST 28 2014........SUNRISE   631 AM EDT   SUNSET   743 PM EDT
AUGUST 29 2014........SUNRISE   632 AM EDT   SUNSET   742 PM EDT


-  INDICATES NEGATIVE NUMBERS.
R  INDICATES RECORD WAS SET OR TIED.
MM INDICATES DATA IS MISSING.
T  INDICATES TRACE AMOUNT.




$$
