313
CDUS41 KLWX 270524
CLIDMH


CLIMATE REPORT
NATIONAL WEATHER SERVICE BALTIMORE MD/WASHINGTON DC
123 AM EDT MON MAR 27 2017


...................................

...THE BALTIMORE INNER HARBOR MD CLIMATE SUMMARY FOR MARCH 26 2017...

CLIMATE NORMAL PERIOD 1981 TO 2010
CLIMATE RECORD PERIOD 9999 TO 9999


WEATHER ITEM   OBSERVED TIME   RECORD YEAR NORMAL DEPARTURE LAST
                VALUE   (LST)  VALUE       VALUE  FROM      YEAR
                                                  NORMAL
..................................................................
TEMPERATURE (F)
 YESTERDAY
  MAXIMUM         52   1217 AM  MM      MM  58     -6       56
  MINIMUM         45   1159 PM  MM      MM  42      3       40
  AVERAGE         49                        50     -1       48

PRECIPITATION (IN)
  YESTERDAY        0.01         MM      MM   0.16  -0.15     0.00
  MONTH TO DATE    1.90                      3.13  -1.23     1.81
  SINCE MAR 1      1.90                      3.13  -1.23     1.81
  SINCE JAN 1      5.79                      8.65  -2.86    10.41

DEGREE DAYS
 HEATING
  YESTERDAY       16                        15      1       17
  MONTH TO DATE  532                       505     27      336
  SINCE MAR 1    532                       505     27      336
  SINCE JUL 1   2986                      3593   -607     2952

 COOLING
  YESTERDAY        0                         0      0        0
  MONTH TO DATE    4                         0      4        6
  SINCE MAR 1      4                         0      4        6
  SINCE JAN 1      4                         0      4        6
..................................................................


WIND (MPH)
  HIGHEST WIND SPEED    MM   HIGHEST WIND DIRECTION    MM
  HIGHEST GUST SPEED    MM   HIGHEST GUST DIRECTION    MM
  AVERAGE WIND SPEED    MM


SKY COVER
  POSSIBLE SUNSHINE  MM



RELATIVE HUMIDITY (PERCENT)
 HIGHEST    93           600 PM
 LOWEST     66           100 AM
 AVERAGE    80

..........................................................


THE BALTIMORE INNER HARBOR MD CLIMATE NORMALS FOR TODAY
                         NORMAL
 MAXIMUM TEMPERATURE (F)   58
 MINIMUM TEMPERATURE (F)   42


SUNRISE AND SUNSET
MARCH 27 2017.........SUNRISE   658 AM EDT   SUNSET   726 PM EDT
MARCH 28 2017.........SUNRISE   657 AM EDT   SUNSET   727 PM EDT


-  INDICATES NEGATIVE NUMBERS.
R  INDICATES RECORD WAS SET OR TIED.
MM INDICATES DATA IS MISSING.
T  INDICATES TRACE AMOUNT.




$$
