000
CDUS41 KLWX 240524
CLIDMH


CLIMATE REPORT
NATIONAL WEATHER SERVICE BALTIMORE MD/WASHINGTON DC
124 AM EDT TUE MAY 24 2016


...................................

...THE BALTIMORE INNER HARBOR MD CLIMATE SUMMARY FOR MAY 23 2016...

CLIMATE NORMAL PERIOD 1981 TO 2010
CLIMATE RECORD PERIOD 9999 TO 9999


WEATHER ITEM   OBSERVED TIME   RECORD YEAR NORMAL DEPARTURE LAST
                VALUE   (LST)  VALUE       VALUE  FROM      YEAR
                                                  NORMAL
..................................................................
TEMPERATURE (F)
 YESTERDAY
  MAXIMUM         74   1249 PM  MM      MM  77     -3       70
  MINIMUM         57    106 AM  MM      MM  59     -2       53
  AVERAGE         66                        68     -2       62

PRECIPITATION (IN)
  YESTERDAY        0.39         MM      MM   0.14   0.25     0.00
  MONTH TO DATE    3.65                      2.47   1.18     3.13
  SINCE MAR 1      7.42                      9.55  -2.13    10.52
  SINCE JAN 1     16.02                     15.07   0.95    16.34

DEGREE DAYS
 HEATING
  YESTERDAY        0                         2     -2        3
  MONTH TO DATE  133                        72     61       29
  SINCE MAR 1    805                       929   -124      863
  SINCE JUL 1   3421                      4017   -596     4377

 COOLING
  YESTERDAY        1                         5     -4        0
  MONTH TO DATE    6                        68    -62      139
  SINCE MAR 1     41                        93    -52      148
  SINCE JAN 1     41                        93    -52      148
..................................................................


WIND (MPH)
  HIGHEST WIND SPEED    MM   HIGHEST WIND DIRECTION    MM
  HIGHEST GUST SPEED    MM   HIGHEST GUST DIRECTION    MM
  AVERAGE WIND SPEED    MM


SKY COVER
  POSSIBLE SUNSHINE  MM



RELATIVE HUMIDITY (PERCENT)
 HIGHEST    93          1200 AM
 LOWEST     41           100 PM
 AVERAGE    67

..........................................................


THE BALTIMORE INNER HARBOR MD CLIMATE NORMALS FOR TODAY
                         NORMAL
 MAXIMUM TEMPERATURE (F)   78
 MINIMUM TEMPERATURE (F)   60


SUNRISE AND SUNSET
MAY 24 2016...........SUNRISE   546 AM EDT   SUNSET   821 PM EDT
MAY 25 2016...........SUNRISE   545 AM EDT   SUNSET   822 PM EDT


-  INDICATES NEGATIVE NUMBERS.
R  INDICATES RECORD WAS SET OR TIED.
MM INDICATES DATA IS MISSING.
T  INDICATES TRACE AMOUNT.




$$
