000
CDUS41 KLWX 030526
CLIDMH


CLIMATE REPORT
NATIONAL WEATHER SERVICE BALTIMORE MD/WASHINGTON DC
125 AM EDT THU SEP 3 2015


...................................

...THE BALTIMORE INNER HARBOR MD CLIMATE SUMMARY FOR SEPTEMBER 2 2015...

CLIMATE NORMAL PERIOD 1981 TO 2010
CLIMATE RECORD PERIOD 9999 TO 9999


WEATHER ITEM   OBSERVED TIME   RECORD YEAR NORMAL DEPARTURE LAST
                VALUE   (LST)  VALUE       VALUE  FROM      YEAR
                                                  NORMAL
..................................................................
TEMPERATURE (F)
 YESTERDAY
  MAXIMUM         93    237 PM  MM      MM  85      8       94
  MINIMUM         76   1157 PM  MM      MM  69      7       74
  AVERAGE         85                        77      8       84

PRECIPITATION (IN)
  YESTERDAY        0.00         MM      MM   0.13  -0.13     0.71
  MONTH TO DATE    0.00                      0.25  -0.25     0.71
  SINCE SEP 1      0.00                      0.25  -0.25     0.71
  SINCE JAN 1     28.50                     27.62   0.88    40.32

DEGREE DAYS
 HEATING
  YESTERDAY        0                         0      0        0
  MONTH TO DATE    0                         0      0        0
  SINCE SEP 1      0                         0      0        0
  SINCE JUL 1      0                         0      0        0

 COOLING
  YESTERDAY       20                        12      8       19
  MONTH TO DATE   38                        24     14       37
  SINCE SEP 1     38                        24     14       37
  SINCE JAN 1   1527                      1420    107     1255
..................................................................


WIND (MPH)
  HIGHEST WIND SPEED    MM   HIGHEST WIND DIRECTION    MM
  HIGHEST GUST SPEED    MM   HIGHEST GUST DIRECTION    MM
  AVERAGE WIND SPEED    MM


SKY COVER
  POSSIBLE SUNSHINE  MM



RELATIVE HUMIDITY (PERCENT)
 HIGHEST    74           400 AM
 LOWEST     38           200 PM
 AVERAGE    56

..........................................................


THE BALTIMORE INNER HARBOR MD CLIMATE NORMALS FOR TODAY
                         NORMAL
 MAXIMUM TEMPERATURE (F)   85
 MINIMUM TEMPERATURE (F)   68


SUNRISE AND SUNSET
SEPTEMBER  3 2015.....SUNRISE   637 AM EDT   SUNSET   734 PM EDT
SEPTEMBER  4 2015.....SUNRISE   637 AM EDT   SUNSET   733 PM EDT


-  INDICATES NEGATIVE NUMBERS.
R  INDICATES RECORD WAS SET OR TIED.
MM INDICATES DATA IS MISSING.
T  INDICATES TRACE AMOUNT.




$$
