000
CDUS41 KLWX 180522
CLIDMH


CLIMATE REPORT
NATIONAL WEATHER SERVICE BALTIMORE MD/WASHINGTON DC
122 AM EDT WED OCT 18 2017


...................................

...THE BALTIMORE INNER HARBOR MD CLIMATE SUMMARY FOR OCTOBER 17 2017...

CLIMATE NORMAL PERIOD 1981 TO 2010
CLIMATE RECORD PERIOD 1999 TO 2017


WEATHER ITEM   OBSERVED TIME   RECORD YEAR NORMAL DEPARTURE LAST
                VALUE   (LST)  VALUE       VALUE  FROM      YEAR
                                                  NORMAL
..................................................................
TEMPERATURE (F)
 YESTERDAY
  MAXIMUM         64    147 PM  MM      MM  68     -4       84
  MINIMUM         48    742 AM  MM      MM  51     -3       60
  AVERAGE         56                        60     -4       72

PRECIPITATION (IN)
  YESTERDAY        0.00         MM      MM   0.10  -0.10     0.00
  MONTH TO DATE    1.49                      1.81  -0.32     0.47
  SINCE SEP 1      3.35                      5.90  -2.55     5.73
  SINCE JAN 1     31.43                     33.27  -1.84    35.60

DEGREE DAYS
 HEATING
  YESTERDAY        9                         6      3        0
  MONTH TO DATE   16                        75    -59       42
  SINCE SEP 1     22                        93    -71       46
  SINCE JUL 1     22                        93    -71       46

 COOLING
  YESTERDAY        0                         1     -1        7
  MONTH TO DATE   98                        32     66       19
  SINCE SEP 1    356                       261     95      329
  SINCE JAN 1   1870                      1657    213     1882
..................................................................


WIND (MPH)
  HIGHEST WIND SPEED    MM   HIGHEST WIND DIRECTION    MM
  HIGHEST GUST SPEED    MM   HIGHEST GUST DIRECTION    MM
  AVERAGE WIND SPEED    MM


SKY COVER
  POSSIBLE SUNSHINE  MM



RELATIVE HUMIDITY (PERCENT)
 HIGHEST    68          1100 PM
 LOWEST     30           400 PM
 AVERAGE    49

..........................................................


THE BALTIMORE INNER HARBOR MD CLIMATE NORMALS FOR TODAY
                         NORMAL
 MAXIMUM TEMPERATURE (F)   68
 MINIMUM TEMPERATURE (F)   51


SUNRISE AND SUNSET
OCTOBER 18 2017.......SUNRISE   720 AM EDT   SUNSET   623 PM EDT
OCTOBER 19 2017.......SUNRISE   721 AM EDT   SUNSET   622 PM EDT


-  INDICATES NEGATIVE NUMBERS.
R  INDICATES RECORD WAS SET OR TIED.
MM INDICATES DATA IS MISSING.
T  INDICATES TRACE AMOUNT.




$$
