000
CDUS41 KLWX 200520
CLIDMH


CLIMATE REPORT
NATIONAL WEATHER SERVICE BALTIMORE MD/WASHINGTON DC
119 AM EDT SUN APR 20 2014


...................................

...THE BALTIMORE INNER HARBOR MD CLIMATE SUMMARY FOR APRIL 19 2014...

CLIMATE NORMAL PERIOD 1981 TO 2010
CLIMATE RECORD PERIOD 9999 TO 9999


WEATHER ITEM   OBSERVED TIME   RECORD YEAR NORMAL DEPARTURE LAST
                VALUE   (LST)  VALUE       VALUE  FROM      YEAR
                                                  NORMAL
..................................................................
TEMPERATURE (F)
 YESTERDAY
  MAXIMUM         69        MM  MM      MM  67      2       79
  MINIMUM         46        MM  MM      MM  49     -3       56
  AVERAGE         58                        58      0       68

PRECIPITATION (IN)
  YESTERDAY        0.00         MM      MM   0.10  -0.10     0.76
  MONTH TO DATE    2.80                      2.11   0.69     1.63
  SINCE MAR 1      7.00                      5.97   1.03     3.90
  SINCE JAN 1     13.33                     11.49   1.84     9.75

DEGREE DAYS
 HEATING
  YESTERDAY        7                         8     -1        0
  MONTH TO DATE  194                       206    -12      121
  SINCE MAR 1    928                       785    143      717
  SINCE JUL 1   3998                      3873    125     3268

 COOLING
  YESTERDAY        0                         1     -1        3
  MONTH TO DATE   14                        12      2       51
  SINCE MAR 1     14                        13      1       51
  SINCE JAN 1     14                        13      1       51
..................................................................


WIND (MPH)
  HIGHEST WIND SPEED    MM   HIGHEST WIND DIRECTION    MM
  HIGHEST GUST SPEED    MM   HIGHEST GUST DIRECTION    MM
  AVERAGE WIND SPEED    MM


SKY COVER
  POSSIBLE SUNSHINE  MM



RELATIVE HUMIDITY (PERCENT)
 HIGHEST    71           600 AM
 LOWEST     20           600 PM
 AVERAGE    46

..........................................................


THE BALTIMORE INNER HARBOR MD CLIMATE NORMALS FOR TODAY
                         NORMAL
 MAXIMUM TEMPERATURE (F)   67
 MINIMUM TEMPERATURE (F)   49


SUNRISE AND SUNSET
APRIL 20 2014.........SUNRISE   622 AM EDT   SUNSET   749 PM EDT
APRIL 21 2014.........SUNRISE   621 AM EDT   SUNSET   750 PM EDT


-  INDICATES NEGATIVE NUMBERS.
R  INDICATES RECORD WAS SET OR TIED.
MM INDICATES DATA IS MISSING.
T  INDICATES TRACE AMOUNT.




$$
