000
CDUS41 KLWX 232123
CLIDMH


CLIMATE REPORT
NATIONAL WEATHER SERVICE BALTIMORE MD/WASHINGTON DC
522 PM EDT SAT JUL 23 2016


...................................

...THE BALTIMORE INNER HARBOR MD CLIMATE SUMMARY FOR JULY 23 2016...
VALID TODAY AS OF 0500 PM LOCAL TIME.

CLIMATE NORMAL PERIOD 1981 TO 2010
CLIMATE RECORD PERIOD 9999 TO 9999


WEATHER ITEM   OBSERVED TIME   RECORD YEAR NORMAL DEPARTURE LAST
                VALUE   (LST)  VALUE       VALUE  FROM      YEAR
                                                  NORMAL
..................................................................
TEMPERATURE (F)
 TODAY
  MAXIMUM         99    246 PM  MM      MM  89     10       84
  MINIMUM         82    532 AM  MM      MM  73      9       71
  AVERAGE         91                        81     10       78

PRECIPITATION (IN)
  TODAY            0.00         MM      MM   0.15  -0.15     0.00
  MONTH TO DATE    1.08                      3.49  -2.41     1.34
  SINCE JUN 1      4.56                      6.76  -2.20     8.98
  SINCE JAN 1     20.74                     22.85  -2.11    25.32

DEGREE DAYS
 HEATING
  TODAY            0                         0      0        0
  MONTH TO DATE    0                         0      0        0
  SINCE JUN 1      0                         5     -5       10
  SINCE JUL 1      0                         0      0        0

 COOLING
  TODAY           26                        16     10       13
  MONTH TO DATE  398                       365     33      333
  SINCE JUN 1    722                       702     20      687
  SINCE JAN 1    859                       841     18      933
..................................................................


WIND (MPH)
  HIGHEST WIND SPEED    MM   HIGHEST WIND DIRECTION    MM
  HIGHEST GUST SPEED    MM   HIGHEST GUST DIRECTION    MM
  AVERAGE WIND SPEED    MM


SKY COVER
  POSSIBLE SUNSHINE  MM



RELATIVE HUMIDITY (PERCENT)
 HIGHEST    69           200 AM
 LOWEST     39           400 PM
 AVERAGE    54

..........................................................


THE BALTIMORE INNER HARBOR MD CLIMATE NORMALS FOR TOMORROW
                         NORMAL    RECORD    YEAR
 MAXIMUM TEMPERATURE (F)   89        MM        MM
 MINIMUM TEMPERATURE (F)   73        MM        MM


SUNRISE AND SUNSET
JULY 23 2016..........SUNRISE   559 AM EDT   SUNSET   826 PM EDT
JULY 24 2016..........SUNRISE   600 AM EDT   SUNSET   825 PM EDT


-  INDICATES NEGATIVE NUMBERS.
R  INDICATES RECORD WAS SET OR TIED.
MM INDICATES DATA IS MISSING.
T  INDICATES TRACE AMOUNT.




$$
