000
CDUS41 KLWX 040522
CLIDMH


CLIMATE REPORT
NATIONAL WEATHER SERVICE BALTIMORE MD/WASHINGTON DC
1222 AM EST SUN DEC 4 2016


...................................

...THE BALTIMORE INNER HARBOR MD CLIMATE SUMMARY FOR DECEMBER 3 2016...

CLIMATE NORMAL PERIOD 1981 TO 2010
CLIMATE RECORD PERIOD 9999 TO 9999


WEATHER ITEM   OBSERVED TIME   RECORD YEAR NORMAL DEPARTURE LAST
                VALUE   (LST)  VALUE       VALUE  FROM      YEAR
                                                  NORMAL
..................................................................
TEMPERATURE (F)
 YESTERDAY
  MAXIMUM         50    210 PM  MM      MM  50      0       54
  MINIMUM         42    752 AM  MM      MM  37      5       40
  AVERAGE         46                        44      2       47

PRECIPITATION (IN)
  YESTERDAY        0.00         MM      MM   0.12  -0.12     0.00
  MONTH TO DATE    0.03                      0.34  -0.31     0.93
  SINCE DEC 1      0.03                      0.34  -0.31     0.93
  SINCE JAN 1     37.26                     37.82  -0.56    37.92

DEGREE DAYS
 HEATING
  YESTERDAY       19                        22     -3       18
  MONTH TO DATE   48                        64    -16       46
  SINCE DEC 1     48                        64    -16       46
  SINCE JUL 1    557                       715   -158      574

 COOLING
  YESTERDAY        0                         0      0        0
  MONTH TO DATE    0                         0      0        0
  SINCE DEC 1      0                         0      0        0
  SINCE JAN 1   1923                      1665    258     1799
..................................................................


WIND (MPH)
  HIGHEST WIND SPEED    MM   HIGHEST WIND DIRECTION    MM
  HIGHEST GUST SPEED    MM   HIGHEST GUST DIRECTION    MM
  AVERAGE WIND SPEED    MM


SKY COVER
  POSSIBLE SUNSHINE  MM



RELATIVE HUMIDITY (PERCENT)
 HIGHEST    57           600 AM
 LOWEST     42          1200 PM
 AVERAGE    50

..........................................................


THE BALTIMORE INNER HARBOR MD CLIMATE NORMALS FOR TODAY
                         NORMAL
 MAXIMUM TEMPERATURE (F)   50
 MINIMUM TEMPERATURE (F)   36


SUNRISE AND SUNSET
DECEMBER  4 2016......SUNRISE   710 AM EST   SUNSET   443 PM EST
DECEMBER  5 2016......SUNRISE   711 AM EST   SUNSET   443 PM EST


-  INDICATES NEGATIVE NUMBERS.
R  INDICATES RECORD WAS SET OR TIED.
MM INDICATES DATA IS MISSING.
T  INDICATES TRACE AMOUNT.




$$
