000
CDUS41 KLWX 050524
CLIDMH


CLIMATE REPORT
NATIONAL WEATHER SERVICE BALTIMORE MD/WASHINGTON DC
122 AM EDT THU MAY 5 2016


...................................

...THE BALTIMORE INNER HARBOR MD CLIMATE SUMMARY FOR MAY 4 2016...

CLIMATE NORMAL PERIOD 1981 TO 2010
CLIMATE RECORD PERIOD 9999 TO 9999


WEATHER ITEM   OBSERVED TIME   RECORD YEAR NORMAL DEPARTURE LAST
                VALUE   (LST)  VALUE       VALUE  FROM      YEAR
                                                  NORMAL
..................................................................
TEMPERATURE (F)
 YESTERDAY
  MAXIMUM         57    426 PM  MM      MM  72    -15       86
  MINIMUM         51   1159 PM  MM      MM  53     -2       58
  AVERAGE         54                        62     -8       72

PRECIPITATION (IN)
  YESTERDAY        0.06         MM      MM   0.10  -0.04     0.00
  MONTH TO DATE    0.56                      0.42   0.14     0.00
  SINCE MAR 1      4.33                      7.50  -3.17     7.39
  SINCE JAN 1     12.93                     13.02  -0.09    13.21

DEGREE DAYS
 HEATING
  YESTERDAY       11                         4      7        0
  MONTH TO DATE   30                        18     12       12
  SINCE MAR 1    702                       875   -173      846
  SINCE JUL 1   3318                      3963   -645     4360

 COOLING
  YESTERDAY        0                         2     -2        7
  MONTH TO DATE    0                         7     -7       12
  SINCE MAR 1     35                        32      3       21
  SINCE JAN 1     35                        32      3       21
..................................................................


WIND (MPH)
  HIGHEST WIND SPEED    MM   HIGHEST WIND DIRECTION    MM
  HIGHEST GUST SPEED    MM   HIGHEST GUST DIRECTION    MM
  AVERAGE WIND SPEED    MM


SKY COVER
  POSSIBLE SUNSHINE  MM



RELATIVE HUMIDITY (PERCENT)
 HIGHEST    93          1200 AM
 LOWEST     83           700 AM
 AVERAGE    88

..........................................................


THE BALTIMORE INNER HARBOR MD CLIMATE NORMALS FOR TODAY
                         NORMAL
 MAXIMUM TEMPERATURE (F)   72
 MINIMUM TEMPERATURE (F)   53


SUNRISE AND SUNSET
MAY  5 2016...........SUNRISE   603 AM EDT   SUNSET   804 PM EDT
MAY  6 2016...........SUNRISE   602 AM EDT   SUNSET   805 PM EDT


-  INDICATES NEGATIVE NUMBERS.
R  INDICATES RECORD WAS SET OR TIED.
MM INDICATES DATA IS MISSING.
T  INDICATES TRACE AMOUNT.




$$
