000
CDUS45 KEPZ 032327
CLIDMN


CLIMATE REPORT
NATIONAL WEATHER SERVICE EL PASO, TX
526 PM MDT MON AUG 3 2015


...................................

...THE DEMING CLIMATE SUMMARY FOR AUGUST 3 2015...
VALID TODAY AS OF 500 PM LOCAL TIME.

CLIMATE NORMAL PERIOD 1981 TO 2010
CLIMATE RECORD PERIOD 2000 TO 2015


WEATHER ITEM   OBSERVED TIME   NORMAL DEPARTURE LAST
                VALUE   (LST)  VALUE  FROM      YEAR
                                      NORMAL
......................................................
TEMPERATURE (F)
 TODAY
  MAXIMUM         96    248 PM  92      4       82
  MINIMUM         67    603 AM  66      1       65

PRECIPITATION (IN)
  TODAY            T             0.11  -0.11     0.06
  MONTH TO DATE    0.06          0.33  -0.27     0.11
  SINCE JUN 1      4.23          3.22   1.01     2.11
  SINCE JAN 1      6.86          5.63   1.23     2.68

......................................................


WIND (MPH)
  HIGHEST WIND SPEED    13   HIGHEST WIND DIRECTION     W (250)
  HIGHEST GUST SPEED    16   HIGHEST GUST DIRECTION     W (250)


SKY COVER
  AVERAGE SKY COVER 0.1


WEATHER CONDITIONS
 THE FOLLOWING WEATHER WAS RECORDED TODAY.
  LIGHT RAIN


RELATIVE HUMIDITY (PERCENT)
 HIGHEST    87           600 AM
 LOWEST     20           300 PM
 AVERAGE    54

..........................................................


THE DEMING CLIMATE NORMALS FOR TOMORROW
                         NORMAL
 MAXIMUM TEMPERATURE (F)   92
 MINIMUM TEMPERATURE (F)   66


SUNRISE AND SUNSET
AUGUST  3 2015........SUNRISE   627 AM MDT   SUNSET   807 PM MDT
AUGUST  4 2015........SUNRISE   628 AM MDT   SUNSET   806 PM MDT


-  INDICATES NEGATIVE NUMBERS.
R  INDICATES RECORD WAS SET OR TIED.
MM INDICATES DATA IS MISSING.
T  INDICATES TRACE AMOUNT.




$$
