000
CDUS45 KEPZ 240928
CLIDMN


CLIMATE REPORT
NATIONAL WEATHER SERVICE EL PASO, TX
327 AM MDT THU JUL 24 2014


...................................

...THE DEMING CLIMATE SUMMARY FOR JULY 23 2014...

CLIMATE NORMAL PERIOD 1981 TO 2010
CLIMATE RECORD PERIOD 2000 TO 2014


WEATHER ITEM   OBSERVED TIME   NORMAL DEPARTURE LAST
                VALUE   (LST)  VALUE  FROM      YEAR
                                      NORMAL
......................................................
TEMPERATURE (F)
 YESTERDAY
  MAXIMUM         94    514 PM  94              95
  MINIMUM         67    540 AM  67              68
  AVERAGE         81            80      1       82

PRECIPITATION (IN)
  YESTERDAY        T             0.08  -0.08     0.10
  MONTH TO DATE    1.39          1.58  -0.19     1.28
  SINCE JUN 1      1.42          2.28  -0.86     1.28
  SINCE JAN 1      1.99          4.69  -2.70     1.79

......................................................


WIND (MPH)
  HIGHEST WIND SPEED    22   HIGHEST WIND DIRECTION    SE (130)
  HIGHEST GUST SPEED    29   HIGHEST GUST DIRECTION    SE (140)
  AVERAGE WIND SPEED     8.2


SKY COVER
  AVERAGE SKY COVER 0.2


WEATHER CONDITIONS
 THE FOLLOWING WEATHER WAS RECORDED YESTERDAY.
  LIGHT RAIN


RELATIVE HUMIDITY (PERCENT)
 HIGHEST    90           300 AM
 LOWEST     21           500 PM
 AVERAGE    56

..........................................................


THE DEMING CLIMATE NORMALS FOR TODAY
                         NORMAL
 MAXIMUM TEMPERATURE (F)   94
 MINIMUM TEMPERATURE (F)   67


SUNRISE AND SUNSET
JULY 24 2014..........SUNRISE   620 AM MDT   SUNSET   814 PM MDT
JULY 25 2014..........SUNRISE   621 AM MDT   SUNSET   813 PM MDT


-  INDICATES NEGATIVE NUMBERS.
R  INDICATES RECORD WAS SET OR TIED.
MM INDICATES DATA IS MISSING.
T  INDICATES TRACE AMOUNT.




$$
