678
CDUS45 KEPZ 270928
CLIDMN


CLIMATE REPORT
NATIONAL WEATHER SERVICE EL PASO, TX
327 AM MDT FRI MAY 27 2016


...................................

...THE DEMING CLIMATE SUMMARY FOR MAY 26 2016...

CLIMATE NORMAL PERIOD 1981 TO 2010
CLIMATE RECORD PERIOD 2000 TO 2016


WEATHER ITEM   OBSERVED TIME   NORMAL DEPARTURE LAST
                VALUE   (LST)  VALUE  FROM      YEAR
                                      NORMAL
......................................................
TEMPERATURE (F)
 YESTERDAY
  MAXIMUM         80    206 PM  90              87
  MINIMUM         51    525 AM  54              45
  AVERAGE         66            72     -6       66

PRECIPITATION (IN)
  YESTERDAY        0.00          0.01  -0.01     0.00
  MONTH TO DATE    0.10          0.41  -0.31     0.19
  SINCE MAR 1      0.48          1.19  -0.71     1.16
  SINCE JAN 1      1.02          2.39  -1.37     2.63

......................................................


WIND (MPH)
  HIGHEST WIND SPEED    26   HIGHEST WIND DIRECTION     W (270)
  HIGHEST GUST SPEED    35   HIGHEST GUST DIRECTION     W (280)
  AVERAGE WIND SPEED    13.2


SKY COVER
  AVERAGE SKY COVER 0.0


WEATHER CONDITIONS
 THE FOLLOWING WEATHER WAS RECORDED YESTERDAY.
  NO SIGNIFICANT WEATHER WAS OBSERVED.


RELATIVE HUMIDITY (PERCENT)
 HIGHEST    32           500 AM
 LOWEST      9           100 PM
 AVERAGE    21

..........................................................


THE DEMING CLIMATE NORMALS FOR TODAY
                         NORMAL
 MAXIMUM TEMPERATURE (F)   90
 MINIMUM TEMPERATURE (F)   54


SUNRISE AND SUNSET
MAY 27 2016...........SUNRISE   606 AM MDT   SUNSET   810 PM MDT
MAY 28 2016...........SUNRISE   606 AM MDT   SUNSET   811 PM MDT


-  INDICATES NEGATIVE NUMBERS.
R  INDICATES RECORD WAS SET OR TIED.
MM INDICATES DATA IS MISSING.
T  INDICATES TRACE AMOUNT.




$$
