000
CDUS43 KEAX 290035
CLIDMO


CLIMATE REPORT
NATIONAL WEATHER SERVICE KANSAS CITY/PLEASANT HILL MO
735 PM CDT FRI APR 28 2017


...................................

...THE SEDALIA MO CLIMATE SUMMARY FOR APRIL 28 2017...
VALID TODAY AS OF 0700 PM LOCAL TIME.

CLIMATE NORMAL PERIOD 1981 TO 2010
CLIMATE RECORD PERIOD 9999 TO 9999


WEATHER ITEM   OBSERVED TIME   NORMAL DEPARTURE LAST
                VALUE   (LST)  VALUE  FROM      YEAR
                                      NORMAL
......................................................
TEMPERATURE (F)
 TODAY
  MAXIMUM         63    412 PM  71     -8       66
  MINIMUM         52    436 AM  50      2       49
  AVERAGE         58            60     -2       58

PRECIPITATION (IN)
  TODAY            0.36          0.19   0.17     0.00
  MONTH TO DATE    4.02          3.85   0.17     1.47
  SINCE MAR 1      7.32          6.46   0.86     3.16
  SINCE JAN 1      8.74         10.06  -1.32     4.31

DEGREE DAYS
 HEATING
  TODAY            7             6      1        7
  MONTH TO DATE  174           269    -95      187
  SINCE MAR 1    628           854   -226      574
  SINCE JUL 1   3511          4471   -960     3562

 COOLING
  TODAY            0             1     -1        0
  MONTH TO DATE   42            27     15       19
  SINCE MAR 1     50            30     20       23
  SINCE JAN 1     50            30     20       23
......................................................


WIND (MPH)
  HIGHEST WIND SPEED    23   HIGHEST WIND DIRECTION    SE (130)
  HIGHEST GUST SPEED    29   HIGHEST GUST DIRECTION    SE (130)
  AVERAGE WIND SPEED     9.1


SKY COVER
  AVERAGE SKY COVER 0.9


WEATHER CONDITIONS
 THE FOLLOWING WEATHER WAS RECORDED TODAY.
  RAIN
  LIGHT RAIN
  FOG


RELATIVE HUMIDITY (PERCENT)
 HIGHEST   100           700 AM
 LOWEST     77           200 AM
 AVERAGE    89

..........................................................


THE SEDALIA MO CLIMATE NORMALS FOR TOMORROW
                         NORMAL
 MAXIMUM TEMPERATURE (F)   71
 MINIMUM TEMPERATURE (F)   50


SUNRISE AND SUNSET
APRIL 28 2017.........SUNRISE   618 AM CDT   SUNSET   802 PM CDT
APRIL 29 2017.........SUNRISE   617 AM CDT   SUNSET   803 PM CDT


-  INDICATES NEGATIVE NUMBERS.
R  INDICATES RECORD WAS SET OR TIED.
MM INDICATES DATA IS MISSING.
T  INDICATES TRACE AMOUNT.




$$
