000
CDUS43 KEAX 260641
CLIDMO


CLIMATE REPORT
NATIONAL WEATHER SERVICE KANSAS CITY/PLEASANT HILL MO
140 AM CDT THU MAY 26 2016


...................................

...THE SEDALIA MO CLIMATE SUMMARY FOR MAY 25 2016...

CLIMATE NORMAL PERIOD 1981 TO 2010
CLIMATE RECORD PERIOD 9999 TO 9999


WEATHER ITEM   OBSERVED TIME   NORMAL DEPARTURE LAST
                VALUE   (LST)  VALUE  FROM      YEAR
                                      NORMAL
......................................................
TEMPERATURE (F)
 YESTERDAY
  MAXIMUM         84    446 PM  79      5       83
  MINIMUM         62    215 AM  58      4       62
  AVERAGE         73            68      5       73

PRECIPITATION (IN)
  YESTERDAY        0.00          0.13  -0.13     0.19
  MONTH TO DATE    2.27          3.82  -1.55     6.00
  SINCE MAR 1      5.87         10.68  -4.81    10.95
  SINCE JAN 1      7.02         14.28  -7.26    13.03

DEGREE DAYS
 HEATING
  YESTERDAY        0             1     -1        0
  MONTH TO DATE  110            77     33       61
  SINCE MAR 1    692           942   -250      788
  SINCE JUL 1   3680          4559   -879     4636

 COOLING
  YESTERDAY        8             5      3        8
  MONTH TO DATE   44            71    -27       83
  SINCE MAR 1     68           105    -37      100
  SINCE JAN 1     68           105    -37      100
......................................................


WIND (MPH)
  HIGHEST WIND SPEED    18   HIGHEST WIND DIRECTION    SE (150)
  HIGHEST GUST SPEED    32   HIGHEST GUST DIRECTION     W (260)
  AVERAGE WIND SPEED     9.6


SKY COVER
  AVERAGE SKY COVER 0.2


WEATHER CONDITIONS
 THE FOLLOWING WEATHER WAS RECORDED YESTERDAY.
  NO SIGNIFICANT WEATHER WAS OBSERVED.


RELATIVE HUMIDITY (PERCENT)
 HIGHEST    93           100 AM
 LOWEST     47           200 PM
 AVERAGE    70

..........................................................


THE SEDALIA MO CLIMATE NORMALS FOR TODAY
                         NORMAL
 MAXIMUM TEMPERATURE (F)   79
 MINIMUM TEMPERATURE (F)   59


SUNRISE AND SUNSET
MAY 26 2016...........SUNRISE   552 AM CDT   SUNSET   827 PM CDT
MAY 27 2016...........SUNRISE   552 AM CDT   SUNSET   828 PM CDT


-  INDICATES NEGATIVE NUMBERS.
R  INDICATES RECORD WAS SET OR TIED.
MM INDICATES DATA IS MISSING.
T  INDICATES TRACE AMOUNT.




$$
