000
CDUS43 KEAX 180643
CLIDMO


CLIMATE REPORT
NATIONAL WEATHER SERVICE KANSAS CITY/PLEASANT HILL MO
142 AM CDT FRI APR 18 2014


...................................

...THE SEDALIA MO CLIMATE SUMMARY FOR APRIL 17 2014...

CLIMATE NORMAL PERIOD 1981 TO 2010
CLIMATE RECORD PERIOD 9999 TO 9999


WEATHER ITEM   OBSERVED TIME   NORMAL DEPARTURE LAST
                VALUE   (LST)  VALUE  FROM      YEAR
                                      NORMAL
......................................................
TEMPERATURE (F)
 YESTERDAY
  MAXIMUM         51   1226 AM  68    -17       83
  MINIMUM         39   1159 PM  47     -8       47
  AVERAGE         45            57    -12       65

PRECIPITATION (IN)
  YESTERDAY        0.02          0.16  -0.14     0.30
  MONTH TO DATE    5.42          2.02   3.40     3.57
  SINCE MAR 1      6.35          4.63   1.72     5.97
  SINCE JAN 1      7.13          8.23  -1.10    11.24

DEGREE DAYS
 HEATING
  YESTERDAY       20             9     11        0
  MONTH TO DATE  224           190     34      208
  SINCE MAR 1    918           775    143     1011
  SINCE JUL 1   5137          4392    745     4449

 COOLING
  YESTERDAY        0             1     -1        0
  MONTH TO DATE    6            16    -10       12
  SINCE MAR 1      6            19    -13       12
  SINCE JAN 1      6            19    -13       13
......................................................


WIND (MPH)
  HIGHEST WIND SPEED    16   HIGHEST WIND DIRECTION    NW (330)
  HIGHEST GUST SPEED    19   HIGHEST GUST DIRECTION     N (350)
  AVERAGE WIND SPEED     6.7


SKY COVER
  AVERAGE SKY COVER 0.5


WEATHER CONDITIONS
 THE FOLLOWING WEATHER WAS RECORDED YESTERDAY.
  LIGHT RAIN
  FOG


RELATIVE HUMIDITY (PERCENT)
 HIGHEST    93          1100 PM
 LOWEST     44          1200 AM
 AVERAGE    69

..........................................................


THE SEDALIA MO CLIMATE NORMALS FOR TODAY
                         NORMAL
 MAXIMUM TEMPERATURE (F)   68
 MINIMUM TEMPERATURE (F)   47


SUNRISE AND SUNSET
APRIL 18 2014.........SUNRISE   632 AM CDT   SUNSET   752 PM CDT
APRIL 19 2014.........SUNRISE   630 AM CDT   SUNSET   753 PM CDT


-  INDICATES NEGATIVE NUMBERS.
R  INDICATES RECORD WAS SET OR TIED.
MM INDICATES DATA IS MISSING.
T  INDICATES TRACE AMOUNT.




$$
