000
CDUS43 KEAX 200633
CLIDMO


CLIMATE REPORT
NATIONAL WEATHER SERVICE KANSAS CITY/PLEASANT HILL MO
132 AM CDT FRI OCT 20 2017


...................................

...THE SEDALIA MO CLIMATE SUMMARY FOR OCTOBER 19 2017...

CLIMATE NORMAL PERIOD 1981 TO 2010
CLIMATE RECORD PERIOD 9999 TO 9999


WEATHER ITEM   OBSERVED TIME   NORMAL DEPARTURE LAST
                VALUE   (LST)  VALUE  FROM      YEAR
                                      NORMAL
......................................................
TEMPERATURE (F)
 YESTERDAY
  MAXIMUM         80    321 PM  68     12       68
  MINIMUM         55   1135 PM  47      8       56
  AVERAGE         68            57     11       62

PRECIPITATION (IN)
  YESTERDAY        0.00          0.13  -0.13     0.00
  MONTH TO DATE    2.98          2.42   0.56     1.78
  SINCE SEP 1      4.00          6.53  -2.53     6.25
  SINCE JAN 1     33.20         34.47  -1.27    30.61

DEGREE DAYS
 HEATING
  YESTERDAY        0             8     -8        3
  MONTH TO DATE   55           121    -66       58
  SINCE SEP 1     59           165   -106       64
  SINCE JUL 1     64           166   -102       64

 COOLING
  YESTERDAY        3             1      2        0
  MONTH TO DATE   77            29     48       64
  SINCE SEP 1    310           194    116      322
  SINCE JAN 1   1484          1479      5     1735
......................................................


WIND (MPH)
  HIGHEST WIND SPEED    18   HIGHEST WIND DIRECTION    SW (220)
  HIGHEST GUST SPEED    23   HIGHEST GUST DIRECTION    SW (220)
  AVERAGE WIND SPEED    10.0


SKY COVER
  AVERAGE SKY COVER 0.0


WEATHER CONDITIONS
 THE FOLLOWING WEATHER WAS RECORDED YESTERDAY.
  NO SIGNIFICANT WEATHER WAS OBSERVED.


RELATIVE HUMIDITY (PERCENT)
 HIGHEST    86          1000 PM
 LOWEST     36           300 PM
 AVERAGE    61

..........................................................


THE SEDALIA MO CLIMATE NORMALS FOR TODAY
                         NORMAL
 MAXIMUM TEMPERATURE (F)   67
 MINIMUM TEMPERATURE (F)   47


SUNRISE AND SUNSET
OCTOBER 20 2017.......SUNRISE   727 AM CDT   SUNSET   627 PM CDT
OCTOBER 21 2017.......SUNRISE   728 AM CDT   SUNSET   625 PM CDT


-  INDICATES NEGATIVE NUMBERS.
R  INDICATES RECORD WAS SET OR TIED.
MM INDICATES DATA IS MISSING.
T  INDICATES TRACE AMOUNT.




$$
