077
CDUS43 KEAX 170637
CLIDMO


CLIMATE REPORT
NATIONAL WEATHER SERVICE KANSAS CITY/PLEASANT HILL MO
136 AM CDT THU AUG 17 2017


...................................

...THE SEDALIA MO CLIMATE SUMMARY FOR AUGUST 16 2017...

CLIMATE NORMAL PERIOD 1981 TO 2010
CLIMATE RECORD PERIOD 9999 TO 9999


WEATHER ITEM   OBSERVED TIME   NORMAL DEPARTURE LAST
                VALUE   (LST)  VALUE  FROM      YEAR
                                      NORMAL
......................................................
TEMPERATURE (F)
 YESTERDAY
  MAXIMUM         85   1106 AM  90     -5       87
  MINIMUM         69   1108 PM  67      2       66
  AVERAGE         77            78     -1       77

PRECIPITATION (IN)
  YESTERDAY        0.71          0.11   0.60     0.00
  MONTH TO DATE    1.05          1.44  -0.39     1.22
  SINCE JUN 1      9.43         10.74  -1.31    13.97
  SINCE JAN 1     25.62         25.89  -0.27    23.23

DEGREE DAYS
 HEATING
  YESTERDAY        0             0      0        0
  MONTH TO DATE    5             0      5        0
  SINCE JUN 1      5             6     -1        0
  SINCE JUL 1      5             0      5        0

 COOLING
  YESTERDAY       12            14     -2       12
  MONTH TO DATE  137           224    -87      232
  SINCE JUN 1    877           965    -88     1111
  SINCE JAN 1   1040          1104    -64     1233
......................................................


WIND (MPH)
  HIGHEST WIND SPEED    18   HIGHEST WIND DIRECTION     S (180)
  HIGHEST GUST SPEED    30   HIGHEST GUST DIRECTION     S (200)
  AVERAGE WIND SPEED     8.5


SKY COVER
  AVERAGE SKY COVER 0.2


WEATHER CONDITIONS
 THE FOLLOWING WEATHER WAS RECORDED YESTERDAY.
  THUNDERSTORM
  HEAVY RAIN
  RAIN
  LIGHT RAIN
  FOG


RELATIVE HUMIDITY (PERCENT)
 HIGHEST   100           100 AM
 LOWEST     82          1100 AM
 AVERAGE    91

..........................................................


THE SEDALIA MO CLIMATE NORMALS FOR TODAY
                         NORMAL
 MAXIMUM TEMPERATURE (F)   90
 MINIMUM TEMPERATURE (F)   67


SUNRISE AND SUNSET
AUGUST 17 2017........SUNRISE   628 AM CDT   SUNSET   804 PM CDT
AUGUST 18 2017........SUNRISE   629 AM CDT   SUNSET   802 PM CDT


-  INDICATES NEGATIVE NUMBERS.
R  INDICATES RECORD WAS SET OR TIED.
MM INDICATES DATA IS MISSING.
T  INDICATES TRACE AMOUNT.




$$
