000
CDUS43 KEAX 240636
CLIDMO


CLIMATE REPORT
NATIONAL WEATHER SERVICE KANSAS CITY/PLEASANT HILL MO
135 AM CDT THU APR 24 2014


...................................

...THE SEDALIA MO CLIMATE SUMMARY FOR APRIL 23 2014...

CLIMATE NORMAL PERIOD 1981 TO 2010
CLIMATE RECORD PERIOD 9999 TO 9999


WEATHER ITEM   OBSERVED TIME   NORMAL DEPARTURE LAST
                VALUE   (LST)  VALUE  FROM      YEAR
                                      NORMAL
......................................................
TEMPERATURE (F)
 YESTERDAY
  MAXIMUM         73    459 PM  70      3       58
  MINIMUM         47    317 AM  49     -2       37
  AVERAGE         60            59      1       48

PRECIPITATION (IN)
  YESTERDAY        T             0.17  -0.17     0.67
  MONTH TO DATE    5.45          2.94   2.51     5.37
  SINCE MAR 1      6.38          5.55   0.83     7.77
  SINCE JAN 1      7.16          9.15  -1.99    13.04

DEGREE DAYS
 HEATING
  YESTERDAY        5             7     -2       17
  MONTH TO DATE  247           237     10      292
  SINCE MAR 1    941           822    119     1095
  SINCE JUL 1   5160          4439    721     4533

 COOLING
  YESTERDAY        0             1     -1        0
  MONTH TO DATE   10            22    -12       12
  SINCE MAR 1     10            25    -15       12
  SINCE JAN 1     10            25    -15       13
......................................................


WIND (MPH)
  HIGHEST WIND SPEED    25   HIGHEST WIND DIRECTION     S (170)
  HIGHEST GUST SPEED    31   HIGHEST GUST DIRECTION     S (170)
  AVERAGE WIND SPEED    13.1


SKY COVER
  AVERAGE SKY COVER 0.3


WEATHER CONDITIONS
 THE FOLLOWING WEATHER WAS RECORDED YESTERDAY.
  LIGHT RAIN


RELATIVE HUMIDITY (PERCENT)
 HIGHEST    66           400 AM
 LOWEST     31           300 PM
 AVERAGE    49

..........................................................


THE SEDALIA MO CLIMATE NORMALS FOR TODAY
                         NORMAL
 MAXIMUM TEMPERATURE (F)   70
 MINIMUM TEMPERATURE (F)   49


SUNRISE AND SUNSET
APRIL 24 2014.........SUNRISE   624 AM CDT   SUNSET   758 PM CDT
APRIL 25 2014.........SUNRISE   622 AM CDT   SUNSET   759 PM CDT


-  INDICATES NEGATIVE NUMBERS.
R  INDICATES RECORD WAS SET OR TIED.
MM INDICATES DATA IS MISSING.
T  INDICATES TRACE AMOUNT.




$$
