000
CDUS43 KEAX 010634
CLIDMO


CLIMATE REPORT
NATIONAL WEATHER SERVICE KANSAS CITY/PLEASANT HILL MO
134 AM CDT MON SEP 1 2014


...................................

...THE SEDALIA MO CLIMATE SUMMARY FOR AUGUST 31 2014...

CLIMATE NORMAL PERIOD 1981 TO 2010
CLIMATE RECORD PERIOD 9999 TO 9999


WEATHER ITEM   OBSERVED TIME   NORMAL DEPARTURE LAST
                VALUE   (LST)  VALUE  FROM      YEAR
                                      NORMAL
......................................................
TEMPERATURE (F)
 YESTERDAY
  MAXIMUM         95    422 PM  86      9       98
  MINIMUM         68   1159 PM  64      4       77
  AVERAGE         82            75      7       88

PRECIPITATION (IN)
  YESTERDAY        0.15          0.14   0.01     0.00
  MONTH TO DATE    3.51          3.49   0.02     2.90
  SINCE JUN 1     10.20         12.79  -2.59     6.91
  SINCE JAN 1     21.57         27.94  -6.37    29.91

DEGREE DAYS
 HEATING
  YESTERDAY        0             0      0        0
  MONTH TO DATE    0             0      0        0
  SINCE JUN 1      0             7     -7        9
  SINCE JUL 1      0             1     -1        0

 COOLING
  YESTERDAY       17            10      7       23
  MONTH TO DATE  415           405     10      383
  SINCE JUN 1   1022          1146   -124     1067
  SINCE JAN 1   1217          1285    -68     1215
......................................................


WIND (MPH)
  HIGHEST WIND SPEED    25   HIGHEST WIND DIRECTION    NW (320)
  HIGHEST GUST SPEED    34   HIGHEST GUST DIRECTION    NW (300)
  AVERAGE WIND SPEED    11.4


SKY COVER
  AVERAGE SKY COVER 0.0


WEATHER CONDITIONS
 THE FOLLOWING WEATHER WAS RECORDED YESTERDAY.
  THUNDERSTORM
  HEAVY RAIN
  RAIN
  LIGHT RAIN
  FOG


RELATIVE HUMIDITY (PERCENT)
 HIGHEST    90           200 AM
 LOWEST     31           400 PM
 AVERAGE    61

..........................................................


THE SEDALIA MO CLIMATE NORMALS FOR TODAY
                         NORMAL
 MAXIMUM TEMPERATURE (F)   86
 MINIMUM TEMPERATURE (F)   64


SUNRISE AND SUNSET
SEPTEMBER  1 2014.....SUNRISE   642 AM CDT   SUNSET   742 PM CDT
SEPTEMBER  2 2014.....SUNRISE   642 AM CDT   SUNSET   741 PM CDT


-  INDICATES NEGATIVE NUMBERS.
R  INDICATES RECORD WAS SET OR TIED.
MM INDICATES DATA IS MISSING.
T  INDICATES TRACE AMOUNT.




$$
