000
CDUS43 KEAX 310031
CLIDMO


CLIMATE REPORT
NATIONAL WEATHER SERVICE KANSAS CITY/PLEASANT HILL MO
631 PM CST FRI JAN 30 2015


...................................

...THE SEDALIA MO CLIMATE SUMMARY FOR JANUARY 30 2015...
VALID TODAY AS OF 0600 PM LOCAL TIME.

CLIMATE NORMAL PERIOD 1981 TO 2010
CLIMATE RECORD PERIOD 9999 TO 9999


WEATHER ITEM   OBSERVED TIME   NORMAL DEPARTURE LAST
                VALUE   (LST)  VALUE  FROM      YEAR
                                      NORMAL
......................................................
TEMPERATURE (F)
 TODAY
  MAXIMUM         41    303 PM  42     -1       47
  MINIMUM         23    738 AM  24     -1       32
  AVERAGE         32            33     -1       40

PRECIPITATION (IN)
  TODAY            0.00          0.07  -0.07     0.00
  MONTH TO DATE    0.52          1.61  -1.09     0.22
  SINCE DEC 1      2.46          3.93  -1.47     1.85
  SINCE JAN 1      0.52          1.61  -1.09     0.22

DEGREE DAYS
 HEATING
  TODAY           33            32      1       25
  MONTH TO DATE  943          1005    -62     1140
  SINCE DEC 1   1783          1941   -158     2165
  SINCE JUL 1   2768          2786    -18     3114

 COOLING
  TODAY            0             0      0        0
  MONTH TO DATE    0             0      0        0
  SINCE DEC 1      0             0      0        0
  SINCE JAN 1      0             0      0        0
......................................................


WIND (MPH)
  HIGHEST WIND SPEED    10   HIGHEST WIND DIRECTION     E (90)
  HIGHEST GUST SPEED    12   HIGHEST GUST DIRECTION     E (110)
  AVERAGE WIND SPEED     4.3


SKY COVER
  AVERAGE SKY COVER 0.0


WEATHER CONDITIONS
 THE FOLLOWING WEATHER WAS RECORDED TODAY.
  NO SIGNIFICANT WEATHER WAS OBSERVED.


RELATIVE HUMIDITY (PERCENT)
 HIGHEST    88           500 AM
 LOWEST     40           400 PM
 AVERAGE    64

..........................................................


THE SEDALIA MO CLIMATE NORMALS FOR TOMORROW
                         NORMAL
 MAXIMUM TEMPERATURE (F)   42
 MINIMUM TEMPERATURE (F)   24


SUNRISE AND SUNSET
JANUARY 30 2015.......SUNRISE   720 AM CST   SUNSET   532 PM CST
JANUARY 31 2015.......SUNRISE   719 AM CST   SUNSET   533 PM CST


-  INDICATES NEGATIVE NUMBERS.
R  INDICATES RECORD WAS SET OR TIED.
MM INDICATES DATA IS MISSING.
T  INDICATES TRACE AMOUNT.




$$
