147
CDUS43 KEAX 220635
CLIDMO


CLIMATE REPORT
NATIONAL WEATHER SERVICE KANSAS CITY/PLEASANT HILL MO
132 AM CDT FRI MAY 22 2015


...................................

...THE SEDALIA MO CLIMATE SUMMARY FOR MAY 21 2015...

CLIMATE NORMAL PERIOD 1981 TO 2010
CLIMATE RECORD PERIOD 9999 TO 9999


WEATHER ITEM   OBSERVED TIME   NORMAL DEPARTURE LAST
                VALUE   (LST)  VALUE  FROM      YEAR
                                      NORMAL
......................................................
TEMPERATURE (F)
 YESTERDAY
  MAXIMUM         68    351 PM  77     -9       86
  MINIMUM         46    256 AM  57    -11       66
  AVERAGE         57            67    -10       76

PRECIPITATION (IN)
  YESTERDAY        0.00          0.15  -0.15     0.00
  MONTH TO DATE    5.01          3.27   1.74     0.70
  SINCE MAR 1      9.96         10.13  -0.17     8.47
  SINCE JAN 1     12.04         13.73  -1.69     9.41

DEGREE DAYS
 HEATING
  YESTERDAY        8             2      6        0
  MONTH TO DATE   56            71    -15      101
  SINCE MAR 1    783           936   -153     1082
  SINCE JUL 1   4631          4553     78     5301

 COOLING
  YESTERDAY        0             4     -4       11
  MONTH TO DATE   69            53     16       95
  SINCE MAR 1     86            87     -1      109
  SINCE JAN 1     86            87     -1      109
......................................................


WIND (MPH)
  HIGHEST WIND SPEED    15   HIGHEST WIND DIRECTION     N (350)
  HIGHEST GUST SPEED    20   HIGHEST GUST DIRECTION     N (340)
  AVERAGE WIND SPEED     5.8


SKY COVER
  AVERAGE SKY COVER 0.3


WEATHER CONDITIONS
 THE FOLLOWING WEATHER WAS RECORDED YESTERDAY.
  NO SIGNIFICANT WEATHER WAS OBSERVED.


RELATIVE HUMIDITY (PERCENT)
 HIGHEST    86           100 AM
 LOWEST     42           400 PM
 AVERAGE    64

..........................................................


THE SEDALIA MO CLIMATE NORMALS FOR TODAY
                         NORMAL
 MAXIMUM TEMPERATURE (F)   78
 MINIMUM TEMPERATURE (F)   57


SUNRISE AND SUNSET
MAY 22 2015...........SUNRISE   555 AM CDT   SUNSET   824 PM CDT
MAY 23 2015...........SUNRISE   554 AM CDT   SUNSET   824 PM CDT


-  INDICATES NEGATIVE NUMBERS.
R  INDICATES RECORD WAS SET OR TIED.
MM INDICATES DATA IS MISSING.
T  INDICATES TRACE AMOUNT.




$$
