000
CDUS42 KCAE 260541
CLIDNL


CLIMATE REPORT
NATIONAL WEATHER SERVICE COLUMBIA SC
1241 AM EST WED NOV 26 2014


...................................

...THE AUGUSTA DANIEL FIELD GA CLIMATE SUMMARY FOR NOVEMBER 25 2014...

CLIMATE NORMAL PERIOD 1981 TO 2010
CLIMATE RECORD PERIOD 9999 TO 9999


WEATHER ITEM   OBSERVED TIME   RECORD YEAR NORMAL DEPARTURE LAST
                VALUE   (LST)  VALUE       VALUE  FROM      YEAR
                                                  NORMAL
..................................................................
TEMPERATURE (F)
 YESTERDAY
  MAXIMUM         65    350 AM  MM      MM  64      1       52
  MINIMUM         49   1159 PM  MM      MM  45      4       30
  AVERAGE         57                        54      3       41

PRECIPITATION (IN)
  YESTERDAY        0.07         MM      MM   0.14  -0.07     0.00
  MONTH TO DATE    3.17                      2.52   0.65     1.12
  SINCE SEP 1      8.20                      9.12  -0.92     3.39
  SINCE JAN 1     36.69                     42.28  -5.59    52.46

DEGREE DAYS
 HEATING
  YESTERDAY        8                        11     -3       24
  MONTH TO DATE  287                       197     90      221
  SINCE SEP 1    321                       275     46      274
  SINCE JUL 1    321                       275     46      274

 COOLING
  YESTERDAY        0                         0      0        0
  MONTH TO DATE    9                        14     -5       11
  SINCE SEP 1    563                       440    123      479
  SINCE JAN 1   2634                      2251    383     2081
..................................................................


WIND (MPH)
  HIGHEST WIND SPEED    14   HIGHEST WIND DIRECTION    NW (330)
  HIGHEST GUST SPEED    18   HIGHEST GUST DIRECTION    NW (320)
  AVERAGE WIND SPEED     5.2


SKY COVER
  AVERAGE SKY COVER 0.8


WEATHER CONDITIONS
 THE FOLLOWING WEATHER WAS RECORDED YESTERDAY.
  LIGHT RAIN
  FOG


RELATIVE HUMIDITY (PERCENT)
 HIGHEST    93           100 AM
 LOWEST     57          1000 AM

..........................................................


THE AUGUSTA DANIEL FIELD GA CLIMATE NORMALS FOR TODAY
                         NORMAL    RECORD    YEAR
 MAXIMUM TEMPERATURE (F)   64        MM        MM
 MINIMUM TEMPERATURE (F)   44        MM        MM


SUNRISE AND SUNSET
NOVEMBER 26 2014......SUNRISE   710 AM EST   SUNSET   521 PM EST
NOVEMBER 27 2014......SUNRISE   711 AM EST   SUNSET   521 PM EST


-  INDICATES NEGATIVE NUMBERS.
R  INDICATES RECORD WAS SET OR TIED.
MM INDICATES DATA IS MISSING.
T  INDICATES TRACE AMOUNT.




$$
