000
CDUS42 KCAE 202251
CLIDNL


CLIMATE REPORT
NATIONAL WEATHER SERVICE COLUMBIA SC
550 PM EST MON FEB 20 2017


...................................

...THE AUGUSTA DANIEL FIELD GA CLIMATE SUMMARY FOR FEBRUARY 20 2017...
VALID TODAY AS OF 0500 PM LOCAL TIME.

CLIMATE NORMAL PERIOD 1981 TO 2010
CLIMATE RECORD PERIOD 9999 TO 9999


WEATHER ITEM   OBSERVED TIME   NORMAL DEPARTURE LAST
                VALUE   (LST)  VALUE  FROM      YEAR
                                      NORMAL
......................................................
TEMPERATURE (F)
 TODAY
  MAXIMUM         75    327 PM  62     13       68
  MINIMUM         49    722 AM  42      7       47
  AVERAGE         62            52     10

PRECIPITATION (IN)
  TODAY            0.00          0.17  -0.17     0.00
  MONTH TO DATE    1.57          2.74  -1.17     1.99
  SINCE DEC 1     16.28         10.57   5.71     9.14
  SINCE JAN 1     12.07          6.95   5.12     3.66

DEGREE DAYS
 HEATING
  TODAY            3            13    -10        7
  MONTH TO DATE  136           308   -172      302
  SINCE DEC 1    819          1380   -561     1044
  SINCE JUL 1    988          1714   -726     1235

 COOLING
  TODAY            0             0      0        0
  MONTH TO DATE    5             0      5        6
  SINCE DEC 1     24             6     18       70
  SINCE JAN 1     20             1     19        6
......................................................


WIND (MPH)
  HIGHEST WIND SPEED    12   HIGHEST WIND DIRECTION    NE (60)
  HIGHEST GUST SPEED    16   HIGHEST GUST DIRECTION     E (80)
  AVERAGE WIND SPEED     4.6


SKY COVER
  AVERAGE SKY COVER 0.0


WEATHER CONDITIONS
 THE FOLLOWING WEATHER WAS RECORDED TODAY.
  NO SIGNIFICANT WEATHER WAS OBSERVED.


RELATIVE HUMIDITY (PERCENT)
 HIGHEST    86           700 AM
 LOWEST     29           300 PM

..........................................................


THE AUGUSTA DANIEL FIELD GA CLIMATE NORMALS FOR TOMORROW
                         NORMAL
 MAXIMUM TEMPERATURE (F)   62
 MINIMUM TEMPERATURE (F)   42


SUNRISE AND SUNSET
FEBRUARY 20 2017......SUNRISE   707 AM EST   SUNSET   617 PM EST
FEBRUARY 21 2017......SUNRISE   705 AM EST   SUNSET   618 PM EST


-  INDICATES NEGATIVE NUMBERS.
R  INDICATES RECORD WAS SET OR TIED.
MM INDICATES DATA IS MISSING.
T  INDICATES TRACE AMOUNT.




$$
