000
CDUS42 KCAE 012237
CLIDNL


CLIMATE REPORT
NATIONAL WEATHER SERVICE COLUMBIA SC
535 PM EST SUN MAR 1 2015


...................................

...THE AUGUSTA DANIEL FIELD GA CLIMATE SUMMARY FOR MARCH 1 2015...
VALID TODAY AS OF 0500 PM LOCAL TIME.

CLIMATE NORMAL PERIOD 1981 TO 2010
CLIMATE RECORD PERIOD 9999 TO 9999


WEATHER ITEM   OBSERVED TIME   NORMAL DEPARTURE LAST
                VALUE   (LST)  VALUE  FROM      YEAR
                                      NORMAL
......................................................
TEMPERATURE (F)
 TODAY
  MAXIMUM         44    440 PM  64    -20       65
  MINIMUM         36    847 AM  44     -8       43
  AVERAGE         40            54    -14

PRECIPITATION (IN)
  TODAY            0.23          0.13   0.10     0.00
  MONTH TO DATE    0.23          0.13   0.10     0.00
  SINCE MAR 1      0.23          0.13   0.10     0.00
  SINCE JAN 1      5.16          8.37  -3.21     6.29

DEGREE DAYS
 HEATING
  TODAY           25            11     14       11
  MONTH TO DATE   25            11     14       11
  SINCE MAR 1     25            11     14       11
  SINCE JUL 1   1880          1824     56     1847

 COOLING
  TODAY            0             0      0        0
  MONTH TO DATE    0             0      0        0
  SINCE MAR 1      0             0      0        0
  SINCE JAN 1      0             4     -4        8
......................................................


WIND (MPH)
  HIGHEST WIND SPEED    13   HIGHEST WIND DIRECTION    NE (30)
  HIGHEST GUST SPEED    18   HIGHEST GUST DIRECTION     N (10)
  AVERAGE WIND SPEED     6.1


SKY COVER
  AVERAGE SKY COVER 0.9


WEATHER CONDITIONS
 THE FOLLOWING WEATHER WAS RECORDED TODAY.
  HEAVY RAIN
  RAIN
  LIGHT RAIN
  FOG


RELATIVE HUMIDITY (PERCENT)
 HIGHEST    92           500 AM
 LOWEST     76           100 AM

..........................................................


THE AUGUSTA DANIEL FIELD GA CLIMATE NORMALS FOR TOMORROW
                         NORMAL
 MAXIMUM TEMPERATURE (F)   65
 MINIMUM TEMPERATURE (F)   44


SUNRISE AND SUNSET
MARCH  1 2015.........SUNRISE   657 AM EST   SUNSET   625 PM EST
MARCH  2 2015.........SUNRISE   655 AM EST   SUNSET   626 PM EST


-  INDICATES NEGATIVE NUMBERS.
R  INDICATES RECORD WAS SET OR TIED.
MM INDICATES DATA IS MISSING.
T  INDICATES TRACE AMOUNT.




$$
