000
CDUS43 KLOT 250639
CLIDPA


CLIMATE REPORT
NATIONAL WEATHER SERVICE CHICAGO IL
1239 AM CST TUE NOV 25 2014


...................................

...THE DU PAGE  AIRPORT CLIMATE SUMMARY FOR NOVEMBER 24 2014...

CLIMATE NORMAL PERIOD 1981 TO 2010
CLIMATE RECORD PERIOD 1997 TO 2014


WEATHER ITEM   OBSERVED TIME   RECORD YEAR NORMAL DEPARTURE LAST
                VALUE   (LST)  VALUE       VALUE  FROM      YEAR
                                                  NORMAL
..................................................................
TEMPERATURE (F)
 YESTERDAY
  MAXIMUM         49    114 AM  62    2001  44      5       26
  MINIMUM         25   1159 PM   7    2013  28     -3        7
  AVERAGE         37                        36      1       17

PRECIPITATION (IN)
  YESTERDAY        0.28          0.70        0.08   0.20     0.00
  MONTH TO DATE    1.03                      2.47  -1.44     2.21
  SINCE SEP 1      6.24                      8.95  -2.71     6.82
  SINCE JAN 1     28.86                     34.58  -5.72    34.18

SNOWFALL (IN)
  YESTERDAY       MM

DEGREE DAYS
 HEATING
  YESTERDAY       28                        29     -1       48
  MONTH TO DATE  693                       557    136      639
  SINCE SEP 1   1219                      1059    160     1176
  SINCE JUL 1   1228                      1068    160     1202

 COOLING
  YESTERDAY        0                         0      0        0
  MONTH TO DATE    0                         0      0        0
  SINCE SEP 1     78                        90    -12      118
  SINCE JAN 1    767                       814    -47      745
..................................................................


WIND (MPH)
  RESULTANT WIND SPEED  18   RESULTANT WIND DIRECTION   W (250)
  HIGHEST WIND SPEED    33   HIGHEST WIND DIRECTION     W (250)
  HIGHEST GUST SPEED    47   HIGHEST GUST DIRECTION    SW (240)
  AVERAGE WIND SPEED    17.7



WEATHER CONDITIONS
 THE FOLLOWING WEATHER WAS RECORDED YESTERDAY.
  RAIN
  LIGHT RAIN
  HEAVY SNOW
  SNOW
  LIGHT SNOW
  FOG
  FOG W/VISIBILITY <= 1/4 MILE


..........................................................


THE DU PAGE  AIRPORT CLIMATE NORMALS FOR TODAY
                         NORMAL    RECORD    YEAR
 MAXIMUM TEMPERATURE (F)   44        58      2006
 MINIMUM TEMPERATURE (F)   27        10      2005


SUNRISE AND SUNSET
NOVEMBER 25 2014......SUNRISE   655 AM CST   SUNSET   425 PM CST
NOVEMBER 26 2014......SUNRISE   656 AM CST   SUNSET   425 PM CST


-  INDICATES NEGATIVE NUMBERS.
R  INDICATES RECORD WAS SET OR TIED.
MM INDICATES DATA IS MISSING.
T  INDICATES TRACE AMOUNT.




$$
