000
CDUS43 KLOT 310632
CLIDPA


CLIMATE REPORT
NATIONAL WEATHER SERVICE CHICAGO IL
131 AM CDT SUN AUG 31 2014


...................................

...THE DU PAGE  AIRPORT CLIMATE SUMMARY FOR AUGUST 30 2014...

CLIMATE NORMAL PERIOD 1981 TO 2010
CLIMATE RECORD PERIOD 1997 TO 2014


WEATHER ITEM   OBSERVED TIME   RECORD YEAR NORMAL DEPARTURE LAST
                VALUE   (LST)  VALUE       VALUE  FROM      YEAR
                                                  NORMAL
..................................................................
TEMPERATURE (F)
 YESTERDAY
  MAXIMUM         83    316 PM  93    2013  81      2       93
  MINIMUM         68   1151 PM  48    2009  59      9       64
  AVERAGE         76                        70      6       79

PRECIPITATION (IN)
  YESTERDAY        0.19          0.78        0.12   0.07     0.26
  MONTH TO DATE    5.86                      4.48   1.38     1.28
  SINCE JUN 1     14.98                     12.49   2.49     9.13
  SINCE JAN 1     22.62                     25.51  -2.89    26.42

SNOWFALL (IN)
  YESTERDAY        0.0

DEGREE DAYS
 HEATING
  YESTERDAY        0                         0      0        0
  MONTH TO DATE    0                         0      0        7
  SINCE JUN 1     27                        38    -11       80
  SINCE JUL 1      9                         2      7       26

 COOLING
  YESTERDAY       11                         5      6       14
  MONTH TO DATE  247                       216     31      185
  SINCE JUN 1    608                       672    -64      543
  SINCE JAN 1    677                       718    -41      620
..................................................................


WIND (MPH)
  RESULTANT WIND SPEED  10   RESULTANT WIND DIRECTION  SW (230)
  HIGHEST WIND SPEED    25   HIGHEST WIND DIRECTION    SW (230)
  HIGHEST GUST SPEED    31   HIGHEST GUST DIRECTION    SW (230)
  AVERAGE WIND SPEED    11.0



WEATHER CONDITIONS
 THE FOLLOWING WEATHER WAS RECORDED YESTERDAY.
  THUNDERSTORM
  HEAVY RAIN
  LIGHT RAIN
  FOG
  HAZE


..........................................................


THE DU PAGE  AIRPORT CLIMATE NORMALS FOR TODAY
                         NORMAL    RECORD    YEAR
 MAXIMUM TEMPERATURE (F)   81        91      2012
                                             2010
                                             2000
 MINIMUM TEMPERATURE (F)   59        43      2009


SUNRISE AND SUNSET
AUGUST 31 2014........SUNRISE   618 AM CDT   SUNSET   728 PM CDT
SEPTEMBER  1 2014.....SUNRISE   619 AM CDT   SUNSET   726 PM CDT


-  INDICATES NEGATIVE NUMBERS.
R  INDICATES RECORD WAS SET OR TIED.
MM INDICATES DATA IS MISSING.
T  INDICATES TRACE AMOUNT.




$$
