000
CDUS45 KGJT 222324
CLIDRO


CLIMATE REPORT
NATIONAL WEATHER SERVICE GRAND JUNCTION CO
523 PM MDT TUE AUG 22 2017


...................................

...THE DURANGO AIRPORT CO CLIMATE SUMMARY FOR AUGUST 22 2017...
VALID TODAY AS OF 0500 PM LOCAL TIME.

CLIMATE NORMAL PERIOD 1981 TO 2010
CLIMATE RECORD PERIOD 9999 TO 9999


WEATHER ITEM   OBSERVED TIME   RECORD YEAR NORMAL DEPARTURE LAST
                VALUE   (LST)  VALUE       VALUE  FROM      YEAR
                                                  NORMAL
..................................................................
TEMPERATURE (F)
 TODAY
  MAXIMUM         83    340 PM  MM      MM  82      1       74
  MINIMUM         51    546 AM  MM      MM  50      1       53
  AVERAGE         67                        66      1       64

PRECIPITATION (IN)
  TODAY            0.00         MM      MM   0.05  -0.05     0.14
  MONTH TO DATE    0.39                      1.51  -1.12     1.78
  SINCE JUN 1      2.24                      3.87  -1.63     3.62
  SINCE JAN 1      7.69                      9.30  -1.61     6.86

SNOWFALL (IN)
  TODAY           MM            MM      MM  MM     MM       MM
  MONTH TO DATE   MM                        MM     MM       MM
  SINCE JUN 1     MM                        MM     MM       MM
  SINCE JUL 1     MM                        MM     MM       MM
  SNOW DEPTH      MM

DEGREE DAYS
 HEATING
  TODAY            0                         1     -1        1
  MONTH TO DATE    8                         5      3        8
  SINCE JUN 1     65                       130    -65       50
  SINCE JUL 1      8                        15     -7       13

 COOLING
  TODAY            2                         2      0        0
  MONTH TO DATE   38                        74    -36       55
  SINCE JUN 1    282                       224     58      313
  SINCE JAN 1    282                       225     57      313
..................................................................


WIND (MPH)
  HIGHEST WIND SPEED    14   HIGHEST WIND DIRECTION     W (270)
  HIGHEST GUST SPEED    23   HIGHEST GUST DIRECTION    NE (60)
  AVERAGE WIND SPEED     5.1


SKY COVER
  POSSIBLE SUNSHINE  MM
  AVERAGE SKY COVER 0.3


WEATHER CONDITIONS
 THE FOLLOWING WEATHER WAS RECORDED TODAY.
  NO SIGNIFICANT WEATHER WAS OBSERVED.


RELATIVE HUMIDITY (PERCENT)
 HIGHEST    72           700 AM
 LOWEST     25           400 PM
 AVERAGE    49

..........................................................


THE DURANGO AIRPORT CO CLIMATE NORMALS FOR TOMORROW
                         NORMAL    RECORD    YEAR
 MAXIMUM TEMPERATURE (F)   82        MM        MM
 MINIMUM TEMPERATURE (F)   50        MM        MM


SUNRISE AND SUNSET
AUGUST 22 2017........SUNRISE   634 AM MDT   SUNSET   753 PM MDT
AUGUST 23 2017........SUNRISE   635 AM MDT   SUNSET   752 PM MDT


-  INDICATES NEGATIVE NUMBERS.
R  INDICATES RECORD WAS SET OR TIED.
MM INDICATES DATA IS MISSING.
T  INDICATES TRACE AMOUNT.




$$
