273
CDUS44 KDRT 250740
CLIDRT


CLIMATE REPORT
NATIONAL WEATHER SERVICE AUSTIN/SAN ANTONIO, TX
240 AM CDT THU AUG 25 2016


...................................

...THE DEL RIO CLIMATE SUMMARY FOR AUGUST 24 2016...

CLIMATE NORMAL PERIOD 1981 TO 2010
CLIMATE RECORD PERIOD 1906 TO 2016


WEATHER ITEM   OBSERVED TIME   RECORD YEAR NORMAL DEPARTURE LAST
                VALUE   (LST)  VALUE       VALUE  FROM      YEAR
                                                  NORMAL
..................................................................
TEMPERATURE (F)
 YESTERDAY
  MAXIMUM         93    516 PM 103    2006  97     -4      101
                                      1952
                                      1911
  MINIMUM         73    657 AM  66    1961  75     -2       77
                                      1917
  AVERAGE         83                        86     -3       89

PRECIPITATION (IN)
  YESTERDAY        0.00          2.42 1999   0.08  -0.08     0.00
  MONTH TO DATE    8.82                      1.55   7.27     2.02
  SINCE JUN 1     11.80                      5.68   6.12     5.54
  SINCE JAN 1     20.41                     12.88   7.53    20.62

SNOWFALL (IN)
  YESTERDAY        0.0
  MONTH TO DATE    0.0
  SINCE JUN 1      0.0
  SINCE JUL 1      0.0

DEGREE DAYS
 HEATING
  YESTERDAY        0                         0      0        0
  MONTH TO DATE    0                         0      0        0
  SINCE JUN 1      0                         0      0        0
  SINCE JUL 1      0                         0      0        0

 COOLING
  YESTERDAY       18                        21     -3       24
  MONTH TO DATE  511                       521    -10      589
  SINCE JUN 1   1865                      1740    125     1755
  SINCE JAN 1   2591                      2499     92     2435
..................................................................


WIND (MPH)
  HIGHEST WIND SPEED    22   HIGHEST WIND DIRECTION    SE (150)
  HIGHEST GUST SPEED    28   HIGHEST GUST DIRECTION    SE (150)
  AVERAGE WIND SPEED    10.8


SKY COVER
  AVERAGE SKY COVER 0.1


WEATHER CONDITIONS
 THE FOLLOWING WEATHER WAS RECORDED YESTERDAY.
  NO SIGNIFICANT WEATHER WAS OBSERVED.


RELATIVE HUMIDITY (PERCENT)
 HIGHEST    93           500 AM
 LOWEST     38           600 PM
 AVERAGE    66

..........................................................


THE DEL RIO CLIMATE NORMALS FOR TODAY
                         NORMAL    RECORD    YEAR
 MAXIMUM TEMPERATURE (F)   96       103      2011
                                             2006
                                             1952
 MINIMUM TEMPERATURE (F)   75        64      1966


SUNRISE AND SUNSET
AUGUST 25 2016........SUNRISE   718 AM CDT   SUNSET   813 PM CDT
AUGUST 26 2016........SUNRISE   718 AM CDT   SUNSET   812 PM CDT


-  INDICATES NEGATIVE NUMBERS.
R  INDICATES RECORD WAS SET OR TIED.
MM INDICATES DATA IS MISSING.
T  INDICATES TRACE AMOUNT.




$$
