000
CDUS44 KEWX 290716
CLIDRT


CLIMATE REPORT
NATIONAL WEATHER SERVICE AUSTIN/SAN ANTONIO, TX
216 AM CDT TUE JUL 29 2014


...................................

...THE DEL RIO CLIMATE SUMMARY FOR JULY 28 2014...

CLIMATE NORMAL PERIOD 1981 TO 2010
CLIMATE RECORD PERIOD 1906 TO 2014


WEATHER ITEM   OBSERVED TIME   RECORD YEAR NORMAL DEPARTURE LAST
                VALUE   (LST)  VALUE       VALUE  FROM      YEAR
                                                  NORMAL
..................................................................
TEMPERATURE (F)
 YESTERDAY
  MAXIMUM        100    436 PM 107    1980  97      3      100
  MINIMUM         79    733 AM  66    1994  76      3       78
  AVERAGE         90                        86      4       89

PRECIPITATION (IN)
  YESTERDAY        0.00          2.95 2005   0.05  -0.05      T
  MONTH TO DATE    0.26                      1.62  -1.36     2.77
  SINCE JUN 1      4.95                      3.97   0.98     4.53
  SINCE JAN 1      6.30                     11.17  -4.87     7.75

SNOWFALL (IN)
  YESTERDAY        0.0
  MONTH TO DATE    0.0
  SINCE JUN 1      0.0
  SINCE JUL 1      0.0

DEGREE DAYS
 HEATING
  YESTERDAY        0                         0      0        0
  MONTH TO DATE    0                         0      0        0
  SINCE JUN 1      0                         0      0        0
  SINCE JUL 1      0                         0      0        0

 COOLING
  YESTERDAY       25                        21      4       24
  MONTH TO DATE  619                       582     37      584
  SINCE JUN 1   1247                      1153     94     1209
  SINCE JAN 1   2097                      1912    185     2115
..................................................................


WIND (MPH)
  HIGHEST WIND SPEED    17   HIGHEST WIND DIRECTION     E (100)
  HIGHEST GUST SPEED    26   HIGHEST GUST DIRECTION    NE (60)
  AVERAGE WIND SPEED    10.4


SKY COVER
  AVERAGE SKY COVER 0.0


WEATHER CONDITIONS
 THE FOLLOWING WEATHER WAS RECORDED YESTERDAY.
  NO SIGNIFICANT WEATHER WAS OBSERVED.


RELATIVE HUMIDITY (PERCENT)
 HIGHEST    74           600 AM
 LOWEST     28           500 PM
 AVERAGE    51

..........................................................


THE DEL RIO CLIMATE NORMALS FOR TODAY
                         NORMAL    RECORD    YEAR
 MAXIMUM TEMPERATURE (F)   97       109      1960
 MINIMUM TEMPERATURE (F)   76        69      2002
                                             1987


SUNRISE AND SUNSET
JULY 29 2014..........SUNRISE   702 AM CDT   SUNSET   838 PM CDT
JULY 30 2014..........SUNRISE   703 AM CDT   SUNSET   837 PM CDT


-  INDICATES NEGATIVE NUMBERS.
R  INDICATES RECORD WAS SET OR TIED.
MM INDICATES DATA IS MISSING.
T  INDICATES TRACE AMOUNT.




$$
