000
CDUS44 KEWX 222248
CLIDRT


CLIMATE REPORT
NATIONAL WEATHER SERVICE AUSTIN/SAN ANTONIO, TX
547 PM CDT MON MAY 22 2017


...................................

...THE DEL RIO CLIMATE SUMMARY FOR MAY 22 2017...
VALID TODAY AS OF 545 PM LOCAL TIME.

CLIMATE NORMAL PERIOD 1981 TO 2010
CLIMATE RECORD PERIOD 1906 TO 2017


WEATHER ITEM   OBSERVED TIME   RECORD YEAR NORMAL DEPARTURE LAST
                VALUE   (LST)  VALUE       VALUE  FROM      YEAR
                                                  NORMAL
..................................................................
TEMPERATURE (F)
 TODAY
  MAXIMUM         76    438 PM 102    1953  91    -15       84
  MINIMUM         63   1209 AM  53    2001  69     -6       78
  AVERAGE         70                        80    -10       81

PRECIPITATION (IN)
  TODAY            0.03          1.51 1943   0.10  -0.07     0.00
  MONTH TO DATE    3.82                      1.89   1.93     1.48
  SINCE MAR 1      9.97                      4.68   5.29     7.72
  SINCE JAN 1     10.94                      6.28   4.66     8.47

SNOWFALL (IN)
  TODAY            0.0
  MONTH TO DATE    0.0
  SINCE MAR 1      0.0
  SINCE JUL 1      0.0
  SNOW DEPTH       0

DEGREE DAYS
 HEATING
  TODAY            0                         0      0        0
  MONTH TO DATE    0                         0      0        1
  SINCE MAR 1     47                       139    -92       70
  SINCE JUL 1    840                      1375   -535     1050

 COOLING
  TODAY            5                        15    -10       16
  MONTH TO DATE  264                       284    -20      228
  SINCE MAR 1    652                       594     58      548
  SINCE JAN 1    715                       613    102      583
..................................................................


WIND (MPH)
  HIGHEST WIND SPEED     7   HIGHEST WIND DIRECTION     S (170)
  HIGHEST GUST SPEED     8   HIGHEST GUST DIRECTION     S (170)
  AVERAGE WIND SPEED     2.2



WEATHER CONDITIONS
 THE FOLLOWING WEATHER WAS RECORDED TODAY.
  LIGHT RAIN
  FOG


RELATIVE HUMIDITY (PERCENT)
 HIGHEST   100          1200 AM
 LOWEST     79           100 PM
 AVERAGE    90

..........................................................


THE DEL RIO CLIMATE NORMALS FOR TOMORROW
                         NORMAL    RECORD    YEAR
 MAXIMUM TEMPERATURE (F)   91       105      2000
 MINIMUM TEMPERATURE (F)   70        56      1988


SUNRISE AND SUNSET
MAY 22 2017...........SUNRISE   648 AM CDT   SUNSET   833 PM CDT
MAY 23 2017...........SUNRISE   647 AM CDT   SUNSET   834 PM CDT


-  INDICATES NEGATIVE NUMBERS.
R  INDICATES RECORD WAS SET OR TIED.
MM INDICATES DATA IS MISSING.
T  INDICATES TRACE AMOUNT.




$$
