000
CDUS44 KEWX 182222
CLIDRT


CLIMATE REPORT
NATIONAL WEATHER SERVICE AUSTIN/SAN ANTONIO, TX
421 PM CST THU DEC 18 2014

...................................

...THE DEL RIO CLIMATE SUMMARY FOR DECEMBER 18 2014...
VALID TODAY AS OF 0400 PM LOCAL TIME.

CLIMATE NORMAL PERIOD 1981 TO 2010
CLIMATE RECORD PERIOD 1906 TO 2014


WEATHER ITEM   OBSERVED TIME   RECORD YEAR NORMAL DEPARTURE LAST
                VALUE   (LST)  VALUE       VALUE  FROM      YEAR
                                                  NORMAL
..................................................................
TEMPERATURE (F)
 TODAY
  MAXIMUM         67    356 PM  85    2012  63      4       71
  MINIMUM         53    810 AM  24    1996  40     13       40
  AVERAGE         60                        52      8       56

PRECIPITATION (IN)
  TODAY            0.00          0.42 1909   0.02  -0.02     0.00
  MONTH TO DATE    0.04                      0.35  -0.31     0.01
  SINCE DEC 1      0.04                      0.35  -0.31     0.01
  SINCE JAN 1     15.94                     19.22  -3.28    15.00

SNOWFALL (IN)
  TODAY            0.0
  MONTH TO DATE    0.0
  SINCE DEC 1      0.0
  SINCE JUL 1      0.0
  SNOW DEPTH       0

DEGREE DAYS
 HEATING
  TODAY            5                        13     -8        9
  MONTH TO DATE   96                       216   -120      273
  SINCE DEC 1     96                       216   -120      273
  SINCE JUL 1    368                       413    -45      506

 COOLING
  TODAY            0                         0      0        0
  MONTH TO DATE    6                         0      6        5
  SINCE DEC 1      6                         0      6        5
  SINCE JAN 1   3694                      3372    322     3746
..................................................................


WIND (MPH)
  HIGHEST WIND SPEED    12   HIGHEST WIND DIRECTION    NW (300)
  HIGHEST GUST SPEED    15   HIGHEST GUST DIRECTION    NW (300)
  AVERAGE WIND SPEED     6.3



WEATHER CONDITIONS
 THE FOLLOWING WEATHER WAS RECORDED TODAY.
  FOG
  HAZE


RELATIVE HUMIDITY (PERCENT)
 HIGHEST    93           300 AM
 LOWEST     63           400 PM
 AVERAGE    78

..........................................................


THE DEL RIO CLIMATE NORMALS FOR TOMORROW
                         NORMAL    RECORD    YEAR
 MAXIMUM TEMPERATURE (F)   63        83      2012
 MINIMUM TEMPERATURE (F)   40        20      1996


SUNRISE AND SUNSET
DECEMBER 18 2014......SUNRISE   732 AM CST   SUNSET   548 PM CST
DECEMBER 19 2014......SUNRISE   733 AM CST   SUNSET   549 PM CST


-  INDICATES NEGATIVE NUMBERS.
R  INDICATES RECORD WAS SET OR TIED.
MM INDICATES DATA IS MISSING.
T  INDICATES TRACE AMOUNT.


$$
