000
CDUS44 KEWX 230734
CLIDRT


CLIMATE REPORT
NATIONAL WEATHER SERVICE AUSTIN/SAN ANTONIO, TX
232 AM CDT SAT MAY 23 2015


...................................

...THE DEL RIO CLIMATE SUMMARY FOR MAY 22 2015...

CLIMATE NORMAL PERIOD 1981 TO 2010
CLIMATE RECORD PERIOD 1906 TO 2015


WEATHER ITEM   OBSERVED TIME   RECORD YEAR NORMAL DEPARTURE LAST
                VALUE   (LST)  VALUE       VALUE  FROM      YEAR
                                                  NORMAL
..................................................................
TEMPERATURE (F)
 YESTERDAY
  MAXIMUM         85    427 PM 102    1953  91     -6       93
  MINIMUM         67    235 AM  53    2001  69     -2       73
  AVERAGE         76                        80     -4       83

PRECIPITATION (IN)
  YESTERDAY        0.01          1.51 1943   0.10  -0.09     0.12
  MONTH TO DATE    4.68                      1.89   2.79     0.22
  SINCE MAR 1      8.60                      4.68   3.92     0.62
  SINCE JAN 1      9.59                      6.28   3.31     0.84

SNOWFALL (IN)
  YESTERDAY        0.0
  MONTH TO DATE    0.0
  SINCE MAR 1      0.0
  SINCE JUL 1      0.0

DEGREE DAYS
 HEATING
  YESTERDAY        0                         0      0        0
  MONTH TO DATE    0                         0      0        4
  SINCE MAR 1    148                       139      9      152
  SINCE JUL 1   1475                      1375    100     1559

 COOLING
  YESTERDAY       11                        15     -4       18
  MONTH TO DATE  264                       284    -20      281
  SINCE MAR 1    555                       594    -39      656
  SINCE JAN 1    570                       613    -43      701
..................................................................


WIND (MPH)
  HIGHEST WIND SPEED    20   HIGHEST WIND DIRECTION     E (90)
  HIGHEST GUST SPEED    25   HIGHEST GUST DIRECTION    SE (120)
  AVERAGE WIND SPEED    11.7


SKY COVER
  AVERAGE SKY COVER 0.6


WEATHER CONDITIONS
 THE FOLLOWING WEATHER WAS RECORDED YESTERDAY.
  LIGHT RAIN
  FOG


RELATIVE HUMIDITY (PERCENT)
 HIGHEST    93           200 AM
 LOWEST     61           400 PM
 AVERAGE    77

..........................................................


THE DEL RIO CLIMATE NORMALS FOR TODAY
                         NORMAL    RECORD    YEAR
 MAXIMUM TEMPERATURE (F)   91       105      2000
 MINIMUM TEMPERATURE (F)   70        56      1988


SUNRISE AND SUNSET
MAY 23 2015...........SUNRISE   647 AM CDT   SUNSET   834 PM CDT
MAY 24 2015...........SUNRISE   647 AM CDT   SUNSET   834 PM CDT


-  INDICATES NEGATIVE NUMBERS.
R  INDICATES RECORD WAS SET OR TIED.
MM INDICATES DATA IS MISSING.
T  INDICATES TRACE AMOUNT.




$$
