000
CDUS44 KDRT 120721
CLIDRT


CLIMATE REPORT
NATIONAL WEATHER SERVICE AUSTIN/SAN ANTONIO, TX
119 AM CST FRI FEB 12 2016


...................................

...THE DEL RIO CLIMATE SUMMARY FOR FEBRUARY 11 2016...

CLIMATE NORMAL PERIOD 1981 TO 2010
CLIMATE RECORD PERIOD 1906 TO 2016


WEATHER ITEM   OBSERVED TIME   RECORD YEAR NORMAL DEPARTURE LAST
                VALUE   (LST)  VALUE       VALUE  FROM      YEAR
                                                  NORMAL
..................................................................
TEMPERATURE (F)
 YESTERDAY
  MAXIMUM         85    451 PM  87    1976  68     17       79
  MINIMUM         41    751 AM  21    1981  44     -3       51
  AVERAGE         63                        56      7       65

PRECIPITATION (IN)
  YESTERDAY        0.00          1.00 1960   0.04  -0.04     0.00
  MONTH TO DATE    0.00                      0.32  -0.32     0.18
  SINCE DEC 1      1.02                      1.69  -0.67     1.20
  SINCE JAN 1      0.68                      1.04  -0.36     0.95

SNOWFALL (IN)
  YESTERDAY        0.0
  MONTH TO DATE    0.0
  SINCE DEC 1      T
  SINCE JUL 1      T

DEGREE DAYS
 HEATING
  YESTERDAY        2                        10     -8        0
  MONTH TO DATE  117                       116      1      100
  SINCE DEC 1    784                       909   -125      848
  SINCE JUL 1    927                      1106   -179     1120

 COOLING
  YESTERDAY        0                         0      0        0
  MONTH TO DATE    5                         0      5        3
  SINCE DEC 1      6                         6      0        9
  SINCE JAN 1      5                         3      2        3
..................................................................


WIND (MPH)
  HIGHEST WIND SPEED    13   HIGHEST WIND DIRECTION     E (70)
  HIGHEST GUST SPEED    15   HIGHEST GUST DIRECTION     E (80)
  AVERAGE WIND SPEED     4.7


SKY COVER
  AVERAGE SKY COVER 0.0


WEATHER CONDITIONS
 THE FOLLOWING WEATHER WAS RECORDED YESTERDAY.
  NO SIGNIFICANT WEATHER WAS OBSERVED.


RELATIVE HUMIDITY (PERCENT)
 HIGHEST    57           800 AM
 LOWEST      9           500 PM
 AVERAGE    33

..........................................................


THE DEL RIO CLIMATE NORMALS FOR TODAY
                         NORMAL    RECORD    YEAR
 MAXIMUM TEMPERATURE (F)   68        89      1922
 MINIMUM TEMPERATURE (F)   44        21      1955


SUNRISE AND SUNSET
FEBRUARY 12 2016......SUNRISE   726 AM CST   SUNSET   631 PM CST
FEBRUARY 13 2016......SUNRISE   725 AM CST   SUNSET   631 PM CST


-  INDICATES NEGATIVE NUMBERS.
R  INDICATES RECORD WAS SET OR TIED.
MM INDICATES DATA IS MISSING.
T  INDICATES TRACE AMOUNT.




$$
