000
CDUS44 KEWX 082348
CLIDRT


CLIMATE REPORT
NATIONAL WEATHER SERVICE AUSTIN/SAN ANTONIO, TX
548 PM CST THU DEC 8 2016


...................................

...THE DEL RIO CLIMATE SUMMARY FOR DECEMBER 8 2016...
VALID TODAY AS OF 545 PM LOCAL TIME.

CLIMATE NORMAL PERIOD 1981 TO 2010
CLIMATE RECORD PERIOD 1906 TO 2016


WEATHER ITEM   OBSERVED TIME   RECORD YEAR NORMAL DEPARTURE LAST
                VALUE   (LST)  VALUE       VALUE  FROM      YEAR
                                                  NORMAL
..................................................................
TEMPERATURE (F)
 TODAY
  MAXIMUM         53    228 AM  82    1950  65    -12       75
  MINIMUM         42    537 PM  23    2005  42      0       41
  AVERAGE         48                        53     -5       58

PRECIPITATION (IN)
  TODAY            0.00          0.34 1912   0.02  -0.02     0.00
  MONTH TO DATE    2.37                      0.15   2.22     0.00
  SINCE DEC 1      2.37                      0.15   2.22     0.00
  SINCE JAN 1     32.36                     19.02  13.34    27.47

SNOWFALL (IN)
  TODAY            0.0
  MONTH TO DATE    0.0
  SINCE DEC 1      0.0
  SINCE JUL 1      0.0
  SNOW DEPTH       0

DEGREE DAYS
 HEATING
  TODAY           17                        12      5        7
  MONTH TO DATE  101                        89     12       82
  SINCE DEC 1    101                        89     12       82
  SINCE JUL 1    170                       286   -116      225

 COOLING
  TODAY            0                         0      0        0
  MONTH TO DATE    0                         0      0        0
  SINCE DEC 1      0                         0      0        0
  SINCE JAN 1   3579                      3372    207     3530
..................................................................


WIND (MPH)
  HIGHEST WIND SPEED    20   HIGHEST WIND DIRECTION     N (350)
  HIGHEST GUST SPEED    29   HIGHEST GUST DIRECTION     N (10)
  AVERAGE WIND SPEED    10.8



WEATHER CONDITIONS
 THE FOLLOWING WEATHER WAS RECORDED TODAY.
  NO SIGNIFICANT WEATHER WAS OBSERVED.


RELATIVE HUMIDITY (PERCENT)
 HIGHEST    89          1200 AM
 LOWEST     53           300 PM
 AVERAGE    71

..........................................................


THE DEL RIO CLIMATE NORMALS FOR TOMORROW
                         NORMAL    RECORD    YEAR
 MAXIMUM TEMPERATURE (F)   65        80      2004
 MINIMUM TEMPERATURE (F)   41        22      1916


SUNRISE AND SUNSET
DECEMBER  8 2016......SUNRISE   726 AM CST   SUNSET   545 PM CST
DECEMBER  9 2016......SUNRISE   727 AM CST   SUNSET   546 PM CST


-  INDICATES NEGATIVE NUMBERS.
R  INDICATES RECORD WAS SET OR TIED.
MM INDICATES DATA IS MISSING.
T  INDICATES TRACE AMOUNT.




$$
