000
CDUS43 KDMX 010628
CLIDSM

CLIMATE REPORT
NATIONAL WEATHER SERVICE DES MOINES IA
127 AM CDT SAT AUG 1 2015

...................................

...THE DES MOINES IA CLIMATE SUMMARY FOR JULY 31 2015...

CLIMATE NORMAL PERIOD 1981 TO 2010
CLIMATE RECORD PERIOD 1878 TO 2015


WEATHER ITEM   OBSERVED TIME   RECORD YEAR NORMAL DEPARTURE LAST
                VALUE   (LST)  VALUE       VALUE  FROM      YEAR
                                                  NORMAL
..................................................................
TEMPERATURE (F)
 YESTERDAY
  MAXIMUM         90    148 PM 105    1955  85      5       84
  MINIMUM         69    507 AM  49    1971  67      2       59
  AVERAGE         80                        76      4       72

PRECIPITATION (IN)
  YESTERDAY        0.00          1.79 1896   0.14  -0.14     0.02
  MONTH TO DATE    7.17                      4.47   2.70     2.37
  SINCE JUN 1     15.57                      9.41   6.16     9.86
  SINCE JAN 1     24.92                     22.59   2.33    21.01

SNOWFALL (IN)
  YESTERDAY        0.0          MM      MM   0.0    0.0      0.0
  MONTH TO DATE    0.0                       0.0    0.0      0.0
  SINCE JUN 1      0.0                       0.0    0.0      0.0
  SINCE JUL 1      0.0                       0.0    0.0      0.0
  SNOW DEPTH       0

DEGREE DAYS
 HEATING
  YESTERDAY        0                         0      0        0
  MONTH TO DATE    0                         0      0        2
  SINCE JUN 1      3                        18    -15        2
  SINCE JUL 1      0                         1     -1        2

 COOLING
  YESTERDAY       15                        11      4        7
  MONTH TO DATE  353                       349      4      253
  SINCE JUN 1    610                       570     40      509
  SINCE JAN 1    690                       646     44      640
..................................................................


WIND (MPH)
  HIGHEST WIND SPEED    12   HIGHEST WIND DIRECTION    NE (30)
  HIGHEST GUST SPEED    17   HIGHEST GUST DIRECTION     N (340)
  AVERAGE WIND SPEED     4.7


SKY COVER
  POSSIBLE SUNSHINE  MM
  AVERAGE SKY COVER 0.3


WEATHER CONDITIONS
 THE FOLLOWING WEATHER WAS RECORDED YESTERDAY.
  NO SIGNIFICANT WEATHER WAS OBSERVED.


RELATIVE HUMIDITY (PERCENT)
 HIGHEST    79           100 AM
 LOWEST     38           100 PM
 AVERAGE    59

..........................................................


THE DES MOINES IA CLIMATE NORMALS FOR TODAY
                         NORMAL    RECORD    YEAR
 MAXIMUM TEMPERATURE (F)   85       101      1987
 MINIMUM TEMPERATURE (F)   67        51      1898


SUNRISE AND SUNSET
AUGUST  1 2015........SUNRISE   609 AM CDT   SUNSET   832 PM CDT
AUGUST  2 2015........SUNRISE   610 AM CDT   SUNSET   831 PM CDT


-  INDICATES NEGATIVE NUMBERS.
R  INDICATES RECORD WAS SET OR TIED.
MM INDICATES DATA IS MISSING.
T  INDICATES TRACE AMOUNT.

$$

REV
