059
CDUS43 KDTX 270539
CLIDTW


CLIMATE REPORT
NATIONAL WEATHER SERVICE DETROIT/PONTIAC MI
138 AM EDT SAT AUG 27 2016


...................................

...THE DETROIT MI CLIMATE SUMMARY FOR AUGUST 26 2016...

CLIMATE NORMAL PERIOD 1981 TO 2010
CLIMATE RECORD PERIOD 1874 TO 2016


WEATHER ITEM   OBSERVED TIME   RECORD YEAR NORMAL DEPARTURE LAST
                VALUE   (LST)  VALUE       VALUE  FROM      YEAR
                                                  NORMAL
..................................................................
TEMPERATURE (F)
 YESTERDAY
  MAXIMUM         86    500 PM  96    1953  80      6       69
                                      1948
  MINIMUM         64    615 AM  47    1984  62      2       58
                                      1915
  AVERAGE         75                        71      4       64

PRECIPITATION (IN)
  YESTERDAY        0.00          2.11 1987   0.10  -0.10     0.00
  MONTH TO DATE    4.33                      2.52   1.81     2.98
  SINCE JUN 1      7.20                      9.41  -2.21    10.06
  SINCE JAN 1     19.93                     21.95  -2.02    21.80

SNOWFALL (IN)
  YESTERDAY        0.0           0.0    MM   0.0    0.0      0.0
  MONTH TO DATE    0.0                       0.0    0.0      0.0
  SINCE JUN 1      0.0                       0.0    0.0      0.0
  SINCE JUL 1      0.0                       0.0    0.0      0.0
  SNOW DEPTH       0

DEGREE DAYS
 HEATING
  YESTERDAY        0                         0      0        1
  MONTH TO DATE    0                         0      0        4
  SINCE JUN 1     14                        37    -23       29
  SINCE JUL 1      0                         2     -2        7

 COOLING
  YESTERDAY       10                         6      4        0
  MONTH TO DATE  318                       195    123      193
  SINCE JUN 1    891                       633    258      587
  SINCE JAN 1    969                       681    288      691
..................................................................


WIND (MPH)
  HIGHEST WIND SPEED    13   HIGHEST WIND DIRECTION     W (260)
  HIGHEST GUST SPEED    16   HIGHEST GUST DIRECTION     W (260)
  AVERAGE WIND SPEED     4.4


SKY COVER
  POSSIBLE SUNSHINE  MM
  AVERAGE SKY COVER 0.5


WEATHER CONDITIONS
 THE FOLLOWING WEATHER WAS RECORDED YESTERDAY.
  FOG


RELATIVE HUMIDITY (PERCENT)
 HIGHEST    87           200 AM
 LOWEST     44           200 PM
 AVERAGE    66

..........................................................


THE DETROIT MI CLIMATE NORMALS FOR TODAY
                         NORMAL    RECORD    YEAR
 MAXIMUM TEMPERATURE (F)   80        98      1948
 MINIMUM TEMPERATURE (F)   61        47      1915
                                             1876


SUNRISE AND SUNSET
AUGUST 27 2016........SUNRISE   654 AM EDT   SUNSET   815 PM EDT
AUGUST 28 2016........SUNRISE   655 AM EDT   SUNSET   813 PM EDT


-  INDICATES NEGATIVE NUMBERS.
R  INDICATES RECORD WAS SET OR TIED.
MM INDICATES DATA IS MISSING.
T  INDICATES TRACE AMOUNT.




$$
