000
CDUS43 KDTX 280539
CLIDTW


CLIMATE REPORT
NATIONAL WEATHER SERVICE DETROIT/PONTIAC MI
139 AM EDT SAT MAY 28 2016


...................................

...THE DETROIT MI CLIMATE SUMMARY FOR MAY 27 2016...

CLIMATE NORMAL PERIOD 1981 TO 2010
CLIMATE RECORD PERIOD 1874 TO 2016


WEATHER ITEM   OBSERVED TIME   RECORD YEAR NORMAL DEPARTURE LAST
                VALUE   (LST)  VALUE       VALUE  FROM      YEAR
                                                  NORMAL
..................................................................
TEMPERATURE (F)
 YESTERDAY
  MAXIMUM         82    319 PM  91    1941  73      9       81
                                      1911
  MINIMUM         66    557 AM  35    1915  53     13       64
  AVERAGE         74                        63     11       73

PRECIPITATION (IN)
  YESTERDAY        0.00          1.68 2014   0.12  -0.12      T
                                      1882
  MONTH TO DATE    2.05                      2.93  -0.88     3.19
  SINCE MAR 1      9.22                      8.11   1.11     6.60
  SINCE JAN 1     12.58                     12.09   0.49     9.40

SNOWFALL (IN)
  YESTERDAY        0.0           0.0    MM   0.0    0.0      0.0
  MONTH TO DATE    T                         0.0    0.0      0.0
  SINCE MAR 1      8.7                       8.6    0.1      2.8
  SINCE JUL 1     35.3                      42.5   -7.2     47.5
  SNOW DEPTH       0

DEGREE DAYS
 HEATING
  YESTERDAY        0                         4     -4        0
  MONTH TO DATE  192                       194     -2       96
  SINCE MAR 1   1416                      1535   -119     1474
  SINCE JUL 1   5181                      6088   -907     6585

 COOLING
  YESTERDAY        9                         2      7        8
  MONTH TO DATE   36                        30      6       89
  SINCE MAR 1     36                        36      0       89
  SINCE JAN 1     36                        36      0       89
..................................................................


WIND (MPH)
  HIGHEST WIND SPEED    12   HIGHEST WIND DIRECTION    SE (140)
  HIGHEST GUST SPEED    16   HIGHEST GUST DIRECTION     S (190)
  AVERAGE WIND SPEED     6.4


SKY COVER
  POSSIBLE SUNSHINE  MM
  AVERAGE SKY COVER 0.8


WEATHER CONDITIONS
 THE FOLLOWING WEATHER WAS RECORDED YESTERDAY.
  FOG
  HAZE


RELATIVE HUMIDITY (PERCENT)
 HIGHEST    87           600 AM
 LOWEST     54           700 PM
 AVERAGE    71

..........................................................


THE DETROIT MI CLIMATE NORMALS FOR TODAY
                         NORMAL    RECORD    YEAR
 MAXIMUM TEMPERATURE (F)   74        95      2012
 MINIMUM TEMPERATURE (F)   53        35      1907
                                             1894
                                             1889


SUNRISE AND SUNSET
MAY 28 2016...........SUNRISE   601 AM EDT   SUNSET   900 PM EDT
MAY 29 2016...........SUNRISE   601 AM EDT   SUNSET   901 PM EDT


-  INDICATES NEGATIVE NUMBERS.
R  INDICATES RECORD WAS SET OR TIED.
MM INDICATES DATA IS MISSING.
T  INDICATES TRACE AMOUNT.




$$
