941
CDUS43 KDTX 110542
CLIDTW


CLIMATE REPORT
NATIONAL WEATHER SERVICE DETROIT/PONTIAC MI
1242 AM EST THU FEB 11 2016


...................................

...THE DETROIT MI CLIMATE SUMMARY FOR FEBRUARY 10 2016...

CLIMATE NORMAL PERIOD 1981 TO 2010
CLIMATE RECORD PERIOD 1874 TO 2016


WEATHER ITEM   OBSERVED TIME   RECORD YEAR NORMAL DEPARTURE LAST
                VALUE   (LST)  VALUE       VALUE  FROM      YEAR
                                                  NORMAL
..................................................................
TEMPERATURE (F)
 YESTERDAY
  MAXIMUM         25   1250 AM  59    2009  34     -9       28
  MINIMUM         13   1140 PM -13    1899  20     -7       14
  AVERAGE         19                        27     -8       21

PRECIPITATION (IN)
  YESTERDAY        0.04          1.24 1981   0.08  -0.04      T
  MONTH TO DATE    0.68                      0.67   0.01     1.07
  SINCE DEC 1      5.03                      5.09  -0.06     3.93
  SINCE JAN 1      2.02                      2.63  -0.61     2.52

SNOWFALL (IN)
  YESTERDAY        0.7           8.1  1981   0.3    0.4      0.1
  MONTH TO DATE    3.4                       3.6   -0.2     19.5
  SINCE DEC 1     13.1                      25.7  -12.6     33.8
  SINCE JUL 1     19.3                      27.3   -8.0     37.8
  SNOW DEPTH       3

DEGREE DAYS
 HEATING
  YESTERDAY       46                        38      8       44
  MONTH TO DATE  312                       386    -74      438
  SINCE DEC 1   2183                      2691   -508     2754
  SINCE JUL 1   3103                      3906   -803     4131

 COOLING
  YESTERDAY        0                         0      0        0
  MONTH TO DATE    0                         0      0        0
  SINCE DEC 1      0                         0      0        0
  SINCE JAN 1      0                         0      0        0
..................................................................


WIND (MPH)
  HIGHEST WIND SPEED    22   HIGHEST WIND DIRECTION     W (280)
  HIGHEST GUST SPEED    28   HIGHEST GUST DIRECTION     W (270)
  AVERAGE WIND SPEED    13.8


SKY COVER
  POSSIBLE SUNSHINE  MM
  AVERAGE SKY COVER 1.0


WEATHER CONDITIONS
 THE FOLLOWING WEATHER WAS RECORDED YESTERDAY.
  LIGHT SNOW
  FOG


RELATIVE HUMIDITY (PERCENT)
 HIGHEST    81          1200 AM
 LOWEST     51           600 PM
 AVERAGE    66

..........................................................


THE DETROIT MI CLIMATE NORMALS FOR TODAY
                         NORMAL    RECORD    YEAR
 MAXIMUM TEMPERATURE (F)   34        70      1999
 MINIMUM TEMPERATURE (F)   20       -10      1885


SUNRISE AND SUNSET
FEBRUARY 11 2016......SUNRISE   736 AM EST   SUNSET   600 PM EST
FEBRUARY 12 2016......SUNRISE   734 AM EST   SUNSET   601 PM EST


-  INDICATES NEGATIVE NUMBERS.
R  INDICATES RECORD WAS SET OR TIED.
MM INDICATES DATA IS MISSING.
T  INDICATES TRACE AMOUNT.




$$
