000
CDUS43 KDTX 280536
CLIDTW


CLIMATE REPORT
NATIONAL WEATHER SERVICE DETROIT/PONTIAC MI
135 AM EDT THU AUG 28 2014


...................................

...THE DETROIT MI CLIMATE SUMMARY FOR AUGUST 27 2014...

CLIMATE NORMAL PERIOD 1981 TO 2010
CLIMATE RECORD PERIOD 1874 TO 2014


WEATHER ITEM   OBSERVED TIME   RECORD YEAR NORMAL DEPARTURE LAST
                VALUE   (LST)  VALUE       VALUE  FROM      YEAR
                                                  NORMAL
..................................................................
TEMPERATURE (F)
 YESTERDAY
  MAXIMUM         81    235 PM  98    1948  80      1       84
  MINIMUM         64   1159 PM  47    1915  61      3       73
                                      1876
  AVERAGE         73                        71      2       79

PRECIPITATION (IN)
  YESTERDAY        0.00          1.30 1903   0.09  -0.09     0.97
  MONTH TO DATE    6.28                      2.61   3.67     3.53
  SINCE JUN 1     12.71                      9.50   3.21    13.68
  SINCE JAN 1     27.38                     22.04   5.34    28.53

SNOWFALL (IN)
  YESTERDAY        0.0           0.0    MM   0.0    0.0      0.0
  MONTH TO DATE    0.0                       0.0    0.0      0.0
  SINCE JUN 1      0.0                       0.0    0.0      0.0
  SINCE JUL 1      0.0                       0.0    0.0      0.0
  SNOW DEPTH       0

DEGREE DAYS
 HEATING
  YESTERDAY        0                         0      0        0
  MONTH TO DATE    5                         0      5        8
  SINCE JUN 1     25                        37    -12       35
  SINCE JUL 1     13                         2     11       12

 COOLING
  YESTERDAY        8                         6      2       14
  MONTH TO DATE  187                       201    -14      177
  SINCE JUN 1    539                       639   -100      640
  SINCE JAN 1    603                       687    -84      743
..................................................................


WIND (MPH)
  HIGHEST WIND SPEED    12   HIGHEST WIND DIRECTION    NW (320)
  HIGHEST GUST SPEED    15   HIGHEST GUST DIRECTION    NW (310)
  AVERAGE WIND SPEED     6.5


SKY COVER
  POSSIBLE SUNSHINE  MM
  AVERAGE SKY COVER 0.8


WEATHER CONDITIONS
 THE FOLLOWING WEATHER WAS RECORDED YESTERDAY.
  FOG


RELATIVE HUMIDITY (PERCENT)
 HIGHEST    97          1200 AM
 LOWEST     51           300 PM
 AVERAGE    74

..........................................................


THE DETROIT MI CLIMATE NORMALS FOR TODAY
                         NORMAL    RECORD    YEAR
 MAXIMUM TEMPERATURE (F)   80        97      1948
 MINIMUM TEMPERATURE (F)   61        43      1986


SUNRISE AND SUNSET
AUGUST 28 2014........SUNRISE   654 AM EDT   SUNSET   814 PM EDT
AUGUST 29 2014........SUNRISE   655 AM EDT   SUNSET   812 PM EDT


-  INDICATES NEGATIVE NUMBERS.
R  INDICATES RECORD WAS SET OR TIED.
MM INDICATES DATA IS MISSING.
T  INDICATES TRACE AMOUNT.




$$
