000
CDUS43 KDTX 242057
CLIDTW


CLIMATE REPORT
NATIONAL WEATHER SERVICE DETROIT/PONTIAC MI
439 PM EDT THU JUL 24 2014


...................................

...THE DETROIT MI CLIMATE SUMMARY FOR JULY 24 2014...
VALID TODAY AS OF 0400 PM LOCAL TIME.

CLIMATE NORMAL PERIOD 1981 TO 2010
CLIMATE RECORD PERIOD 1874 TO 2014


WEATHER ITEM   OBSERVED TIME   RECORD YEAR NORMAL DEPARTURE LAST
                VALUE   (LST)  VALUE       VALUE  FROM      YEAR
                                                  NORMAL
..................................................................
TEMPERATURE (F)
 TODAY
  MAXIMUM         76    252 PM 105    1934  83     -7       74
  MINIMUM         56    542 AM  52    1974  64     -8       57
                                      1953
  AVERAGE         66                        74     -8       66

PRECIPITATION (IN)
  TODAY            0.00          2.34 1912   0.12  -0.12     0.00
  MONTH TO DATE    1.29                      2.55  -1.26     3.86
  SINCE JUN 1      5.29                      6.07  -0.78     9.87
  SINCE JAN 1     19.96                     18.61   1.35    24.72

SNOWFALL (IN)
  TODAY            0.0           0.0    MM   0.0    0.0      0.0
  MONTH TO DATE    0.0                       0.0    0.0      0.0
  SINCE JUN 1      0.0                       0.0    0.0      0.0
  SINCE JUL 1      0.0                       0.0    0.0      0.0
  SNOW DEPTH       0

DEGREE DAYS
 HEATING
  TODAY            0                         0      0        0
  MONTH TO DATE    3                         0      3        0
  SINCE JUN 1     15                        35    -20       23
  SINCE JUL 1      3                         0      3        0

 COOLING
  TODAY            1                         9     -8        1
  MONTH TO DATE  142                       213    -71      278
  SINCE JUN 1    327                       380    -53      448
  SINCE JAN 1    391                       428    -37      551
..................................................................


WIND (MPH)
  HIGHEST WIND SPEED    13   HIGHEST WIND DIRECTION     N (360)
  HIGHEST GUST SPEED    18   HIGHEST GUST DIRECTION     N (20)
  AVERAGE WIND SPEED     7.6


SKY COVER
  POSSIBLE SUNSHINE  MM
  AVERAGE SKY COVER 0.5


WEATHER CONDITIONS
 THE FOLLOWING WEATHER WAS RECORDED TODAY.
  NO SIGNIFICANT WEATHER WAS OBSERVED.


RELATIVE HUMIDITY (PERCENT)
 HIGHEST    80           600 AM
 LOWEST     36           100 PM
 AVERAGE    58

..........................................................


THE DETROIT MI CLIMATE NORMALS FOR TOMORROW
                         NORMAL    RECORD    YEAR
 MAXIMUM TEMPERATURE (F)   83        99      1940
 MINIMUM TEMPERATURE (F)   64        51      1953


SUNRISE AND SUNSET
JULY 24 2014..........SUNRISE   618 AM EDT   SUNSET   901 PM EDT
JULY 25 2014..........SUNRISE   619 AM EDT   SUNSET   900 PM EDT


-  INDICATES NEGATIVE NUMBERS.
R  INDICATES RECORD WAS SET OR TIED.
MM INDICATES DATA IS MISSING.
T  INDICATES TRACE AMOUNT.




$$
