000
CDUS45 KTWC 300027
CLIDUG

CLIMATE REPORT
NATIONAL WEATHER SERVICE TUCSON AZ
526 PM MST WED MAR 29 2017


...................................

...THE DOUGLAS AZ CLIMATE SUMMARY FOR MARCH 29 2017...
VALID TODAY AS OF 0500 PM LOCAL TIME.

CLIMATE NORMAL PERIOD 1981 TO 2010
CLIMATE RECORD PERIOD 1948 TO 2017


WEATHER ITEM   OBSERVED TIME   RECORD YEAR NORMAL DEPARTURE LAST
                VALUE   (LST)  VALUE       VALUE  FROM      YEAR
                                                  NORMAL
..................................................................
TEMPERATURE (F)
 TODAY
  MAXIMUM         74    425 PM  85    2012  75     -1       72
                                      1971
  MINIMUM         38    241 AM  21    1972  39     -1       51
  AVERAGE         56                        57     -1       62

PRECIPITATION (IN)
  TODAY            0.00                      0.01  -0.01     0.00
  MONTH TO DATE    0.08                      0.48  -0.40     0.19
  SINCE OCT 1      3.05                      4.42  -1.37     2.64
  SINCE JAN 1      1.70                      1.87  -0.17     1.43

DEGREE DAYS
 HEATING
  TODAY            9                         8      1        3
  MONTH TO DATE  166                       309   -143      235
  SINCE MAR 1    166                       309   -143      235
  SINCE JUL 1   1959                      2345   -386     2407

 COOLING
  TODAY            0                         0      0        0
  MONTH TO DATE    7                         0      7        0
  SINCE MAR 1      7                         0      7        0
  SINCE JAN 1      7                         0      7        0
..................................................................


WIND (MPH)
  HIGHEST WIND SPEED    18   HIGHEST WIND DIRECTION     N (350)
  HIGHEST GUST SPEED    24   HIGHEST GUST DIRECTION     N (360)
  AVERAGE WIND SPEED     9.3


SKY COVER
  POSSIBLE SUNSHINE  MM
  AVERAGE SKY COVER 0.0


WEATHER CONDITIONS
 THE FOLLOWING WEATHER WAS RECORDED TODAY.
  NO SIGNIFICANT WEATHER WAS OBSERVED.


RELATIVE HUMIDITY (PERCENT)
 HIGHEST    64
 LOWEST     16
 AVERAGE    40

..........................................................


THE DOUGLAS AZ CLIMATE NORMALS FOR TOMORROW
                         NORMAL    RECORD    YEAR
 MAXIMUM TEMPERATURE (F)   75        88      1950
 MINIMUM TEMPERATURE (F)   39        22      1987


SUNRISE AND SUNSET
MARCH 29 2017.........SUNRISE   610 AM MST   SUNSET   636 PM MST
MARCH 30 2017.........SUNRISE   609 AM MST   SUNSET   637 PM MST


-  INDICATES NEGATIVE NUMBERS.
R  INDICATES RECORD WAS SET OR TIED.
MM INDICATES DATA IS MISSING.
T  INDICATES TRACE AMOUNT.




$$
