000
CDUS45 KTWC 211426
CLIDUG

CLIMATE REPORT
NATIONAL WEATHER SERVICE TUCSON AZ
725 AM MST FRI NOV 21 2014


...................................

...THE DOUGLAS AZ CLIMATE SUMMARY FOR NOVEMBER 21 2014...
VALID AS OF 0700 AM LOCAL TIME.

CLIMATE NORMAL PERIOD 1981 TO 2010
CLIMATE RECORD PERIOD 1948 TO 2014


WEATHER ITEM   OBSERVED TIME   RECORD YEAR NORMAL DEPARTURE LAST
                VALUE   (LST)  VALUE       VALUE  FROM      YEAR
                                                  NORMAL
..................................................................
TEMPERATURE (F)
 TODAY
  MINIMUM         25    658 AM  16    1979  34     -9       41

PRECIPITATION (IN)
  TODAY            0.00          0.61 1963   0.03  -0.03     0.00
  MONTH TO DATE    0.01                      0.47  -0.46      T
  SINCE OCT 1      1.37                      1.36   0.01      T
  SINCE JAN 1     14.94                     11.91   3.03    17.11

DEGREE DAYS
 HEATING
  TODAY           32                        14     18        9

 COOLING
  TODAY            0                         0      0        0
..................................................................


WIND (MPH)
  HIGHEST WIND SPEED     8   HIGHEST WIND DIRECTION     N (10)
  HIGHEST GUST SPEED     8   HIGHEST GUST DIRECTION    NE (50)
  AVERAGE WIND SPEED     3.0


SKY COVER
  POSSIBLE SUNSHINE  MM
  AVERAGE SKY COVER 0.0


WEATHER CONDITIONS
 THE FOLLOWING WEATHER WAS RECORDED TODAY.
  NO SIGNIFICANT WEATHER WAS OBSERVED.


RELATIVE HUMIDITY (PERCENT)
 HIGHEST    58           600 AM

..........................................................


THE DOUGLAS AZ CLIMATE NORMALS FOR TOMORROW
                         NORMAL    RECORD    YEAR
 MAXIMUM TEMPERATURE (F)   68        81      1950
 MINIMUM TEMPERATURE (F)   34        17      1953


SUNRISE AND SUNSET
NOVEMBER 21 2014......SUNRISE   651 AM MST   SUNSET   517 PM MST
NOVEMBER 22 2014......SUNRISE   652 AM MST   SUNSET   517 PM MST


-  INDICATES NEGATIVE NUMBERS.
R  INDICATES RECORD WAS SET OR TIED.
MM INDICATES DATA IS MISSING.
T  INDICATES TRACE AMOUNT.




$$
