672
CDUS45 KTWC 230731
CLIDUG

CLIMATE REPORT
NATIONAL WEATHER SERVICE TUCSON AZ
1229 AM MST THU FEB 23 2017


...................................

...THE DOUGLAS AZ CLIMATE SUMMARY FOR FEBRUARY 22 2017...

CLIMATE NORMAL PERIOD 1981 TO 2010
CLIMATE RECORD PERIOD 1948 TO 2017


WEATHER ITEM   OBSERVED TIME   RECORD YEAR NORMAL DEPARTURE LAST
                VALUE   (LST)  VALUE       VALUE  FROM      YEAR
                                                  NORMAL
..................................................................
TEMPERATURE (F)
 YESTERDAY
  MAXIMUM         82R   403 PM  80    1982  68     14       76
  MINIMUM         35    634 AM  14    1964  34      1       32
                                      1955
  AVERAGE         59                        51      8       54

PRECIPITATION (IN)
  YESTERDAY        0.00          0.32 1985   0.02  -0.02     0.00
  MONTH TO DATE    0.38                      0.53  -0.15     0.08
  SINCE OCT 1      2.97                      3.82  -0.85     2.45
  SINCE JAN 1      1.62                      1.27   0.35     1.24

DEGREE DAYS
 HEATING
  YESTERDAY        6                        14     -8       11
  MONTH TO DATE  272                       350    -78      322
  SINCE DEC 1   1369                      1520   -151     1647
  SINCE JUL 1   1705                      1955   -250     2100

 COOLING
  YESTERDAY        0                         0      0        0
  MONTH TO DATE    0                         0      0        0
  SINCE DEC 1      0                         0      0        0
  SINCE JAN 1      0                         0      0        0
..................................................................


WIND (MPH)
  HIGHEST WIND SPEED    25   HIGHEST WIND DIRECTION     W (250)
  HIGHEST GUST SPEED    31   HIGHEST GUST DIRECTION     W (250)
  AVERAGE WIND SPEED     6.3


SKY COVER
  POSSIBLE SUNSHINE  MM
  AVERAGE SKY COVER 0.0


WEATHER CONDITIONS
 THE FOLLOWING WEATHER WAS RECORDED YESTERDAY.
  NO SIGNIFICANT WEATHER WAS OBSERVED.


RELATIVE HUMIDITY (PERCENT)
 HIGHEST    85
 LOWEST     12
 AVERAGE    49

..........................................................


THE DOUGLAS AZ CLIMATE NORMALS FOR TODAY
                         NORMAL    RECORD    YEAR
 MAXIMUM TEMPERATURE (F)   68        86      2009
 MINIMUM TEMPERATURE (F)   34        18      1975
                                             1955


SUNRISE AND SUNSET
FEBRUARY 23 2017......SUNRISE   652 AM MST   SUNSET   612 PM MST
FEBRUARY 24 2017......SUNRISE   650 AM MST   SUNSET   613 PM MST


-  INDICATES NEGATIVE NUMBERS.
R  INDICATES RECORD WAS SET OR TIED.
MM INDICATES DATA IS MISSING.
T  INDICATES TRACE AMOUNT.




$$
