000
CDUS45 KTWC 280026
CLIDUG

CLIMATE REPORT
NATIONAL WEATHER SERVICE TUCSON AZ
525 PM MST SUN JUL 27 2014


...................................

...THE DOUGLAS AZ CLIMATE SUMMARY FOR JULY 27 2014...
VALID TODAY AS OF 0500 PM LOCAL TIME.

CLIMATE NORMAL PERIOD 1981 TO 2010
CLIMATE RECORD PERIOD 1948 TO 2014


WEATHER ITEM   OBSERVED TIME   RECORD YEAR NORMAL DEPARTURE LAST
                VALUE   (LST)  VALUE       VALUE  FROM      YEAR
                                                  NORMAL
..................................................................
TEMPERATURE (F)
 TODAY
  MAXIMUM         93    408 PM 105    2009  92      1       91
                                      1995
  MINIMUM         71    614 AM  59    1993  66      5       69
  AVERAGE         82                        79      3       80

PRECIPITATION (IN)
  TODAY            0.00                      0.12  -0.12     0.00
  MONTH TO DATE    2.83                      2.45   0.38     9.67
  SINCE OCT 1      4.30                      8.01  -3.71    11.28
  SINCE JAN 1      3.48                      5.46  -1.98    10.65

DEGREE DAYS
 COOLING
  TODAY           17                        14      3       15
  MONTH TO DATE  414                       412      2      383
  SINCE JUN 1    912                       807    105      892
  SINCE JAN 1   1080                      1008     72     1092
..................................................................


WIND (MPH)
  HIGHEST WIND SPEED    22   HIGHEST WIND DIRECTION     N (350)
  HIGHEST GUST SPEED    28   HIGHEST GUST DIRECTION     N (350)
  AVERAGE WIND SPEED    10.4


SKY COVER
  POSSIBLE SUNSHINE  MM
  AVERAGE SKY COVER 0.1


WEATHER CONDITIONS
 THE FOLLOWING WEATHER WAS RECORDED TODAY.
  NO SIGNIFICANT WEATHER WAS OBSERVED.


RELATIVE HUMIDITY (PERCENT)
 HIGHEST    68
 LOWEST     23
 AVERAGE    46

..........................................................


THE DOUGLAS AZ CLIMATE NORMALS FOR TOMORROW
                         NORMAL    RECORD    YEAR
 MAXIMUM TEMPERATURE (F)   92       106      1995
 MINIMUM TEMPERATURE (F)   66        61      1999
                                             1976


SUNRISE AND SUNSET
JULY 27 2014..........SUNRISE   532 AM MST   SUNSET   718 PM MST
JULY 28 2014..........SUNRISE   532 AM MST   SUNSET   717 PM MST


-  INDICATES NEGATIVE NUMBERS.
R  INDICATES RECORD WAS SET OR TIED.
MM INDICATES DATA IS MISSING.
T  INDICATES TRACE AMOUNT.




$$
