000
CDUS45 KTWC 060730 RRA
CLIDUG

CLIMATE REPORT
NATIONAL WEATHER SERVICE TUCSON AZ
1229 AM MST SAT FEB 6 2016


...................................

...THE DOUGLAS AZ CLIMATE SUMMARY FOR FEBRUARY 5 2016...

CLIMATE NORMAL PERIOD 1981 TO 2010
CLIMATE RECORD PERIOD 1948 TO 2016


WEATHER ITEM   OBSERVED TIME   RECORD YEAR NORMAL DEPARTURE LAST
                VALUE   (LST)  VALUE       VALUE  FROM      YEAR
                                                  NORMAL
..................................................................
TEMPERATURE (F)
 YESTERDAY
  MAXIMUM         62    331 PM  82    1963  65     -3       76
  MINIMUM         14    528 AM  11    2011  31    -17       33
  AVERAGE         38                        48    -10       55

PRECIPITATION (IN)
  YESTERDAY        0.00          0.47 2005   0.02  -0.02     0.00
  MONTH TO DATE    0.08                      0.13  -0.05     0.00
  SINCE OCT 1      2.45                      3.42  -0.97     3.11
  SINCE JAN 1      1.24                      0.87   0.37     1.14

DEGREE DAYS
 HEATING
  YESTERDAY       27                        17     10       10
  MONTH TO DATE  140                        85     55       65
  SINCE DEC 1   1465                      1255    210     1218
  SINCE JUL 1   1918                      1690    228     1612

 COOLING
  YESTERDAY        0                         0      0        0
  MONTH TO DATE    0                         0      0        0
  SINCE DEC 1      0                         0      0        0
  SINCE JAN 1      0                         0      0        0
..................................................................


WIND (MPH)
  HIGHEST WIND SPEED    18   HIGHEST WIND DIRECTION     E (80)
  HIGHEST GUST SPEED    24   HIGHEST GUST DIRECTION     E (80)
  AVERAGE WIND SPEED     6.9


SKY COVER
  POSSIBLE SUNSHINE  MM
  AVERAGE SKY COVER 0.0


WEATHER CONDITIONS
 THE FOLLOWING WEATHER WAS RECORDED YESTERDAY.
  NO SIGNIFICANT WEATHER WAS OBSERVED.


RELATIVE HUMIDITY (PERCENT)
 HIGHEST    74
 LOWEST     14
 AVERAGE    44

..........................................................


THE DOUGLAS AZ CLIMATE NORMALS FOR TODAY
                         NORMAL    RECORD    YEAR
 MAXIMUM TEMPERATURE (F)   65        82      1963
 MINIMUM TEMPERATURE (F)   32        14      1955


SUNRISE AND SUNSET
FEBRUARY  6 2016......SUNRISE   708 AM MST   SUNSET   557 PM MST
FEBRUARY  7 2016......SUNRISE   707 AM MST   SUNSET   558 PM MST


-  INDICATES NEGATIVE NUMBERS.
R  INDICATES RECORD WAS SET OR TIED.
MM INDICATES DATA IS MISSING.
T  INDICATES TRACE AMOUNT.




$$
