000
CDUS45 KTWC 030030
CLIDUG

CLIMATE REPORT
NATIONAL WEATHER SERVICE TUCSON AZ
528 PM MST TUE SEP 2 2014


...................................

...THE DOUGLAS AZ CLIMATE SUMMARY FOR SEPTEMBER 2 2014...
VALID TODAY AS OF 0500 PM LOCAL TIME.

CLIMATE NORMAL PERIOD 1981 TO 2010
CLIMATE RECORD PERIOD 1948 TO 2014


WEATHER ITEM   OBSERVED TIME   RECORD YEAR NORMAL DEPARTURE LAST
                VALUE   (LST)  VALUE       VALUE  FROM      YEAR
                                                  NORMAL
..................................................................
TEMPERATURE (F)
 TODAY
  MAXIMUM         97    306 PM 101    1982  92      5       96
  MINIMUM         57    618 AM  56    1973  63     -6       66
                                      1968
  AVERAGE         77                        77      0       81

PRECIPITATION (IN)
  TODAY            0.00                      0.06  -0.06     0.02
  MONTH TO DATE    0.00                      0.12  -0.12     0.02
  SINCE OCT 1     10.26                     11.68  -1.42    15.60
  SINCE JAN 1      9.44                      9.13   0.31    14.97

DEGREE DAYS
 HEATING
  TODAY            0                         0      0        0
  MONTH TO DATE    0                         0      0        0
  SINCE SEP 1      0                         0      0        0
  SINCE JUL 1      0                         0      0        0

 COOLING
  TODAY           12                        12      0       16
  MONTH TO DATE   23                        25     -2       30
  SINCE SEP 1     23                        25     -2       30
  SINCE JAN 1   1469                      1495    -26     1570
..................................................................


WIND (MPH)
  HIGHEST WIND SPEED    14   HIGHEST WIND DIRECTION     N (340)
  HIGHEST GUST SPEED    16   HIGHEST GUST DIRECTION     N (340)
  AVERAGE WIND SPEED     2.6


SKY COVER
  POSSIBLE SUNSHINE  MM
  AVERAGE SKY COVER 0.0


WEATHER CONDITIONS
 THE FOLLOWING WEATHER WAS RECORDED TODAY.
  NO SIGNIFICANT WEATHER WAS OBSERVED.


RELATIVE HUMIDITY (PERCENT)
 HIGHEST    72
 LOWEST     17
 AVERAGE    45

..........................................................


THE DOUGLAS AZ CLIMATE NORMALS FOR TOMORROW
                         NORMAL    RECORD    YEAR
 MAXIMUM TEMPERATURE (F)   92       102      1948
 MINIMUM TEMPERATURE (F)   63        48      1955


SUNRISE AND SUNSET
SEPTEMBER  2 2014.....SUNRISE   555 AM MST   SUNSET   641 PM MST
SEPTEMBER  3 2014.....SUNRISE   555 AM MST   SUNSET   639 PM MST


-  INDICATES NEGATIVE NUMBERS.
R  INDICATES RECORD WAS SET OR TIED.
MM INDICATES DATA IS MISSING.
T  INDICATES TRACE AMOUNT.




$$
