000
CDUS45 KTWC 261428
CLIDUG

CLIMATE REPORT
NATIONAL WEATHER SERVICE TUCSON AZ
728 AM MST TUE SEP 26 2017


...................................

...THE DOUGLAS AZ CLIMATE SUMMARY FOR SEPTEMBER 26 2017...
VALID AS OF 0700 AM LOCAL TIME.

CLIMATE NORMAL PERIOD 1981 TO 2010
CLIMATE RECORD PERIOD 1948 TO 2017


WEATHER ITEM   OBSERVED TIME   RECORD YEAR NORMAL DEPARTURE LAST
                VALUE   (LST)  VALUE       VALUE  FROM      YEAR
                                                  NORMAL
..................................................................
TEMPERATURE (F)
 TODAY
  MINIMUM         44R   447 AM  45    1955  56    -12       54

PRECIPITATION (IN)
  TODAY            0.00          0.61 1977   0.04  -0.04     0.39
  MONTH TO DATE    T                         1.37  -1.37     1.62
  SINCE OCT 1     10.03                     12.93  -2.90    13.03
  SINCE JAN 1      8.68                     10.38  -1.70    11.82

DEGREE DAYS
 HEATING
  TODAY           13                         0     13        4

 COOLING
  TODAY            0                         6     -6        0
..................................................................


WIND (MPH)
  HIGHEST WIND SPEED     8   HIGHEST WIND DIRECTION     N (20)
  HIGHEST GUST SPEED    10   HIGHEST GUST DIRECTION    NW (310)
  AVERAGE WIND SPEED     3.6


SKY COVER
  POSSIBLE SUNSHINE  MM
  AVERAGE SKY COVER 0.1


WEATHER CONDITIONS
 THE FOLLOWING WEATHER WAS RECORDED TODAY.
  NO SIGNIFICANT WEATHER WAS OBSERVED.


RELATIVE HUMIDITY (PERCENT)
 HIGHEST    38           600 AM

..........................................................


THE DOUGLAS AZ CLIMATE NORMALS FOR TOMORROW
                         NORMAL    RECORD    YEAR
 MAXIMUM TEMPERATURE (F)   87        97      2005
 MINIMUM TEMPERATURE (F)   55        43      1955


SUNRISE AND SUNSET
SEPTEMBER 26 2017.....SUNRISE   609 AM MST   SUNSET   609 PM MST
SEPTEMBER 27 2017.....SUNRISE   610 AM MST   SUNSET   608 PM MST


-  INDICATES NEGATIVE NUMBERS.
R  INDICATES RECORD WAS SET OR TIED.
MM INDICATES DATA IS MISSING.
T  INDICATES TRACE AMOUNT.




$$
