000
CDUS43 KDVN 191015
CLIDVN


CLIMATE REPORT
NATIONAL WEATHER SERVICE QUAD CITIES IA IL
415 AM CST MON FEB 19 2018


...................................

...THE DAVENPORT IA CLIMATE SUMMARY FOR FEBRUARY 18 2018...

CLIMATE NORMAL PERIOD 1981 TO 2010
CLIMATE RECORD PERIOD 9999 TO 9999


WEATHER ITEM   OBSERVED TIME   RECORD YEAR NORMAL DEPARTURE LAST
                VALUE   (LST)  VALUE       VALUE  FROM      YEAR
                                                  NORMAL
..................................................................
TEMPERATURE (F)
 YESTERDAY
  MAXIMUM         44    438 PM  MM      MM  35      9       66
  MINIMUM         14    459 AM  MM      MM  19     -5       31
  AVERAGE         29                        27      2       49

PRECIPITATION (IN)
  YESTERDAY        0.00         MM      MM   0.04  -0.04     0.00
  MONTH TO DATE    0.89                      0.78   0.11     0.23
  SINCE DEC 1      1.77                      3.70  -1.93     2.75
  SINCE JAN 1      1.23                      1.97  -0.74     1.37

SNOWFALL (IN)
  YESTERDAY        0.0          MM      MM  MM     MM        0.0
  MONTH TO DATE   16.0                      MM     MM        1.2
  SINCE DEC 1     24.2                      MM     MM       18.3
  SINCE JUL 1     24.3                      MM     MM       18.3
  SNOW DEPTH       1

DEGREE DAYS
 HEATING
  YESTERDAY       36                        38     -2       16
  MONTH TO DATE  841                       730    111      590
  SINCE DEC 1   3390                      3318     72     3007
  SINCE JUL 1   4600                      4666    -66     3862

 COOLING
  YESTERDAY        0                         0      0        0
  MONTH TO DATE    0                         0      0        0
  SINCE DEC 1      0                         0      0        0
  SINCE JAN 1      0                         0      0        0
..................................................................


WIND (MPH)
  HIGHEST WIND SPEED    32   HIGHEST WIND DIRECTION     S (160)
  HIGHEST GUST SPEED    38   HIGHEST GUST DIRECTION     S (160)
  AVERAGE WIND SPEED    15.5


SKY COVER
  POSSIBLE SUNSHINE  MM
  AVERAGE SKY COVER 0.2


WEATHER CONDITIONS
 THE FOLLOWING WEATHER WAS RECORDED YESTERDAY.
  FOG
  FOG W/VISIBILITY <= 1/4 MILE
  HAZE


RELATIVE HUMIDITY (PERCENT)
 HIGHEST    92          1200 AM
 LOWEST     57           600 PM
 AVERAGE    75

..........................................................


THE DAVENPORT IA CLIMATE NORMALS FOR TODAY
                         NORMAL    RECORD    YEAR
 MAXIMUM TEMPERATURE (F)   36        MM        MM
 MINIMUM TEMPERATURE (F)   19        MM        MM


SUNRISE AND SUNSET
FEBRUARY 19 2018......SUNRISE   652 AM CST   SUNSET   541 PM CST
FEBRUARY 20 2018......SUNRISE   651 AM CST   SUNSET   542 PM CST


-  INDICATES NEGATIVE NUMBERS.
R  INDICATES RECORD WAS SET OR TIED.
MM INDICATES DATA IS MISSING.
T  INDICATES TRACE AMOUNT.




$$
