000
CDUS43 KDVN 281009
CLIDVN


CLIMATE REPORT
NATIONAL WEATHER SERVICE QUAD CITIES IA IL
408 AM CST WED JAN 28 2015


...................................

...THE DAVENPORT IA CLIMATE SUMMARY FOR JANUARY 27 2015...

CLIMATE NORMAL PERIOD 1981 TO 2010
CLIMATE RECORD PERIOD 9999 TO 9999


WEATHER ITEM   OBSERVED TIME   RECORD YEAR NORMAL DEPARTURE LAST
                VALUE   (LST)  VALUE       VALUE  FROM      YEAR
                                                  NORMAL
..................................................................
TEMPERATURE (F)
 YESTERDAY
  MAXIMUM         34    431 AM  MM      MM  30      4        1
  MINIMUM         26   1159 PM  MM      MM  13     13       -8
  AVERAGE         30                        22      8       -3

PRECIPITATION (IN)
  YESTERDAY        T            MM      MM   0.07  -0.07     0.00
  MONTH TO DATE    0.67                      0.91  -0.24     0.72
  SINCE DEC 1      1.46                      2.64  -1.18     1.84
  SINCE JAN 1      0.67                      0.91  -0.24     0.72

SNOWFALL (IN)
  YESTERDAY        0.0          MM      MM  MM     MM        0.0
  MONTH TO DATE   10.6                      MM     MM       10.6
  SINCE DEC 1     10.6                      MM     MM       24.5
  SINCE JUL 1     14.6                      MM     MM       27.8
  SNOW DEPTH       2

DEGREE DAYS
 HEATING
  YESTERDAY       35                        43     -8       68
  MONTH TO DATE 1196                      1185     11     1367
  SINCE DEC 1   2269                      2417   -148     2786
  SINCE JUL 1   3874                      3765    109     4199

 COOLING
  YESTERDAY        0                         0      0        0
  MONTH TO DATE    0                         0      0        0
  SINCE DEC 1      0                         0      0        0
  SINCE JAN 1      0                         0      0        0
..................................................................


WIND (MPH)
  HIGHEST WIND SPEED    21   HIGHEST WIND DIRECTION     N (10)
  HIGHEST GUST SPEED    26   HIGHEST GUST DIRECTION     N (360)
  AVERAGE WIND SPEED     8.8


SKY COVER
  POSSIBLE SUNSHINE  MM
  AVERAGE SKY COVER 1.0


WEATHER CONDITIONS
 THE FOLLOWING WEATHER WAS RECORDED YESTERDAY.
  LIGHT RAIN
  FOG
  HAZE


RELATIVE HUMIDITY (PERCENT)
 HIGHEST    89           200 AM
 LOWEST     75           900 AM
 AVERAGE    82

..........................................................


THE DAVENPORT IA CLIMATE NORMALS FOR TODAY
                         NORMAL    RECORD    YEAR
 MAXIMUM TEMPERATURE (F)   30        MM        MM
 MINIMUM TEMPERATURE (F)   13        MM        MM


SUNRISE AND SUNSET
JANUARY 28 2015.......SUNRISE   718 AM CST   SUNSET   513 PM CST
JANUARY 29 2015.......SUNRISE   717 AM CST   SUNSET   514 PM CST


-  INDICATES NEGATIVE NUMBERS.
R  INDICATES RECORD WAS SET OR TIED.
MM INDICATES DATA IS MISSING.
T  INDICATES TRACE AMOUNT.




$$
