000
CDUS43 KDVN 260911
CLIDVN


CLIMATE REPORT
NATIONAL WEATHER SERVICE QUAD CITIES IA IL
409 AM CDT SUN MAR 26 2017


...................................

...THE DAVENPORT IA CLIMATE SUMMARY FOR MARCH 25 2017...

CLIMATE NORMAL PERIOD 1981 TO 2010
CLIMATE RECORD PERIOD 9999 TO 9999


WEATHER ITEM   OBSERVED TIME   RECORD YEAR NORMAL DEPARTURE LAST
                VALUE   (LST)  VALUE       VALUE  FROM      YEAR
                                                  NORMAL
..................................................................
TEMPERATURE (F)
 YESTERDAY
  MAXIMUM         51    429 PM  MM      MM  53     -2       49
  MINIMUM         41    938 AM  MM      MM  31     10       24
  AVERAGE         46                        42      4       37

PRECIPITATION (IN)
  YESTERDAY        0.40         MM      MM   0.08   0.32     0.00
  MONTH TO DATE    1.40                      2.00  -0.60     2.74
  SINCE MAR 1      1.40                      2.00  -0.60     2.74
  SINCE JAN 1      3.35                      4.53  -1.18     3.52

SNOWFALL (IN)
  YESTERDAY        0.0          MM      MM  MM     MM        0.0
  MONTH TO DATE    6.1                      MM     MM        1.2
  SINCE MAR 1      6.1                      MM     MM        1.2
  SINCE JUL 1     25.2                      MM     MM       16.6
  SNOW DEPTH       0

DEGREE DAYS
 HEATING
  YESTERDAY       19                        23     -4       28
  MONTH TO DATE  682                       705    -23      546
  SINCE MAR 1    682                       705    -23      546
  SINCE JUL 1   4738                      5730   -992     4770

 COOLING
  YESTERDAY        0                         0      0        0
  MONTH TO DATE    0                         0      0        1
  SINCE MAR 1      0                         0      0        1
  SINCE JAN 1      0                         0      0        1
..................................................................


WIND (MPH)
  HIGHEST WIND SPEED    24   HIGHEST WIND DIRECTION    NE (50)
  HIGHEST GUST SPEED    30   HIGHEST GUST DIRECTION    NE (50)
  AVERAGE WIND SPEED    17.2


SKY COVER
  POSSIBLE SUNSHINE  MM
  AVERAGE SKY COVER 1.0


WEATHER CONDITIONS
 THE FOLLOWING WEATHER WAS RECORDED YESTERDAY.
  HEAVY RAIN
  RAIN
  LIGHT RAIN
  FOG


RELATIVE HUMIDITY (PERCENT)
 HIGHEST   100           900 PM
 LOWEST     89           300 AM
 AVERAGE    95

..........................................................


THE DAVENPORT IA CLIMATE NORMALS FOR TODAY
                         NORMAL    RECORD    YEAR
 MAXIMUM TEMPERATURE (F)   54        MM        MM
 MINIMUM TEMPERATURE (F)   32        MM        MM


SUNRISE AND SUNSET
MARCH 26 2017.........SUNRISE   655 AM CDT   SUNSET   721 PM CDT
MARCH 27 2017.........SUNRISE   653 AM CDT   SUNSET   723 PM CDT


-  INDICATES NEGATIVE NUMBERS.
R  INDICATES RECORD WAS SET OR TIED.
MM INDICATES DATA IS MISSING.
T  INDICATES TRACE AMOUNT.




$$
