000
CDUS43 KDVN 300909
CLIDVN


CLIMATE REPORT
NATIONAL WEATHER SERVICE QUAD CITIES IA IL
408 AM CDT SAT JUL 30 2016


...................................

...THE DAVENPORT IA CLIMATE SUMMARY FOR JULY 29 2016...

CLIMATE NORMAL PERIOD 1981 TO 2010
CLIMATE RECORD PERIOD 9999 TO 9999


WEATHER ITEM   OBSERVED TIME   RECORD YEAR NORMAL DEPARTURE LAST
                VALUE   (LST)  VALUE       VALUE  FROM      YEAR
                                                  NORMAL
..................................................................
TEMPERATURE (F)
 YESTERDAY
  MAXIMUM         79    320 PM  MM      MM  83     -4       82
  MINIMUM         66    910 PM  MM      MM  63      3       64
  AVERAGE         73                        73      0       73

PRECIPITATION (IN)
  YESTERDAY        T            MM      MM   0.13  -0.13     0.01
  MONTH TO DATE    6.60                      3.94   2.66     6.90
  SINCE JUN 1     12.19                      8.13   4.06    14.58
  SINCE JAN 1     22.75                     20.94   1.81    25.22

SNOWFALL (IN)
  YESTERDAY        0.0          MM      MM  MM     MM        0.0
  MONTH TO DATE    0.0                      MM     MM        0.0
  SINCE JUN 1      0.0                      MM     MM        0.0
  SINCE JUL 1      0.0                      MM     MM        0.0
  SNOW DEPTH       0

DEGREE DAYS
 HEATING
  YESTERDAY        0                         0      0        0
  MONTH TO DATE    4                         0      4        5
  SINCE JUN 1      9                        24    -15       12
  SINCE JUL 1      4                         0      4        5

 COOLING
  YESTERDAY        8                         8      0        8
  MONTH TO DATE  248                       241      7      213
  SINCE JUN 1    476                       423     53      399
  SINCE JAN 1    561                       484     77      479
..................................................................


WIND (MPH)
  HIGHEST WIND SPEED    13   HIGHEST WIND DIRECTION     E (70)
  HIGHEST GUST SPEED    15   HIGHEST GUST DIRECTION     N (350)
  AVERAGE WIND SPEED     5.9


SKY COVER
  POSSIBLE SUNSHINE  MM
  AVERAGE SKY COVER 0.8


WEATHER CONDITIONS
 THE FOLLOWING WEATHER WAS RECORDED YESTERDAY.
  LIGHT RAIN
  FOG


RELATIVE HUMIDITY (PERCENT)
 HIGHEST   100           200 AM
 LOWEST     71           200 PM
 AVERAGE    86

..........................................................


THE DAVENPORT IA CLIMATE NORMALS FOR TODAY
                         NORMAL    RECORD    YEAR
 MAXIMUM TEMPERATURE (F)   83        MM        MM
 MINIMUM TEMPERATURE (F)   63        MM        MM


SUNRISE AND SUNSET
JULY 30 2016..........SUNRISE   555 AM CDT   SUNSET   822 PM CDT
JULY 31 2016..........SUNRISE   556 AM CDT   SUNSET   820 PM CDT


-  INDICATES NEGATIVE NUMBERS.
R  INDICATES RECORD WAS SET OR TIED.
MM INDICATES DATA IS MISSING.
T  INDICATES TRACE AMOUNT.




$$
