000
CDUS43 KDVN 300920
CLIDVN


CLIMATE REPORT
NATIONAL WEATHER SERVICE QUAD CITIES IA IL
419 AM CDT SAT AUG 30 2014


...................................

...THE DAVENPORT IA CLIMATE SUMMARY FOR AUGUST 29 2014...

CLIMATE NORMAL PERIOD 1981 TO 2010
CLIMATE RECORD PERIOD 9999 TO 9999


WEATHER ITEM   OBSERVED TIME   RECORD YEAR NORMAL DEPARTURE LAST
                VALUE   (LST)  VALUE       VALUE  FROM      YEAR
                                                  NORMAL
..................................................................
TEMPERATURE (F)
 YESTERDAY
  MAXIMUM         86    254 PM  MM      MM  80      6       89
  MINIMUM         68    632 AM  MM      MM  58     10       72
  AVERAGE         77                        69      8       81

PRECIPITATION (IN)
  YESTERDAY        0.05         MM      MM   0.12  -0.07     0.00
  MONTH TO DATE    3.29                      4.30  -1.01     1.01
  SINCE JUN 1     13.08                     12.69   0.39     7.42
  SINCE JAN 1     24.64                     25.50  -0.86    28.39

SNOWFALL (IN)
  YESTERDAY        0.0          MM      MM  MM     MM        0.0
  MONTH TO DATE    0.0                      MM     MM        0.0
  SINCE JUN 1      0.0                      MM     MM        0.0
  SINCE JUL 1      0.0                      MM     MM        0.0
  SNOW DEPTH       0

DEGREE DAYS
 HEATING
  YESTERDAY        0                         1     -1        0
  MONTH TO DATE    3                         3      0        7
  SINCE JUN 1     25                        31     -6       43
  SINCE JUL 1     21                         7     14       19

 COOLING
  YESTERDAY       12                         5      7       16
  MONTH TO DATE  197                       195      2      208
  SINCE JUN 1    537                       635    -98      645
  SINCE JAN 1    645                       696    -51      740
..................................................................


WIND (MPH)
  HIGHEST WIND SPEED    21   HIGHEST WIND DIRECTION     S (180)
  HIGHEST GUST SPEED    25   HIGHEST GUST DIRECTION     S (200)
  AVERAGE WIND SPEED    10.2


SKY COVER
  POSSIBLE SUNSHINE  MM
  AVERAGE SKY COVER 0.2


WEATHER CONDITIONS
 THE FOLLOWING WEATHER WAS RECORDED YESTERDAY.
  LIGHT RAIN
  FOG


RELATIVE HUMIDITY (PERCENT)
 HIGHEST    90          1200 AM
 LOWEST     61           300 PM
 AVERAGE    76

..........................................................


THE DAVENPORT IA CLIMATE NORMALS FOR TODAY
                         NORMAL    RECORD    YEAR
 MAXIMUM TEMPERATURE (F)   80        MM        MM
 MINIMUM TEMPERATURE (F)   58        MM        MM


SUNRISE AND SUNSET
AUGUST 30 2014........SUNRISE   626 AM CDT   SUNSET   739 PM CDT
AUGUST 31 2014........SUNRISE   627 AM CDT   SUNSET   737 PM CDT


-  INDICATES NEGATIVE NUMBERS.
R  INDICATES RECORD WAS SET OR TIED.
MM INDICATES DATA IS MISSING.
T  INDICATES TRACE AMOUNT.




$$
