000
CDUS43 KDVN 252124
CLIDVN


CLIMATE REPORT
NATIONAL WEATHER SERVICE QUAD CITIES IA IL
423 PM CDT THU AUG 25 2016


...................................

...THE DAVENPORT IA CLIMATE SUMMARY FOR AUGUST 25 2016...
VALID TODAY AS OF 0400 PM LOCAL TIME.

CLIMATE NORMAL PERIOD 1981 TO 2010
CLIMATE RECORD PERIOD 9999 TO 9999


WEATHER ITEM   OBSERVED TIME   RECORD YEAR NORMAL DEPARTURE LAST
                VALUE   (LST)  VALUE       VALUE  FROM      YEAR
                                                  NORMAL
..................................................................
TEMPERATURE (F)
 TODAY
  MAXIMUM         77   1153 AM  MM      MM  81     -4       74
  MINIMUM         69    654 AM  MM      MM  59     10       49
  AVERAGE         73                        70      3       62

PRECIPITATION (IN)
  TODAY            0.02         MM      MM   0.13  -0.11     0.00
  MONTH TO DATE    8.29                      3.84   4.45     2.80
  SINCE JUN 1     20.48                     12.23   8.25    17.38
  SINCE JAN 1     31.04                     25.04   6.00    28.02

SNOWFALL (IN)
  TODAY            0.0          MM      MM  MM     MM        0.0
  MONTH TO DATE    0.0                      MM     MM        0.0
  SINCE JUN 1      0.0                      MM     MM        0.0
  SINCE JUL 1      0.0                      MM     MM        0.0
  SNOW DEPTH       0

DEGREE DAYS
 HEATING
  TODAY            0                         0      0        3
  MONTH TO DATE    0                         0      0        8
  SINCE JUN 1      9                        28    -19       20
  SINCE JUL 1      4                         4      0       13

 COOLING
  TODAY            8                         6      2        0
  MONTH TO DATE  223                       175     48      154
  SINCE JUN 1    717                       615    102      569
  SINCE JAN 1    802                       676    126      649
..................................................................


WIND (MPH)
  HIGHEST WIND SPEED    10   HIGHEST WIND DIRECTION    NE (30)
  HIGHEST GUST SPEED    12   HIGHEST GUST DIRECTION     N (10)
  AVERAGE WIND SPEED     4.4


SKY COVER
  POSSIBLE SUNSHINE  MM
  AVERAGE SKY COVER 0.7


WEATHER CONDITIONS
 THE FOLLOWING WEATHER WAS RECORDED TODAY.
  LIGHT RAIN
  FOG


RELATIVE HUMIDITY (PERCENT)
 HIGHEST   100           500 AM
 LOWEST     64          1200 PM
 AVERAGE    82

..........................................................


THE DAVENPORT IA CLIMATE NORMALS FOR TOMORROW
                         NORMAL    RECORD    YEAR
 MAXIMUM TEMPERATURE (F)   81        MM        MM
 MINIMUM TEMPERATURE (F)   59        MM        MM


SUNRISE AND SUNSET
AUGUST 25 2016........SUNRISE   622 AM CDT   SUNSET   746 PM CDT
AUGUST 26 2016........SUNRISE   623 AM CDT   SUNSET   744 PM CDT


-  INDICATES NEGATIVE NUMBERS.
R  INDICATES RECORD WAS SET OR TIED.
MM INDICATES DATA IS MISSING.
T  INDICATES TRACE AMOUNT.




$$
