000
CDUS46 KOTX 280824
CLIEAT


CLIMATE REPORT
NATIONAL WEATHER SERVICE SPOKANE, WA
1224 AM PST SAT FEB 28 2015


...................................

...THE WENATCHEE WA PANGBORN FIELD CLIMATE SUMMARY FOR FEBRUARY 27 2015...

CLIMATE NORMAL PERIOD 1981 TO 2010
CLIMATE RECORD PERIOD 1959 TO 2015


WEATHER ITEM   OBSERVED TIME   RECORD YEAR NORMAL DEPARTURE LAST
                VALUE   (LST)  VALUE       VALUE  FROM      YEAR
                                                  NORMAL
..................................................................
TEMPERATURE (F)
 YESTERDAY
  MAXIMUM         47   1051 PM  62    1991  46      1       41
  MINIMUM         38    954 AM  12    1993  30      8       32
  AVERAGE         43                        38      5       37

PRECIPITATION (IN)
  YESTERDAY        0.31          0.39 1972   0.03   0.28      T
  MONTH TO DATE    0.90                      0.78   0.12     0.76
  SINCE OCT 1      4.71                      4.79  -0.08     1.76
  SINCE JAN 1      1.53                      1.84  -0.31     1.20

SNOWFALL (IN)
  YESTERDAY       MM

DEGREE DAYS
 HEATING
  YESTERDAY       22                        27     -5       28
  MONTH TO DATE  578                       819   -241      964
  SINCE DEC 1   2501                      3067   -566     3182
  SINCE JUL 1   3607                      4439   -832     4547

 COOLING
  YESTERDAY        0                         0      0        0
  MONTH TO DATE    0                         0      0        0
  SINCE DEC 1      0                         0      0        0
  SINCE JAN 1      0                         0      0        0
..................................................................


WIND (MPH)
  HIGHEST WIND SPEED    20   HIGHEST WIND DIRECTION     N (10)
  HIGHEST GUST SPEED    35   HIGHEST GUST DIRECTION    NE (60)
  AVERAGE WIND SPEED     7.7


SKY COVER
  POSSIBLE SUNSHINE  MM
  AVERAGE SKY COVER 1.0


WEATHER CONDITIONS
 THE FOLLOWING WEATHER WAS RECORDED YESTERDAY.
  RAIN
  LIGHT RAIN
  FOG


RELATIVE HUMIDITY (PERCENT)
 HIGHEST    92           600 AM
 LOWEST     45           900 PM
 AVERAGE    69

..........................................................


THE WENATCHEE WA PANGBORN FIELD CLIMATE NORMALS FOR TODAY
                         NORMAL    RECORD    YEAR
 MAXIMUM TEMPERATURE (F)   47        62      1968
 MINIMUM TEMPERATURE (F)   30         9      1993


SUNRISE AND SUNSET
FEBRUARY 28 2015......SUNRISE   643 AM PST   SUNSET   544 PM PST
MARCH  1 2015.........SUNRISE   641 AM PST   SUNSET   546 PM PST


-  INDICATES NEGATIVE NUMBERS.
R  INDICATES RECORD WAS SET OR TIED.
MM INDICATES DATA IS MISSING.
T  INDICATES TRACE AMOUNT.




$$
