000
CDUS46 KOTX 010820
CLIEAT


CLIMATE REPORT
NATIONAL WEATHER SERVICE SPOKANE, WA
120 AM PDT FRI AUG 1 2014


...................................

...THE WENATCHEE WA PANGBORN FIELD CLIMATE SUMMARY FOR JULY 31 2014...

CLIMATE NORMAL PERIOD 1981 TO 2010
CLIMATE RECORD PERIOD 1959 TO 2014


WEATHER ITEM   OBSERVED TIME   RECORD YEAR NORMAL DEPARTURE LAST
                VALUE   (LST)  VALUE       VALUE  FROM      YEAR
                                                  NORMAL
..................................................................
TEMPERATURE (F)
 YESTERDAY
  MAXIMUM        102    343 PM 105    1971  89     13       86
  MINIMUM         70    423 AM  51    1964  63      7       65
  AVERAGE         86                        76     10       76

PRECIPITATION (IN)
  YESTERDAY        0.00          0.04 1985   0.01  -0.01      T
  MONTH TO DATE    0.38                      0.27   0.11     0.06
  SINCE OCT 1      3.69                      7.47  -3.78     7.77
  SINCE JAN 1      3.13                      4.52  -1.39     3.97

SNOWFALL (IN)
  YESTERDAY       MM             0.0  2000   0.0   MM       MM
  MONTH TO DATE   MM                         0.0   MM       MM
  SINCE JUN 1     MM                         0.0   MM       MM
  SINCE JUL 1     MM                         0.0   MM       MM
  SNOW DEPTH      MM

DEGREE DAYS
 HEATING
  YESTERDAY        0                         0      0        0
  MONTH TO DATE    0                         2     -2        0
  SINCE JUN 1     15                        65    -50       35
  SINCE JUL 1      0                         7     -7        0

 COOLING
  YESTERDAY       21                        11     10       11
  MONTH TO DATE  491                       269    222      419
  SINCE JUN 1    647                       561     86      525
  SINCE JAN 1    705                       708     -3      585
..................................................................


WIND (MPH)
  HIGHEST WIND SPEED    17   HIGHEST WIND DIRECTION    NW (330)
  HIGHEST GUST SPEED    21   HIGHEST GUST DIRECTION    NW (330)
  AVERAGE WIND SPEED     8.3


SKY COVER
  POSSIBLE SUNSHINE  MM
  AVERAGE SKY COVER 0.0


WEATHER CONDITIONS
 THE FOLLOWING WEATHER WAS RECORDED YESTERDAY.
  NO SIGNIFICANT WEATHER WAS OBSERVED.


RELATIVE HUMIDITY (PERCENT)
 HIGHEST    41           300 AM
 LOWEST      6           300 PM
 AVERAGE    24

..........................................................


THE WENATCHEE WA PANGBORN FIELD CLIMATE NORMALS FOR TODAY
                         NORMAL    RECORD    YEAR
 MAXIMUM TEMPERATURE (F)   89       107      2009
 MINIMUM TEMPERATURE (F)   63        51      1987


SUNRISE AND SUNSET
AUGUST  1 2014........SUNRISE   539 AM PDT   SUNSET   834 PM PDT
AUGUST  2 2014........SUNRISE   540 AM PDT   SUNSET   833 PM PDT


-  INDICATES NEGATIVE NUMBERS.
R  INDICATES RECORD WAS SET OR TIED.
MM INDICATES DATA IS MISSING.
T  INDICATES TRACE AMOUNT.




$$
