000
CDUS46 KOTX 230843
CLIEAT


CLIMATE REPORT
NATIONAL WEATHER SERVICE SPOKANE, WA
136 AM PDT THU OCT 23 2014


...................................

...THE WENATCHEE WA PANGBORN FIELD CLIMATE SUMMARY FOR OCTOBER 22 2014...

CLIMATE NORMAL PERIOD 1981 TO 2010
CLIMATE RECORD PERIOD 1959 TO 2014


WEATHER ITEM   OBSERVED TIME   RECORD YEAR NORMAL DEPARTURE LAST
                VALUE   (LST)  VALUE       VALUE  FROM      YEAR
                                                  NORMAL
..................................................................
TEMPERATURE (F)
 YESTERDAY
  MAXIMUM         53   1022 AM  72    2003  57     -4       68
  MINIMUM         49   1159 PM  27    1984  39     10       40
  AVERAGE         51                        48      3       54

PRECIPITATION (IN)
  YESTERDAY        0.05          0.47 2012   0.02   0.03     0.00
  MONTH TO DATE    0.15                      0.25  -0.10      T
  SINCE OCT 1      0.15                      0.25  -0.10      T
  SINCE JAN 1      4.27                      5.31  -1.04     6.69

SNOWFALL (IN)
  YESTERDAY       MM

DEGREE DAYS
 HEATING
  YESTERDAY       14                        17     -3       11
  MONTH TO DATE  134                       266   -132      297
  SINCE SEP 1    169                       364   -195      393
  SINCE JUL 1    169                       378   -209      393

 COOLING
  YESTERDAY        0                         0      0        0
  MONTH TO DATE   17                         0     17        0
  SINCE SEP 1    127                         2    125      147
  SINCE JAN 1   1218                       790    428     1028
..................................................................


WIND (MPH)
  HIGHEST WIND SPEED    16   HIGHEST WIND DIRECTION    NW (320)
  HIGHEST GUST SPEED    19   HIGHEST GUST DIRECTION    NW (320)
  AVERAGE WIND SPEED     6.2


SKY COVER
  POSSIBLE SUNSHINE  MM
  AVERAGE SKY COVER 0.9


WEATHER CONDITIONS
 THE FOLLOWING WEATHER WAS RECORDED YESTERDAY.
  LIGHT RAIN
  FOG


RELATIVE HUMIDITY (PERCENT)
 HIGHEST    93          1000 PM
 LOWEST     68          1200 AM
 AVERAGE    81

..........................................................


THE WENATCHEE WA PANGBORN FIELD CLIMATE NORMALS FOR TODAY
                         NORMAL    RECORD    YEAR
 MAXIMUM TEMPERATURE (F)   57        69      1992
 MINIMUM TEMPERATURE (F)   38        29      1980


SUNRISE AND SUNSET
OCTOBER 23 2014.......SUNRISE   731 AM PDT   SUNSET   558 PM PDT
OCTOBER 24 2014.......SUNRISE   733 AM PDT   SUNSET   557 PM PDT


-  INDICATES NEGATIVE NUMBERS.
R  INDICATES RECORD WAS SET OR TIED.
MM INDICATES DATA IS MISSING.
T  INDICATES TRACE AMOUNT.




$$
