000
CDUS46 KOTX 180841
CLIEAT


CLIMATE REPORT
NATIONAL WEATHER SERVICE SPOKANE, WA
1241 AM PST WED JAN 18 2017


...................................

...THE WENATCHEE WA PANGBORN FIELD CLIMATE SUMMARY FOR JANUARY 17 2017...

CLIMATE NORMAL PERIOD 1981 TO 2010
CLIMATE RECORD PERIOD 1959 TO 2017


WEATHER ITEM   OBSERVED TIME   RECORD YEAR NORMAL DEPARTURE LAST
                VALUE   (LST)  VALUE       VALUE  FROM      YEAR
                                                  NORMAL
..................................................................
TEMPERATURE (F)
 YESTERDAY
  MAXIMUM         19   1137 PM  54    2011  35    -16       33
  MINIMUM         12    906 AM   7    2007  25    -13       24
                                      1984
  AVERAGE         16                        30    -14       29

PRECIPITATION (IN)
  YESTERDAY        0.05          0.76 1998   0.03   0.02     0.15
  MONTH TO DATE    0.35                      0.62  -0.27     1.07
  SINCE OCT 1      3.17                      3.57  -0.40     4.93
  SINCE JAN 1      0.35                      0.62  -0.27     1.07

SNOWFALL (IN)
  YESTERDAY       MM

DEGREE DAYS
 HEATING
  YESTERDAY       49                        35     14       36
  MONTH TO DATE  876                       624    252      557
  SINCE DEC 1   2158                      1772    386     1615
  SINCE JUL 1   3235                      3144     91     2680

 COOLING
  YESTERDAY        0                         0      0        0
  MONTH TO DATE    0                         0      0        0
  SINCE DEC 1      0                         0      0        0
  SINCE JAN 1      0                         0      0        0
..................................................................


WIND (MPH)
  HIGHEST WIND SPEED    15   HIGHEST WIND DIRECTION    SE (120)
  HIGHEST GUST SPEED    17   HIGHEST GUST DIRECTION    SE (120)
  AVERAGE WIND SPEED     5.3


SKY COVER
  POSSIBLE SUNSHINE  MM
  AVERAGE SKY COVER 0.8


WEATHER CONDITIONS
 THE FOLLOWING WEATHER WAS RECORDED YESTERDAY.
  LT FREEZING RAIN
  LIGHT SNOW
  FOG
  HAZE


RELATIVE HUMIDITY (PERCENT)
 HIGHEST   100          1000 PM
 LOWEST     80          1100 AM
 AVERAGE    90

..........................................................


THE WENATCHEE WA PANGBORN FIELD CLIMATE NORMALS FOR TODAY
                         NORMAL    RECORD    YEAR
 MAXIMUM TEMPERATURE (F)   35        53      2015
 MINIMUM TEMPERATURE (F)   25         5      1984


SUNRISE AND SUNSET
JANUARY 18 2017.......SUNRISE   741 AM PST   SUNSET   442 PM PST
JANUARY 19 2017.......SUNRISE   740 AM PST   SUNSET   444 PM PST


-  INDICATES NEGATIVE NUMBERS.
R  INDICATES RECORD WAS SET OR TIED.
MM INDICATES DATA IS MISSING.
T  INDICATES TRACE AMOUNT.




$$
