000
CDUS46 KOTX 050823
CLIEAT


CLIMATE REPORT
NATIONAL WEATHER SERVICE SPOKANE, WA
123 AM PDT WED AUG 5 2015


...................................

...THE WENATCHEE WA PANGBORN FIELD CLIMATE SUMMARY FOR AUGUST 4 2015...

CLIMATE NORMAL PERIOD 1981 TO 2010
CLIMATE RECORD PERIOD 1959 TO 2015


WEATHER ITEM   OBSERVED TIME   RECORD YEAR NORMAL DEPARTURE LAST
                VALUE   (LST)  VALUE       VALUE  FROM      YEAR
                                                  NORMAL
..................................................................
TEMPERATURE (F)
 YESTERDAY
  MAXIMUM         93    317 PM 109    1961  89      4      102
  MINIMUM         65    452 AM  53    1962  63      2       69
  AVERAGE         79                        76      3       86

PRECIPITATION (IN)
  YESTERDAY        0.00          0.11 2004   0.00   0.00     0.00
  MONTH TO DATE    T                         0.02  -0.02     0.02
  SINCE OCT 1      7.15                      7.49  -0.34     3.71
  SINCE JAN 1      3.97                      4.54  -0.57     3.15

SNOWFALL (IN)
  YESTERDAY       MM

DEGREE DAYS
 HEATING
  YESTERDAY        0                         0      0        0
  MONTH TO DATE    0                         0      0        0
  SINCE JUN 1      0                        65    -65       15
  SINCE JUL 1      0                         7     -7        0

 COOLING
  YESTERDAY       14                        11      3       21
  MONTH TO DATE   76                        44     32       74
  SINCE JUN 1    939                       605    334      721
  SINCE JAN 1   1038                       752    286      779
..................................................................


WIND (MPH)
  HIGHEST WIND SPEED    24   HIGHEST WIND DIRECTION    NW (310)
  HIGHEST GUST SPEED    31   HIGHEST GUST DIRECTION    NW (300)
  AVERAGE WIND SPEED    12.0


SKY COVER
  POSSIBLE SUNSHINE  MM
  AVERAGE SKY COVER 0.0


WEATHER CONDITIONS
 THE FOLLOWING WEATHER WAS RECORDED YESTERDAY.
  NO SIGNIFICANT WEATHER WAS OBSERVED.


RELATIVE HUMIDITY (PERCENT)
 HIGHEST    52           500 AM
 LOWEST     11           400 PM
 AVERAGE    32

..........................................................


THE WENATCHEE WA PANGBORN FIELD CLIMATE NORMALS FOR TODAY
                         NORMAL    RECORD    YEAR
 MAXIMUM TEMPERATURE (F)   89       102      1997
 MINIMUM TEMPERATURE (F)   63        45      1969


SUNRISE AND SUNSET
AUGUST  5 2015........SUNRISE   544 AM PDT   SUNSET   829 PM PDT
AUGUST  6 2015........SUNRISE   545 AM PDT   SUNSET   827 PM PDT


-  INDICATES NEGATIVE NUMBERS.
R  INDICATES RECORD WAS SET OR TIED.
MM INDICATES DATA IS MISSING.
T  INDICATES TRACE AMOUNT.




$$
