546
CDUS46 KOTX 010441
CLIEAT


CLIMATE REPORT
NATIONAL WEATHER SERVICE SPOKANE, WA
941 PM PDT WED AUG 31 2016


...................................

...THE WENATCHEE WA PANGBORN FIELD CLIMATE SUMMARY FOR AUGUST 31 2016...
VALID TODAY AS OF 0800 PM LOCAL TIME.

CLIMATE NORMAL PERIOD 1981 TO 2010
CLIMATE RECORD PERIOD 1959 TO 2016


WEATHER ITEM   OBSERVED TIME   RECORD YEAR NORMAL DEPARTURE LAST
                VALUE   (LST)  VALUE       VALUE  FROM      YEAR
                                                  NORMAL
..................................................................
TEMPERATURE (F)
 TODAY
  MAXIMUM         81    447 PM  99    1998  82     -1       74
  MINIMUM         58    516 AM  45    1999  57      1       57
  AVERAGE         70                        70      0       66

PRECIPITATION (IN)
  TODAY            0.00          0.05 1964   0.01  -0.01     0.00
  MONTH TO DATE    T                         0.20  -0.20     0.02
  SINCE OCT 1     11.16                      7.67   3.49     7.17
  SINCE JAN 1      7.30                      4.72   2.58     3.99

SNOWFALL (IN)
  TODAY           MM

DEGREE DAYS
 HEATING
  TODAY            0                         1     -1        0
  MONTH TO DATE    2                         3     -1        0
  SINCE JUN 1     60                        72    -12        0
  SINCE JUL 1      4                        14    -10        0

 COOLING
  TODAY            5                         5      0        1
  MONTH TO DATE  307                        80    227      376
  SINCE JUN 1    731                       641     90     1239
  SINCE JAN 1    773                       788    -15     1338
..................................................................


WIND (MPH)
  HIGHEST WIND SPEED    22   HIGHEST WIND DIRECTION    NW (300)
  HIGHEST GUST SPEED    26   HIGHEST GUST DIRECTION    NW (300)
  AVERAGE WIND SPEED     9.1


SKY COVER
  POSSIBLE SUNSHINE  MM
  AVERAGE SKY COVER 0.2


WEATHER CONDITIONS
 THE FOLLOWING WEATHER WAS RECORDED TODAY.
  NO SIGNIFICANT WEATHER WAS OBSERVED.


RELATIVE HUMIDITY (PERCENT)
 HIGHEST    60           800 AM
 LOWEST     28           100 PM
 AVERAGE    44

..........................................................


THE WENATCHEE WA PANGBORN FIELD CLIMATE NORMALS FOR TOMORROW
                         NORMAL    RECORD    YEAR
 MAXIMUM TEMPERATURE (F)   82       101      1987
 MINIMUM TEMPERATURE (F)   57        44      1999


SUNRISE AND SUNSET
AUGUST 31 2016........SUNRISE   619 AM PDT   SUNSET   742 PM PDT
SEPTEMBER  1 2016.....SUNRISE   620 AM PDT   SUNSET   740 PM PDT


-  INDICATES NEGATIVE NUMBERS.
R  INDICATES RECORD WAS SET OR TIED.
MM INDICATES DATA IS MISSING.
T  INDICATES TRACE AMOUNT.




$$
