000
CDUS43 KMPX 300816
CLIEAU


CLIMATE REPORT
NATIONAL WEATHER SERVICE CHANHASSEN MN
315 AM CDT THU OCT 30 2014


...................................

...THE EAU CLAIRE WI CLIMATE SUMMARY FOR OCTOBER 29 2014...

CLIMATE NORMAL PERIOD 1981 TO 2010
CLIMATE RECORD PERIOD 1893 TO 2014


WEATHER ITEM   OBSERVED TIME   RECORD YEAR NORMAL DEPARTURE LAST
                VALUE   (LST)  VALUE       VALUE  FROM      YEAR
                                                  NORMAL
..................................................................
TEMPERATURE (F)
 YESTERDAY
  MAXIMUM         47    153 PM  77    1950  52     -5       44
  MINIMUM         32   1146 PM  10    1895  33     -1       26
  AVERAGE         40                        42     -2       35

PRECIPITATION (IN)
  YESTERDAY        0.00          0.82 1996   0.06  -0.06      T
  MONTH TO DATE    2.43                      2.23   0.20     3.36
  SINCE SEP 1      7.89                      5.91   1.98     5.13
  SINCE JAN 1     40.56                     28.03  12.53    32.77

SNOWFALL (IN)
  YESTERDAY        0.0           1.0  1905   0.0    0.0       T
  MONTH TO DATE    0.6                       0.3    0.3       T
  SINCE SEP 1      0.6                       0.3    0.3       T
  SINCE JUL 1      0.6                       0.3    0.3       T
  SNOW DEPTH       0

DEGREE DAYS
 HEATING
  YESTERDAY       25                        23      2       30
  MONTH TO DATE  507                       505      2      513
  SINCE SEP 1    694                       699     -5      642
  SINCE JUL 1    717                       738    -21      680

 COOLING
  YESTERDAY        0                         0      0        0
  MONTH TO DATE    0                         0      0        0
  SINCE SEP 1     22                        48    -26       87
  SINCE JAN 1    500                       575    -75      653
..................................................................


WIND (MPH)
  HIGHEST WIND SPEED    18   HIGHEST WIND DIRECTION     W (290)
  HIGHEST GUST SPEED    25   HIGHEST GUST DIRECTION     W (260)
  AVERAGE WIND SPEED     6.9


SKY COVER
  POSSIBLE SUNSHINE  MM
  AVERAGE SKY COVER 0.8


WEATHER CONDITIONS
 THE FOLLOWING WEATHER WAS RECORDED YESTERDAY.
  NO SIGNIFICANT WEATHER WAS OBSERVED.


RELATIVE HUMIDITY (PERCENT)
 HIGHEST    82           800 PM
 LOWEST     58          1200 PM
 AVERAGE    70

..........................................................


THE EAU CLAIRE WI CLIMATE NORMALS FOR TODAY
                         NORMAL    RECORD    YEAR
 MAXIMUM TEMPERATURE (F)   51        80      1950
 MINIMUM TEMPERATURE (F)   32         7      1925


SUNRISE AND SUNSET
OCTOBER 30 2014.......SUNRISE   741 AM CDT   SUNSET   557 PM CDT
OCTOBER 31 2014.......SUNRISE   743 AM CDT   SUNSET   556 PM CDT


-  INDICATES NEGATIVE NUMBERS.
R  INDICATES RECORD WAS SET OR TIED.
MM INDICATES DATA IS MISSING.
T  INDICATES TRACE AMOUNT.




$$
