000
CDUS43 KMPX 040628
CLIEAU


CLIMATE REPORT
NATIONAL WEATHER SERVICE CHANHASSEN MN
127 AM CDT SAT JUL 4 2015


...................................

...THE EAU CLAIRE WI CLIMATE SUMMARY FOR JULY 3 2015...

CLIMATE NORMAL PERIOD 1981 TO 2010
CLIMATE RECORD PERIOD 1893 TO 2015


WEATHER ITEM   OBSERVED TIME   RECORD YEAR NORMAL DEPARTURE LAST
                VALUE   (LST)  VALUE       VALUE  FROM      YEAR
                                                  NORMAL
..................................................................
TEMPERATURE (F)
 YESTERDAY
  MAXIMUM         78    308 PM 100    1949  83     -5       77
                                      1990
  MINIMUM         53    526 AM  46    1968  60     -7       47
                                      1972
  AVERAGE         66                        71     -5       62

PRECIPITATION (IN)
  YESTERDAY        0.00          2.50 1977   0.13  -0.13     0.00
  MONTH TO DATE    0.00                      0.38  -0.38     0.06
  SINCE JUN 1      4.83                      4.51   0.32     9.90
  SINCE JAN 1     14.28                     14.15   0.13    24.00

SNOWFALL (IN)
  YESTERDAY        0.0           0.0    MM   0.0    0.0      0.0
  MONTH TO DATE    0.0                       0.0    0.0      0.0
  SINCE JUN 1      0.0                       0.0    0.0      0.0
  SINCE JUL 1      0.0                       0.0    0.0      0.0
  SNOW DEPTH       0

DEGREE DAYS
 HEATING
  YESTERDAY        0                         0      0        3
  MONTH TO DATE    7                         2      5        6
  SINCE JUN 1     35                        64    -29       31
  SINCE JUL 1      7                         2      5        6

 COOLING
  YESTERDAY        1                         7     -6        0
  MONTH TO DATE    1                        20    -19        3
  SINCE JUN 1     83                       140    -57      137
  SINCE JAN 1    101                       172    -71      172
..................................................................


WIND (MPH)
  HIGHEST WIND SPEED    14   HIGHEST WIND DIRECTION    SW (230)
  HIGHEST GUST SPEED    17   HIGHEST GUST DIRECTION     W (250)
  AVERAGE WIND SPEED     4.9


SKY COVER
  POSSIBLE SUNSHINE  MM
  AVERAGE SKY COVER 0.1


WEATHER CONDITIONS
 THE FOLLOWING WEATHER WAS RECORDED YESTERDAY.
  FOG
  FOG W/VISIBILITY <= 1/4 MILE


RELATIVE HUMIDITY (PERCENT)
 HIGHEST   100           200 AM
 LOWEST     45           200 PM
 AVERAGE    73

..........................................................


THE EAU CLAIRE WI CLIMATE NORMALS FOR TODAY
                         NORMAL    RECORD    YEAR
 MAXIMUM TEMPERATURE (F)   83        98      2012
 MINIMUM TEMPERATURE (F)   60        42      1972


SUNRISE AND SUNSET
JULY  4 2015..........SUNRISE   525 AM CDT   SUNSET   855 PM CDT
JULY  5 2015..........SUNRISE   526 AM CDT   SUNSET   855 PM CDT


-  INDICATES NEGATIVE NUMBERS.
R  INDICATES RECORD WAS SET OR TIED.
MM INDICATES DATA IS MISSING.
T  INDICATES TRACE AMOUNT.




$$
