000
CDUS43 KMPX 270627
CLIEAU


CLIMATE REPORT
NATIONAL WEATHER SERVICE CHANHASSEN MN
125 AM CDT TUE SEP 27 2016


...................................

...THE EAU CLAIRE WI CLIMATE SUMMARY FOR SEPTEMBER 26 2016...

CLIMATE NORMAL PERIOD 1981 TO 2010
CLIMATE RECORD PERIOD 1893 TO 2016


WEATHER ITEM   OBSERVED TIME   RECORD YEAR NORMAL DEPARTURE LAST
                VALUE   (LST)  VALUE       VALUE  FROM      YEAR
                                                  NORMAL
..................................................................
TEMPERATURE (F)
 YESTERDAY
  MAXIMUM         62    415 PM  86    1986  67     -5       78
  MINIMUM         50   1005 PM  28    1926  44      6       52
                                      1965
                                      1984
  AVERAGE         56                        56      0       65

PRECIPITATION (IN)
  YESTERDAY        0.00          3.00 1930   0.12  -0.12     0.00
  MONTH TO DATE    7.98                      3.24   4.74     4.51
  SINCE SEP 1      7.98                      3.24   4.74     4.51
  SINCE JAN 1     34.81                     25.36   9.45    32.07

SNOWFALL (IN)
  YESTERDAY        0.0           T    1951   0.0    0.0      0.0
                                      1927
  MONTH TO DATE    0.0                       0.0    0.0      0.0
  SINCE SEP 1      0.0                       0.0    0.0      0.0
  SINCE JUL 1      0.0                       0.0    0.0      0.0
  SNOW DEPTH       0

DEGREE DAYS
 HEATING
  YESTERDAY        9                        10     -1        0
  MONTH TO DATE   48                       148   -100       60
  SINCE SEP 1     48                       148   -100       60
  SINCE JUL 1     58                       187   -129      115

 COOLING
  YESTERDAY        0                         1     -1        0
  MONTH TO DATE   39                        47     -8      113
  SINCE SEP 1     39                        47     -8      113
  SINCE JAN 1    622                       574     48      515
..................................................................


WIND (MPH)
  HIGHEST WIND SPEED    31   HIGHEST WIND DIRECTION     W (290)
  HIGHEST GUST SPEED    44   HIGHEST GUST DIRECTION    NW (300)
  AVERAGE WIND SPEED    15.0


SKY COVER
  POSSIBLE SUNSHINE  MM
  AVERAGE SKY COVER 0.3


WEATHER CONDITIONS
 THE FOLLOWING WEATHER WAS RECORDED YESTERDAY.
  NO SIGNIFICANT WEATHER WAS OBSERVED.


RELATIVE HUMIDITY (PERCENT)
 HIGHEST    80           500 AM
 LOWEST     39           400 PM
 AVERAGE    60

..........................................................


THE EAU CLAIRE WI CLIMATE NORMALS FOR TODAY
                         NORMAL    RECORD    YEAR
 MAXIMUM TEMPERATURE (F)   66        86      1943
                                             1987
 MINIMUM TEMPERATURE (F)   44        25      1896


SUNRISE AND SUNSET
SEPTEMBER 27 2016.....SUNRISE   700 AM CDT   SUNSET   653 PM CDT
SEPTEMBER 28 2016.....SUNRISE   701 AM CDT   SUNSET   651 PM CDT


-  INDICATES NEGATIVE NUMBERS.
R  INDICATES RECORD WAS SET OR TIED.
MM INDICATES DATA IS MISSING.
T  INDICATES TRACE AMOUNT.




$$
