000
CDUS43 KMPX 010017
CLIEAU


CLIMATE REPORT
NATIONAL WEATHER SERVICE CHANHASSEN MN
717 PM CDT WED AUG 31 2016


...................................

...THE EAU CLAIRE WI CLIMATE SUMMARY FOR AUGUST 31 2016...
VALID TODAY AS OF 0700 PM LOCAL TIME.

CLIMATE NORMAL PERIOD 1981 TO 2010
CLIMATE RECORD PERIOD 1893 TO 2016


WEATHER ITEM   OBSERVED TIME   RECORD YEAR NORMAL DEPARTURE LAST
                VALUE   (LST)  VALUE       VALUE  FROM      YEAR
                                                  NORMAL
..................................................................
TEMPERATURE (F)
 TODAY
  MAXIMUM         78    300 PM  97    1898  77      1       82
  MINIMUM         49        MM  38    1967  56     -7       57
  AVERAGE         64                        66     -2       70

PRECIPITATION (IN)
  TODAY            0.00          2.90 1977   0.13  -0.13     0.00
  MONTH TO DATE    4.84                      4.47   0.37     7.19
  SINCE JUN 1     14.64                     12.48   2.16    18.11
  SINCE JAN 1     26.83                     22.12   4.71    27.56

SNOWFALL (IN)
  TODAY            0.0           0.0    MM   0.0    0.0      0.0
  MONTH TO DATE    0.0                       0.0    0.0      0.0
  SINCE JUN 1      0.0                       0.0    0.0      0.0
  SINCE JUL 1      0.0                       0.0    0.0      0.0
  SNOW DEPTH       0

DEGREE DAYS
 HEATING
  TODAY            1                         2     -1        0
  MONTH TO DATE    6                        28    -22       39
  SINCE JUN 1     42                       101    -59       83
  SINCE JUL 1     10                        39    -29       55

 COOLING
  TODAY            0                         3     -3        5
  MONTH TO DATE  196                       161     35      122
  SINCE JUN 1    543                       495     48      384
  SINCE JAN 1    583                       527     56      402
..................................................................


WIND (MPH)
  HIGHEST WIND SPEED    10   HIGHEST WIND DIRECTION    NW (330)
  HIGHEST GUST SPEED    MM   HIGHEST GUST DIRECTION    MM
  AVERAGE WIND SPEED     3.5


SKY COVER
  POSSIBLE SUNSHINE  MM
  AVERAGE SKY COVER 0.0


WEATHER CONDITIONS
 THE FOLLOWING WEATHER WAS RECORDED TODAY.
  FOG


RELATIVE HUMIDITY (PERCENT)
 HIGHEST   100           200 AM
 LOWEST     39           300 PM
 AVERAGE    70

..........................................................


THE EAU CLAIRE WI CLIMATE NORMALS FOR TOMORROW
                         NORMAL    RECORD    YEAR
 MAXIMUM TEMPERATURE (F)   77        99      1937
 MINIMUM TEMPERATURE (F)   55        35      1974
                                             1895


SUNRISE AND SUNSET
AUGUST 31 2016........SUNRISE   628 AM CDT   SUNSET   744 PM CDT
SEPTEMBER  1 2016.....SUNRISE   629 AM CDT   SUNSET   742 PM CDT


-  INDICATES NEGATIVE NUMBERS.
R  INDICATES RECORD WAS SET OR TIED.
MM INDICATES DATA IS MISSING.
T  INDICATES TRACE AMOUNT.




$$
