000
CDUS43 KMPX 310024
CLIEAU


CLIMATE REPORT
NATIONAL WEATHER SERVICE CHANHASSEN MN
724 PM CDT SAT JUL 30 2016


...................................

...THE EAU CLAIRE WI CLIMATE SUMMARY FOR JULY 30 2016...
VALID TODAY AS OF 0700 PM LOCAL TIME.

CLIMATE NORMAL PERIOD 1981 TO 2010
CLIMATE RECORD PERIOD 1893 TO 2016


WEATHER ITEM   OBSERVED TIME   RECORD YEAR NORMAL DEPARTURE LAST
                VALUE   (LST)  VALUE       VALUE  FROM      YEAR
                                                  NORMAL
..................................................................
TEMPERATURE (F)
 TODAY
  MAXIMUM         82    128 PM 103    1999  82      0       85
  MINIMUM         58    435 AM  46    1899  60     -2       60
  AVERAGE         70                        71     -1       73

PRECIPITATION (IN)
  TODAY            0.00          1.47 1970   0.13  -0.13     0.00
  MONTH TO DATE    3.51                      3.74  -0.23     6.09
  SINCE JUN 1      9.80                      7.87   1.93    10.92
  SINCE JAN 1     21.99                     17.51   4.48    20.37

SNOWFALL (IN)
  TODAY            0.0           0.0    MM   0.0    0.0      0.0
  MONTH TO DATE    0.0                       0.0    0.0      0.0
  SINCE JUN 1      0.0                       0.0    0.0      0.0
  SINCE JUL 1      0.0                       0.0    0.0      0.0
  SNOW DEPTH       0

DEGREE DAYS
 HEATING
  TODAY            0                         0      0        0
  MONTH TO DATE    4                         2      2       16
  SINCE JUN 1     36                        64    -28       44
  SINCE JUL 1      4                         2      2       16

 COOLING
  TODAY            5                         7     -2        8
  MONTH TO DATE  214                       209      5      175
  SINCE JUN 1    340                       329     11      257
  SINCE JAN 1    380                       361     19      275
..................................................................


WIND (MPH)
  HIGHEST WIND SPEED    13   HIGHEST WIND DIRECTION    SE (130)
  HIGHEST GUST SPEED    15   HIGHEST GUST DIRECTION    SE (140)
  AVERAGE WIND SPEED     5.1


SKY COVER
  POSSIBLE SUNSHINE  MM
  AVERAGE SKY COVER 0.3


WEATHER CONDITIONS
 THE FOLLOWING WEATHER WAS RECORDED TODAY.
  FOG


RELATIVE HUMIDITY (PERCENT)
 HIGHEST   100           200 AM
 LOWEST     47          1100 AM
 AVERAGE    74

..........................................................


THE EAU CLAIRE WI CLIMATE NORMALS FOR TOMORROW
                         NORMAL    RECORD    YEAR
 MAXIMUM TEMPERATURE (F)   82       103      2006
 MINIMUM TEMPERATURE (F)   60        45      1960


SUNRISE AND SUNSET
JULY 30 2016..........SUNRISE   550 AM CDT   SUNSET   834 PM CDT
JULY 31 2016..........SUNRISE   551 AM CDT   SUNSET   833 PM CDT


-  INDICATES NEGATIVE NUMBERS.
R  INDICATES RECORD WAS SET OR TIED.
MM INDICATES DATA IS MISSING.
T  INDICATES TRACE AMOUNT.




$$
