000
CDUS43 KMPX 300623
CLIEAU


CLIMATE REPORT
NATIONAL WEATHER SERVICE CHANHASSEN MN
123 AM CDT MON MAY 30 2016


...................................

...THE EAU CLAIRE WI CLIMATE SUMMARY FOR MAY 29 2016...

CLIMATE NORMAL PERIOD 1981 TO 2010
CLIMATE RECORD PERIOD 1893 TO 2016


WEATHER ITEM   OBSERVED TIME   RECORD YEAR NORMAL DEPARTURE LAST
                VALUE   (LST)  VALUE       VALUE  FROM      YEAR
                                                  NORMAL
..................................................................
TEMPERATURE (F)
 YESTERDAY
  MAXIMUM         76    508 PM  95    2006  73      3       72
  MINIMUM         58   1021 PM  32    1966  50      8       56
                                      1965
  AVERAGE         67                        62      5       64

PRECIPITATION (IN)
  YESTERDAY        0.22          1.65 2013   0.12   0.10     0.40
  MONTH TO DATE    3.24                      3.22   0.02     5.39
  SINCE MAR 1     10.46                      7.70   2.76     8.86
  SINCE JAN 1     11.62                      9.40   2.22     9.45

SNOWFALL (IN)
  YESTERDAY        0.0           0.0    MM   0.0    0.0      0.0
  MONTH TO DATE    0.0                       0.2   -0.2      0.0
  SINCE MAR 1     13.9                      10.7    3.2      7.3
  SINCE JUL 1     38.0                      47.0   -9.0     38.1
  SNOW DEPTH       0

DEGREE DAYS
 HEATING
  YESTERDAY        0                         5     -5        1
  MONTH TO DATE  245                       247     -2      214
  SINCE MAR 1   1633                      1867   -234     1725
  SINCE JUL 1   6811                      7887  -1076     8078

 COOLING
  YESTERDAY        2                         2      0        0
  MONTH TO DATE   27                        24      3       18
  SINCE MAR 1     31                        28      3       18
  SINCE JAN 1     31                        28      3       18
..................................................................


WIND (MPH)
  HIGHEST WIND SPEED    21   HIGHEST WIND DIRECTION     W (260)
  HIGHEST GUST SPEED    27   HIGHEST GUST DIRECTION     W (260)
  AVERAGE WIND SPEED     8.7


SKY COVER
  POSSIBLE SUNSHINE  MM
  AVERAGE SKY COVER 0.7


WEATHER CONDITIONS
 THE FOLLOWING WEATHER WAS RECORDED YESTERDAY.
  HEAVY RAIN
  RAIN
  LIGHT RAIN
  FOG


RELATIVE HUMIDITY (PERCENT)
 HIGHEST   100           500 AM
 LOWEST     46           400 PM
 AVERAGE    73

..........................................................


THE EAU CLAIRE WI CLIMATE NORMALS FOR TODAY
                         NORMAL    RECORD    YEAR
 MAXIMUM TEMPERATURE (F)   74        96      1939
 MINIMUM TEMPERATURE (F)   50        34      1966


SUNRISE AND SUNSET
MAY 30 2016...........SUNRISE   524 AM CDT   SUNSET   844 PM CDT
MAY 31 2016...........SUNRISE   523 AM CDT   SUNSET   845 PM CDT


-  INDICATES NEGATIVE NUMBERS.
R  INDICATES RECORD WAS SET OR TIED.
MM INDICATES DATA IS MISSING.
T  INDICATES TRACE AMOUNT.




$$
