000
CDUS42 KAKQ 300533
CLIECG


CLIMATE REPORT
NATIONAL WEATHER SERVICE WAKEFIELD, VA
133 AM EDT SAT MAY 30 2015


...................................

...THE ELIZABETH CITY NC CLIMATE SUMMARY FOR MAY 29 2015...

CLIMATE NORMAL PERIOD 1981 TO 2010
CLIMATE RECORD PERIOD 1934 TO 2015


WEATHER ITEM   OBSERVED TIME   RECORD YEAR NORMAL DEPARTURE LAST
                VALUE   (LST)  VALUE       VALUE  FROM      YEAR
                                                  NORMAL
..................................................................
TEMPERATURE (F)
 YESTERDAY
  MAXIMUM         82    237 PM  99    1941  80      2       69
  MINIMUM         63    427 AM  37    1997  61      2       65
  AVERAGE         73                        71      2       67

PRECIPITATION (IN)
  YESTERDAY        0.00          3.34 2000   0.14  -0.14     0.04
  MONTH TO DATE    3.42                      3.35   0.07     2.33
  SINCE MAR 1     10.50                     10.47   0.03    10.82
  SINCE JAN 1     17.30                     16.91   0.39    14.96

SNOWFALL (IN)
  YESTERDAY        0.0           0.0  2002  MM     MM
  MONTH TO DATE    0.0                      MM     MM
  SINCE NOV 1      T                        MM     MM
  SINCE JUL 1      T                        MM     MM
  SNOW DEPTH       0

DEGREE DAYS
 HEATING
  YESTERDAY        0                         1     -1        0
  MONTH TO DATE   29                        67    -38       22
  SINCE MAR 1    701                       756    -55      760
  SINCE JUL 1   3235                      3228      7     3335

 COOLING
  YESTERDAY        8                         6      2        2
  MONTH TO DATE  151                       108     43      180
  SINCE MAR 1    184                       148     36      209
  SINCE JAN 1    186                       150     36      209
..................................................................


WIND (MPH)
  HIGHEST WIND SPEED    15   HIGHEST WIND DIRECTION     E (110)
  HIGHEST GUST SPEED    20   HIGHEST GUST DIRECTION     E (100)
  AVERAGE WIND SPEED     6.8


SKY COVER
  POSSIBLE SUNSHINE  MM
  AVERAGE SKY COVER 0.0


WEATHER CONDITIONS
 THE FOLLOWING WEATHER WAS RECORDED YESTERDAY.
  NO SIGNIFICANT WEATHER WAS OBSERVED.


RELATIVE HUMIDITY (PERCENT)
 HIGHEST   100           600 AM
 LOWEST     58          1100 AM
 AVERAGE    79

..........................................................


THE ELIZABETH CITY NC CLIMATE NORMALS FOR TODAY
                         NORMAL    RECORD    YEAR
 MAXIMUM TEMPERATURE (F)   81        96      2011
 MINIMUM TEMPERATURE (F)   61        49      2008


SUNRISE AND SUNSET
MAY 30 2015...........SUNRISE   549 AM EDT   SUNSET   815 PM EDT
MAY 31 2015...........SUNRISE   549 AM EDT   SUNSET   816 PM EDT


-  INDICATES NEGATIVE NUMBERS.
R  INDICATES RECORD WAS SET OR TIED.
MM INDICATES DATA IS MISSING.
T  INDICATES TRACE AMOUNT.




$$
