000
CDUS42 KAKQ 190826
CLIECG


CLIMATE REPORT
NATIONAL WEATHER SERVICE WAKEFIELD, VA
426 AM EDT FRI SEP 19 2014


...................................

...THE ELIZABETH CITY NC CLIMATE SUMMARY FOR SEPTEMBER 18 2014...

CLIMATE NORMAL PERIOD 1981 TO 2010
CLIMATE RECORD PERIOD 1934 TO 2014


WEATHER ITEM   OBSERVED TIME   RECORD YEAR NORMAL DEPARTURE LAST
                VALUE   (LST)  VALUE       VALUE  FROM      YEAR
                                                  NORMAL
..................................................................
TEMPERATURE (F)
 YESTERDAY
  MAXIMUM         77    133 PM  94    1991  81     -4       75
  MINIMUM         63   1159 PM  47    1966  63      0       52
  AVERAGE         70                        72     -2       64

PRECIPITATION (IN)
  YESTERDAY        0.00          4.61 1936   0.13  -0.13     0.00
  MONTH TO DATE    4.55                      2.47   2.08     0.67
  SINCE SEP 1      4.55                      2.47   2.08     0.67
  SINCE JAN 1     31.99                     36.43  -4.44    30.70

SNOWFALL (IN)
  YESTERDAY        0.0           0.0  2002  MM     MM
  MONTH TO DATE    0.0                      MM     MM
  SINCE NOV 1     10.2                      MM     MM
  SINCE JUL 1      0.0                      MM     MM
  SNOW DEPTH       0

DEGREE DAYS
 HEATING
  YESTERDAY        0                         0      0        1
  MONTH TO DATE    0                         0      0        1
  SINCE SEP 1      0                         0      0        1
  SINCE JUL 1      0                         0      0        1

 COOLING
  YESTERDAY        5                         7     -2        0
  MONTH TO DATE  207                       161     46      164
  SINCE SEP 1    207                       161     46      164
  SINCE JAN 1   1450                      1457     -7     1544
..................................................................


WIND (MPH)
  HIGHEST WIND SPEED    15   HIGHEST WIND DIRECTION    NE (40)
  HIGHEST GUST SPEED    18   HIGHEST GUST DIRECTION     N (20)
  AVERAGE WIND SPEED     7.1


SKY COVER
  POSSIBLE SUNSHINE  MM
  AVERAGE SKY COVER 0.1


WEATHER CONDITIONS
 THE FOLLOWING WEATHER WAS RECORDED YESTERDAY.
  NO SIGNIFICANT WEATHER WAS OBSERVED.


RELATIVE HUMIDITY (PERCENT)
 HIGHEST    87           600 AM
 LOWEST     46           200 PM
 AVERAGE    67

..........................................................


THE ELIZABETH CITY NC CLIMATE NORMALS FOR TODAY
                         NORMAL    RECORD    YEAR
 MAXIMUM TEMPERATURE (F)   80        94      1978
 MINIMUM TEMPERATURE (F)   62        45      1959


SUNRISE AND SUNSET
SEPTEMBER 19 2014.....SUNRISE   650 AM EDT   SUNSET   706 PM EDT
SEPTEMBER 20 2014.....SUNRISE   651 AM EDT   SUNSET   705 PM EDT


-  INDICATES NEGATIVE NUMBERS.
R  INDICATES RECORD WAS SET OR TIED.
MM INDICATES DATA IS MISSING.
T  INDICATES TRACE AMOUNT.




$$
