000
CDUS42 KAKQ 192226
CLIECG


CLIMATE REPORT
NATIONAL WEATHER SERVICE WAKEFIELD, VA
526 PM EST MON FEB 19 2018


...................................

...THE ELIZABETH CITY NC CLIMATE SUMMARY FOR FEBRUARY 19 2018...
VALID TODAY AS OF 0500 PM LOCAL TIME.

CLIMATE NORMAL PERIOD 1981 TO 2010
CLIMATE RECORD PERIOD 1934 TO 2018


WEATHER ITEM   OBSERVED TIME   RECORD YEAR NORMAL DEPARTURE LAST
                VALUE   (LST)  VALUE       VALUE  FROM      YEAR
                                                  NORMAL
..................................................................
TEMPERATURE (F)
 TODAY
  MAXIMUM         64    359 PM  77    1939  55      9       73
  MINIMUM         39   1245 AM  14    2015  35      4       44
  AVERAGE         52

PRECIPITATION (IN)
  TODAY            0.10          1.27 1934   0.13  -0.03     0.00
  MONTH TO DATE    2.64                      2.17   0.47     0.91
  SINCE DEC 1      9.60                      7.99   1.61     7.27
  SINCE JAN 1      6.54                      5.43   1.11     4.60

SNOWFALL (IN)
  TODAY           MM
  MONTH TO DATE    0.0
  SINCE NOV 1      6.8
  SINCE JUL 1      6.8
  SNOW DEPTH       0

DEGREE DAYS
 HEATING
  TODAY           13
  MONTH TO DATE  314
  SINCE DEC 1   1807
  SINCE JUL 1   2241

 COOLING
  TODAY            0
  MONTH TO DATE    7
  SINCE DEC 1     10
  SINCE JAN 1     10
..................................................................


WIND (MPH)
  RESULTANT WIND SPEED   6   RESULTANT WIND DIRECTION   E (90)
  HIGHEST WIND SPEED    18   HIGHEST WIND DIRECTION    SE (130)
  HIGHEST GUST SPEED    21   HIGHEST GUST DIRECTION    SE (130)


SKY COVER
  POSSIBLE SUNSHINE  MM
  AVERAGE SKY COVER 0.8


WEATHER CONDITIONS
 THE FOLLOWING WEATHER WAS RECORDED TODAY.
  LIGHT RAIN
  FOG


RELATIVE HUMIDITY (PERCENT)
 HIGHEST   100
 LOWEST     80
 AVERAGE    90

..........................................................


THE ELIZABETH CITY NC CLIMATE NORMALS FOR TOMORROW
                         NORMAL    RECORD    YEAR
 MAXIMUM TEMPERATURE (F)   55        78      1991
                                             1939
 MINIMUM TEMPERATURE (F)   35         8      2015


SUNRISE AND SUNSET
FEBRUARY 19 2018......SUNRISE   648 AM EST   SUNSET   550 PM EST
FEBRUARY 20 2018......SUNRISE   646 AM EST   SUNSET   551 PM EST


-  INDICATES NEGATIVE NUMBERS.
R  INDICATES RECORD WAS SET OR TIED.
MM INDICATES DATA IS MISSING.
T  INDICATES TRACE AMOUNT.




$$
