000
CDUS42 KAKQ 280537
CLIECG


CLIMATE REPORT
NATIONAL WEATHER SERVICE WAKEFIELD, VA
137 AM EDT SUN AUG 28 2016


...................................

...THE ELIZABETH CITY NC CLIMATE SUMMARY FOR AUGUST 27 2016...

CLIMATE NORMAL PERIOD 1981 TO 2010
CLIMATE RECORD PERIOD 1934 TO 2016


WEATHER ITEM   OBSERVED TIME   RECORD YEAR NORMAL DEPARTURE LAST
                VALUE   (LST)  VALUE       VALUE  FROM      YEAR
                                                  NORMAL
..................................................................
TEMPERATURE (F)
 YESTERDAY
  MAXIMUM         92    145 PM 100    1948  86      6       81
  MINIMUM         75    555 AM  55    1945  67      8       73
  AVERAGE         84                        77      7       77

PRECIPITATION (IN)
  YESTERDAY        0.00          4.92 2011   0.20  -0.20      T
  MONTH TO DATE    2.29                      5.87  -3.58     2.12
  SINCE JUN 1      8.45                     16.02  -7.57    12.55
  SINCE JAN 1     26.66                     33.19  -6.53    29.85

SNOWFALL (IN)
  YESTERDAY        0.0           0.0  2002  MM     MM
  MONTH TO DATE    0.0                      MM     MM
  SINCE NOV 1      1.8                      MM     MM
  SINCE JUL 1      0.0                      MM     MM
  SNOW DEPTH       0

DEGREE DAYS
 HEATING
  YESTERDAY        0                         0      0        0
  MONTH TO DATE    0                         0      0        0
  SINCE JUN 1      0                         3     -3        0
  SINCE JUL 1      0                         0      0        0

 COOLING
  YESTERDAY       19                        12      7       12
  MONTH TO DATE  439                       348     91      346
  SINCE JUN 1   1275                      1088    187     1196
  SINCE JAN 1   1445                      1252    193     1401
..................................................................


WIND (MPH)
  HIGHEST WIND SPEED    16   HIGHEST WIND DIRECTION    NE (50)
  HIGHEST GUST SPEED    20   HIGHEST GUST DIRECTION    NE (40)
  AVERAGE WIND SPEED     7.9


SKY COVER
  POSSIBLE SUNSHINE  MM
  AVERAGE SKY COVER 0.2


WEATHER CONDITIONS
 THE FOLLOWING WEATHER WAS RECORDED YESTERDAY.
  NO SIGNIFICANT WEATHER WAS OBSERVED.


RELATIVE HUMIDITY (PERCENT)
 HIGHEST    94          1200 AM
 LOWEST     49           100 PM
 AVERAGE    72

..........................................................


THE ELIZABETH CITY NC CLIMATE NORMALS FOR TODAY
                         NORMAL    RECORD    YEAR
 MAXIMUM TEMPERATURE (F)   86       100      1948
 MINIMUM TEMPERATURE (F)   67        51      1944


SUNRISE AND SUNSET
AUGUST 28 2016........SUNRISE   633 AM EDT   SUNSET   737 PM EDT
AUGUST 29 2016........SUNRISE   634 AM EDT   SUNSET   736 PM EDT


-  INDICATES NEGATIVE NUMBERS.
R  INDICATES RECORD WAS SET OR TIED.
MM INDICATES DATA IS MISSING.
T  INDICATES TRACE AMOUNT.




$$
