000
CDUS42 KAKQ 291032
CLIECG


CLIMATE REPORT
NATIONAL WEATHER SERVICE WAKEFIELD, VA
631 AM EDT THU SEP 29 2016


...................................

...THE ELIZABETH CITY NC CLIMATE SUMMARY FOR SEPTEMBER 28 2016...

CLIMATE NORMAL PERIOD 1981 TO 2010
CLIMATE RECORD PERIOD 1934 TO 2016


WEATHER ITEM   OBSERVED TIME   RECORD YEAR NORMAL DEPARTURE LAST
                VALUE   (LST)  VALUE       VALUE  FROM      YEAR
                                                  NORMAL
..................................................................
TEMPERATURE (F)
 YESTERDAY
  MAXIMUM         83    126 PM  92    1998  78      5       81
  MINIMUM         63    607 AM  44    1943  59      4       73
  AVERAGE         73                        68      5       77

PRECIPITATION (IN)
  YESTERDAY        0.00          5.60 1948   0.12  -0.12     0.00
  MONTH TO DATE   12.00                      3.68   8.32     3.03
  SINCE SEP 1     12.00                      3.68   8.32     3.03
  SINCE JAN 1     39.51                     37.64   1.87    33.21

SNOWFALL (IN)
  YESTERDAY        0.0           0.0  2002  MM     MM
  MONTH TO DATE    0.0                      MM     MM
  SINCE NOV 1      1.8                      MM     MM
  SINCE JUL 1      0.0                      MM     MM
  SNOW DEPTH       0

DEGREE DAYS
 HEATING
  YESTERDAY        0                         1     -1        0
  MONTH TO DATE    0                         8     -8        1
  SINCE SEP 1      0                         8     -8        1
  SINCE JUL 1      0                         8     -8        1

 COOLING
  YESTERDAY        8                         5      3       12
  MONTH TO DATE  308                       219     89      299
  SINCE SEP 1    308                       219     89      299
  SINCE JAN 1   1815                      1515    300     1739
..................................................................


WIND (MPH)
  HIGHEST WIND SPEED    17   HIGHEST WIND DIRECTION    SE (130)
  HIGHEST GUST SPEED    22   HIGHEST GUST DIRECTION    SE (120)
  AVERAGE WIND SPEED     6.1


SKY COVER
  POSSIBLE SUNSHINE  MM
  AVERAGE SKY COVER 0.2


WEATHER CONDITIONS
 THE FOLLOWING WEATHER WAS RECORDED YESTERDAY.
  FOG


RELATIVE HUMIDITY (PERCENT)
 HIGHEST   100           100 AM
 LOWEST     65           100 PM
 AVERAGE    83

..........................................................


THE ELIZABETH CITY NC CLIMATE NORMALS FOR TODAY
                         NORMAL    RECORD    YEAR
 MAXIMUM TEMPERATURE (F)   77        91      1973
 MINIMUM TEMPERATURE (F)   59        45      1970


SUNRISE AND SUNSET
SEPTEMBER 29 2016.....SUNRISE   659 AM EDT   SUNSET   650 PM EDT
SEPTEMBER 30 2016.....SUNRISE   659 AM EDT   SUNSET   649 PM EDT


-  INDICATES NEGATIVE NUMBERS.
R  INDICATES RECORD WAS SET OR TIED.
MM INDICATES DATA IS MISSING.
T  INDICATES TRACE AMOUNT.




$$
