000
CDUS45 KGJT 300746
CLIEEO


CLIMATE REPORT
NATIONAL WEATHER SERVICE GRAND JUNCTION CO
130 AM MDT TUE SEP 30 2014


...................................

...THE MEEKER CO CLIMATE SUMMARY FOR SEPTEMBER 29 2014...

CLIMATE NORMAL PERIOD 1981 TO 2010
CLIMATE RECORD PERIOD 9999 TO 9999


WEATHER ITEM   OBSERVED TIME   RECORD YEAR NORMAL DEPARTURE LAST
                VALUE   (LST)  VALUE       VALUE  FROM      YEAR
                                                  NORMAL
..................................................................
TEMPERATURE (F)
 YESTERDAY
  MAXIMUM         59   1248 PM  MM      MM  68     -9       65
  MINIMUM         40    625 AM  MM      MM  34      6       30
  AVERAGE         50                        51     -1       48

PRECIPITATION (IN)
  YESTERDAY        0.17         MM      MM   0.06   0.11     0.00
  MONTH TO DATE    2.16                      1.71   0.45     2.94
  SINCE SEP 1      2.16                      1.71   0.45     2.94
  SINCE JAN 1     13.89                     11.57   2.32    13.03

SNOWFALL (IN)
  YESTERDAY       MM            MM      MM  MM     MM       MM
  MONTH TO DATE   MM                        MM     MM       MM
  SINCE SEP 1     MM                        MM     MM       MM
  SINCE JUL 1     MM                        MM     MM       MM
  SNOW DEPTH      MM

DEGREE DAYS
 HEATING
  YESTERDAY       15                        14      1       17
  MONTH TO DATE  140                       238    -98      186
  SINCE SEP 1    140                       238    -98      186
  SINCE JUL 1    197                       292    -95      205

 COOLING
  YESTERDAY        0                         0      0        0
  MONTH TO DATE    1                         0      1       41
  SINCE SEP 1      1                         0      1       41
  SINCE JAN 1    197                       168     29      324
..................................................................


WIND (MPH)
  HIGHEST WIND SPEED    18   HIGHEST WIND DIRECTION     W (280)
  HIGHEST GUST SPEED    23   HIGHEST GUST DIRECTION     W (290)
  AVERAGE WIND SPEED     5.4


SKY COVER
  POSSIBLE SUNSHINE  MM
  AVERAGE SKY COVER 0.5


WEATHER CONDITIONS
 THE FOLLOWING WEATHER WAS RECORDED YESTERDAY.
  THUNDERSTORM
  HEAVY RAIN
  RAIN
  LIGHT RAIN
  FOG


RELATIVE HUMIDITY (PERCENT)
 HIGHEST    89           600 PM
 LOWEST     47          1100 AM
 AVERAGE    68

..........................................................


THE MEEKER CO CLIMATE NORMALS FOR TODAY
                         NORMAL    RECORD    YEAR
 MAXIMUM TEMPERATURE (F)   68        MM        MM
 MINIMUM TEMPERATURE (F)   34        MM        MM


SUNRISE AND SUNSET
SEPTEMBER 30 2014.....SUNRISE   707 AM MDT   SUNSET   655 PM MDT
OCTOBER  1 2014.......SUNRISE   708 AM MDT   SUNSET   654 PM MDT


-  INDICATES NEGATIVE NUMBERS.
R  INDICATES RECORD WAS SET OR TIED.
MM INDICATES DATA IS MISSING.
T  INDICATES TRACE AMOUNT.




$$
