000
CDUS45 KGJT 212329
CLIEEO


CLIMATE REPORT
NATIONAL WEATHER SERVICE GRAND JUNCTION CO
530 PM MDT THU AUG 21 2014


...................................

...THE MEEKER CO CLIMATE SUMMARY FOR AUGUST 21 2014...
VALID TODAY AS OF 0500 PM LOCAL TIME.

CLIMATE NORMAL PERIOD 1981 TO 2010
CLIMATE RECORD PERIOD 9999 TO 9999


WEATHER ITEM   OBSERVED TIME   RECORD YEAR NORMAL DEPARTURE LAST
                VALUE   (LST)  VALUE       VALUE  FROM      YEAR
                                                  NORMAL
..................................................................
TEMPERATURE (F)
 TODAY
  MAXIMUM         75    327 PM  MM      MM  83     -8       87
  MINIMUM         51    536 AM  MM      MM  48      3       56
  AVERAGE         63                        65     -2       72

PRECIPITATION (IN)
  TODAY            0.03         MM      MM   0.03   0.00      T
  MONTH TO DATE    1.81                      0.83   0.98     0.59
  SINCE JUN 1      2.78                      3.22  -0.44     2.73
  SINCE JAN 1     10.21                      9.37   0.84     9.10

SNOWFALL (IN)
  TODAY           MM            MM      MM  MM     MM       MM
  MONTH TO DATE   MM                        MM     MM       MM
  SINCE JUN 1     MM                        MM     MM       MM
  SINCE JUL 1     MM                        MM     MM       MM
  SNOW DEPTH      MM

DEGREE DAYS
 HEATING
  TODAY            2                         1      1        0
  MONTH TO DATE    8                        14     -6       16
  SINCE JUN 1    150                       178    -28       92
  SINCE JUL 1     15                        34    -19       16

 COOLING
  TODAY            0                         1     -1        7
  MONTH TO DATE   39                        54    -15       49
  SINCE JUN 1    195                       156     39      250
  SINCE JAN 1    196                       157     39      250
..................................................................


WIND (MPH)
  HIGHEST WIND SPEED    23   HIGHEST WIND DIRECTION    SW (230)
  HIGHEST GUST SPEED    28   HIGHEST GUST DIRECTION    SW (240)
  AVERAGE WIND SPEED     4.2


SKY COVER
  POSSIBLE SUNSHINE  MM
  AVERAGE SKY COVER 0.5


WEATHER CONDITIONS
 THE FOLLOWING WEATHER WAS RECORDED TODAY.
  LIGHT RAIN
  FOG


RELATIVE HUMIDITY (PERCENT)
 HIGHEST    89           500 AM
 LOWEST     33           400 PM
 AVERAGE    61

..........................................................


THE MEEKER CO CLIMATE NORMALS FOR TOMORROW
                         NORMAL    RECORD    YEAR
 MAXIMUM TEMPERATURE (F)   83        MM        MM
 MINIMUM TEMPERATURE (F)   48        MM        MM


SUNRISE AND SUNSET
AUGUST 21 2014........SUNRISE   629 AM MDT   SUNSET   800 PM MDT
AUGUST 22 2014........SUNRISE   630 AM MDT   SUNSET   758 PM MDT


-  INDICATES NEGATIVE NUMBERS.
R  INDICATES RECORD WAS SET OR TIED.
MM INDICATES DATA IS MISSING.
T  INDICATES TRACE AMOUNT.




$$
