000
CDUS44 KBMX 250734
CLIEET


CLIMATE REPORT
NATIONAL WEATHER SERVICE BIRMINGHAM, AL
234 AM CDT THU MAY 25 2017


...................................

...THE SHELBY COUNTY AIRPORT CLIMATE SUMMARY FOR MAY 24 2017...

CLIMATE NORMAL PERIOD 1981 TO 2010
CLIMATE RECORD PERIOD 9999 TO 9999


WEATHER ITEM   OBSERVED TIME   RECORD YEAR NORMAL DEPARTURE LAST
                VALUE   (LST)  VALUE       VALUE  FROM      YEAR
                                                  NORMAL
..................................................................
TEMPERATURE (F)
 YESTERDAY
  MAXIMUM         72   1245 PM  MM      MM  83    -11       87
  MINIMUM         57   1156 PM  MM      MM  62     -5       59
  AVERAGE         65                        73     -8       73

PRECIPITATION (IN)
  YESTERDAY        0.15                      0.16  -0.01     0.00
  MONTH TO DATE    4.80                      3.39   1.41     1.51
  SINCE MAR 1     15.37                     11.76   3.61    11.88
  SINCE JAN 1     26.47                     22.84   3.63    22.52

DEGREE DAYS
 COOLING
  YESTERDAY        0                         8     -8        8
  MONTH TO DATE  148                       133     15      112
  SINCE MAR 1    357                       204    153      207
  SINCE JAN 1    367                       208    159      214
..................................................................


WIND (MPH)
  HIGHEST WIND SPEED    22   HIGHEST WIND DIRECTION     W (290)
  HIGHEST GUST SPEED    31   HIGHEST GUST DIRECTION    NW (300)
  AVERAGE WIND SPEED     6.0


SKY COVER
  POSSIBLE SUNSHINE  MM
  AVERAGE SKY COVER 0.8


WEATHER CONDITIONS
 THE FOLLOWING WEATHER WAS RECORDED YESTERDAY.
  RAIN
  LIGHT RAIN
  FOG
  HAZE


RELATIVE HUMIDITY (PERCENT)
 HIGHEST   100          1200 AM
 LOWEST     59           500 PM
 AVERAGE    80

..........................................................


THE SHELBY COUNTY AIRPORT CLIMATE NORMALS FOR TODAY
                         NORMAL    RECORD    YEAR
 MAXIMUM TEMPERATURE (F)   83        MM        MM
 MINIMUM TEMPERATURE (F)   63        MM        MM


SUNRISE AND SUNSET
MAY 25 2017...........SUNRISE   541 AM CDT   SUNSET   747 PM CDT
MAY 26 2017...........SUNRISE   541 AM CDT   SUNSET   748 PM CDT


-  INDICATES NEGATIVE NUMBERS.
R  INDICATES RECORD WAS SET OR TIED.
MM INDICATES DATA IS MISSING.
T  INDICATES TRACE AMOUNT.




$$
