000
CDUS44 KBMX 060724
CLIEET


CLIMATE REPORT
NATIONAL WEATHER SERVICE BIRMINGHAM, AL
224 AM CDT MON JUL 6 2015


...................................

...THE SHELBY COUNTY AIRPORT CLIMATE SUMMARY FOR JULY 5 2015...

CLIMATE NORMAL PERIOD 1981 TO 2010
CLIMATE RECORD PERIOD 9999 TO 9999


WEATHER ITEM   OBSERVED TIME   RECORD YEAR NORMAL DEPARTURE LAST
                VALUE   (LST)  VALUE       VALUE  FROM      YEAR
                                                  NORMAL
..................................................................
TEMPERATURE (F)
 YESTERDAY
  MAXIMUM         84    232 PM  MM      MM  90     -6       89
  MINIMUM         70    650 AM  MM      MM  70      0       62
  AVERAGE         77                        80     -3       76

PRECIPITATION (IN)
  YESTERDAY        T                         0.15  -0.15     0.00
  MONTH TO DATE    4.91                      0.78   4.13     0.17
  SINCE JUN 1      6.93                      5.41   1.52     5.64
  SINCE JAN 1     31.14                     29.34   1.80    33.14

DEGREE DAYS
 COOLING
  YESTERDAY       12                        15     -3       11
  MONTH TO DATE   63                        75    -12       71
  SINCE JUN 1    493                       449     44      486
  SINCE JAN 1    843                       718    125      780
..................................................................


WIND (MPH)
  HIGHEST WIND SPEED    12   HIGHEST WIND DIRECTION     S (200)
  HIGHEST GUST SPEED    16   HIGHEST GUST DIRECTION    SW (210)
  AVERAGE WIND SPEED     4.3


SKY COVER
  POSSIBLE SUNSHINE  MM
  AVERAGE SKY COVER 0.7


WEATHER CONDITIONS
 THE FOLLOWING WEATHER WAS RECORDED YESTERDAY.
  FOG


RELATIVE HUMIDITY (PERCENT)
 HIGHEST   100           200 AM
 LOWEST     65           200 PM
 AVERAGE    83

..........................................................


THE SHELBY COUNTY AIRPORT CLIMATE NORMALS FOR TODAY
                         NORMAL    RECORD    YEAR
 MAXIMUM TEMPERATURE (F)   90        MM        MM
 MINIMUM TEMPERATURE (F)   71        MM        MM


SUNRISE AND SUNSET
JULY  6 2015..........SUNRISE   544 AM CDT   SUNSET   800 PM CDT
JULY  7 2015..........SUNRISE   544 AM CDT   SUNSET   759 PM CDT


-  INDICATES NEGATIVE NUMBERS.
R  INDICATES RECORD WAS SET OR TIED.
MM INDICATES DATA IS MISSING.
T  INDICATES TRACE AMOUNT.




$$
