000
CDUS44 KBMX 280929
CLIEET


CLIMATE REPORT
NATIONAL WEATHER SERVICE BIRMINGHAM, AL
428 AM CDT FRI AUG 28 2015


...................................

...THE SHELBY COUNTY AIRPORT CLIMATE SUMMARY FOR AUGUST 27 2015...

CLIMATE NORMAL PERIOD 1981 TO 2010
CLIMATE RECORD PERIOD 9999 TO 9999


WEATHER ITEM   OBSERVED TIME   RECORD YEAR NORMAL DEPARTURE LAST
                VALUE   (LST)  VALUE       VALUE  FROM      YEAR
                                                  NORMAL
..................................................................
TEMPERATURE (F)
 YESTERDAY
  MAXIMUM         87    335 PM  MM      MM  89     -2       93
  MINIMUM         62    542 AM  MM      MM  69     -7       64
  AVERAGE         75                        79     -4       79

PRECIPITATION (IN)
  YESTERDAY        0.00                      0.14  -0.14     0.00
  MONTH TO DATE    5.00                      4.17   0.83     2.87
  SINCE JUN 1     17.99                     13.56   4.43    11.40
  SINCE JAN 1     42.20                     37.49   4.71    38.90

DEGREE DAYS
 COOLING
  YESTERDAY       10                        14     -4       14
  MONTH TO DATE  418                       414      4      448
  SINCE JUN 1   1367                      1275     92     1309
  SINCE JAN 1   1717                      1544    173     1603
..................................................................


WIND (MPH)
  HIGHEST WIND SPEED     8   HIGHEST WIND DIRECTION     N (360)
  HIGHEST GUST SPEED    14   HIGHEST GUST DIRECTION    NE (60)
  AVERAGE WIND SPEED     2.4


SKY COVER
  POSSIBLE SUNSHINE  MM
  AVERAGE SKY COVER 0.1


WEATHER CONDITIONS
 THE FOLLOWING WEATHER WAS RECORDED YESTERDAY.
  NO SIGNIFICANT WEATHER WAS OBSERVED.


RELATIVE HUMIDITY (PERCENT)
 HIGHEST    90           500 AM
 LOWEST     45           200 PM
 AVERAGE    68

..........................................................


THE SHELBY COUNTY AIRPORT CLIMATE NORMALS FOR TODAY
                         NORMAL    RECORD    YEAR
 MAXIMUM TEMPERATURE (F)   89        MM        MM
 MINIMUM TEMPERATURE (F)   69        MM        MM


SUNRISE AND SUNSET
AUGUST 28 2015........SUNRISE   619 AM CDT   SUNSET   718 PM CDT
AUGUST 29 2015........SUNRISE   619 AM CDT   SUNSET   716 PM CDT


-  INDICATES NEGATIVE NUMBERS.
R  INDICATES RECORD WAS SET OR TIED.
MM INDICATES DATA IS MISSING.
T  INDICATES TRACE AMOUNT.




$$
