000
CDUS46 KEKA 271209
CLIEKA


CLIMATE REPORT
NATIONAL WEATHER SERVICE EUREKA CA
409 AM PST THU NOV 27 2014


...................................

...THE EUREKA CA CLIMATE SUMMARY FOR NOVEMBER 26 2014...

CLIMATE NORMAL PERIOD 1981 TO 2010
CLIMATE RECORD PERIOD 1886 TO 2014


WEATHER ITEM   OBSERVED RECORD YEAR NORMAL DEPARTURE LAST
                VALUE   VALUE       VALUE  FROM      YEAR
                                           NORMAL
...........................................................
TEMPERATURE (F)
 YESTERDAY
  MAXIMUM         64     73    1959  56      8       59
                               1904
  MINIMUM         44     32    1994  42      2       38
  AVERAGE         54                 49      5       49

PRECIPITATION (IN)
  YESTERDAY        0.00   2.86 1899   0.22  -0.22     0.00
  MONTH TO DATE    2.77               4.67  -1.90     1.29
  SINCE JUL 1     10.64               7.99   2.65     4.56
  SINCE JAN 1     26.63              31.27  -4.64    16.04

SNOWFALL (IN)
  YESTERDAY        0.0    0.0  2002   0.0    0.0      0.0
                               2001
  MONTH TO DATE    0.0                0.0    0.0      0.0
  SINCE SEP 1      0.0                0.0    0.0      0.0
  SINCE JUL 1      0.0                0.0    0.0      0.0
  SNOW DEPTH       0

DEGREE DAYS
 HEATING
  YESTERDAY       11                 16     -5       16
  MONTH TO DATE  274                363    -89      392
  SINCE SEP 1    613                931   -318      964
  SINCE JUL 1    976               1357   -381     1383

 COOLING
  YESTERDAY        0                  0      0        0
  MONTH TO DATE    0                  0      0        0
  SINCE SEP 1      3                  0      3        1
  SINCE JAN 1      4                  0      4        6
...........................................................


WIND (MPH)
  HIGHEST WIND SPEED     6   HIGHEST WIND DIRECTION    NW (320)
  HIGHEST GUST SPEED     9   HIGHEST GUST DIRECTION    MM
  AVERAGE WIND SPEED     1.9


SKY COVER
  AVERAGE SKY COVER 0.8


WEATHER CONDITIONS
 THE FOLLOWING WEATHER WAS RECORDED YESTERDAY.
  FOG


..........................................................


THE EUREKA CA CLIMATE NORMALS FOR TODAY
                         NORMAL    RECORD    YEAR
 MAXIMUM TEMPERATURE (F)   56        72      2002
 MINIMUM TEMPERATURE (F)   42        27      1896


SUNRISE AND SUNSET
NOVEMBER 27 2014......SUNRISE   717 AM PST   SUNSET   451 PM PST
NOVEMBER 28 2014......SUNRISE   719 AM PST   SUNSET   451 PM PST


-  INDICATES NEGATIVE NUMBERS.
R  INDICATES RECORD WAS SET OR TIED.
MM INDICATES DATA IS MISSING.
T  INDICATES TRACE AMOUNT.




&&

..........................................................

TOTAL SEASON     NORMAL   % OF NORMAL     LAST SEASON

    10.64          7.99        133             4.56


$$
