000
CDUS46 KEKA 291209
CLIEKA


CLIMATE REPORT
NATIONAL WEATHER SERVICE EUREKA CA
509 AM PDT FRI MAY 29 2015


...................................

...THE EUREKA CA CLIMATE SUMMARY FOR MAY 28 2015...

CLIMATE NORMAL PERIOD 1981 TO 2010
CLIMATE RECORD PERIOD 1886 TO 2015


WEATHER ITEM   OBSERVED RECORD YEAR NORMAL DEPARTURE LAST
                VALUE   VALUE       VALUE  FROM      YEAR
                                           NORMAL
...........................................................
TEMPERATURE (F)
 YESTERDAY
  MAXIMUM         59     75    1887  61     -2       62
  MINIMUM         51     41    1977  49      2       46
  AVERAGE         55                 55      0       54

PRECIPITATION (IN)
  YESTERDAY        T      0.74 1895   0.05  -0.05     0.00
  MONTH TO DATE    T                  1.64  -1.64     0.58
  SINCE OCT 1     30.56              38.36  -7.80    17.54
  SINCE JAN 1     12.18              22.39 -10.21    15.64

SNOWFALL (IN)
  YESTERDAY        0.0    0.0  2002   0.0    0.0      0.0
                               2001
  MONTH TO DATE    0.0                0.0    0.0      0.0
  SINCE MAR 1      T                  T      0.0      0.0
  SINCE JUL 1      T                  0.2   -0.2       T
  SNOW DEPTH       0

DEGREE DAYS
 HEATING
  YESTERDAY       10                 10      0       11
  MONTH TO DATE  321                318      3      226
  SINCE MAR 1   1141               1217    -76     1015
  SINCE JUL 1   3296               4139   -843     4106

 COOLING
  YESTERDAY        0                  0      0        0
  MONTH TO DATE    0                  0      0        1
  SINCE MAR 1      0                  0      0        1
  SINCE JAN 1      0                  0      0        1
...........................................................


WIND (MPH)
  HIGHEST WIND SPEED    12   HIGHEST WIND DIRECTION    NW (320)
  HIGHEST GUST SPEED    MM   HIGHEST GUST DIRECTION    MM
  AVERAGE WIND SPEED     4.0


SKY COVER
  AVERAGE SKY COVER 1.0


WEATHER CONDITIONS
 THE FOLLOWING WEATHER WAS RECORDED YESTERDAY.
  LIGHT RAIN


..........................................................


THE EUREKA CA CLIMATE NORMALS FOR TODAY
                         NORMAL    RECORD    YEAR
 MAXIMUM TEMPERATURE (F)   61        77      1993
 MINIMUM TEMPERATURE (F)   49        42      1979


SUNRISE AND SUNSET
MAY 29 2015...........SUNRISE   549 AM PDT   SUNSET   840 PM PDT
MAY 30 2015...........SUNRISE   548 AM PDT   SUNSET   840 PM PDT


-  INDICATES NEGATIVE NUMBERS.
R  INDICATES RECORD WAS SET OR TIED.
MM INDICATES DATA IS MISSING.
T  INDICATES TRACE AMOUNT.




&&

..........................................................

TOTAL SEASON     NORMAL   % OF NORMAL     LAST SEASON

    30.56         38.36        80            17.54


$$
