000
CDUS46 KEKA 181210
CLIEKA


CLIMATE REPORT
NATIONAL WEATHER SERVICE EUREKA CA
510 AM PDT FRI APR 18 2014


...................................

...THE EUREKA CA CLIMATE SUMMARY FOR APRIL 17 2014...

CLIMATE NORMAL PERIOD 1981 TO 2010
CLIMATE RECORD PERIOD 1886 TO 2014


WEATHER ITEM   OBSERVED RECORD YEAR NORMAL DEPARTURE LAST
                VALUE   VALUE       VALUE  FROM      YEAR
                                           NORMAL
...........................................................
TEMPERATURE (F)
 YESTERDAY
  MAXIMUM         58     67    1983  58      0       54
  MINIMUM         48     34    1922  44      4       36
  AVERAGE         53                 51      2       45

PRECIPITATION (IN)
  YESTERDAY        0.07   0.99 1957   0.11  -0.04     0.00
  MONTH TO DATE    0.33               2.10  -1.77     2.44
  SINCE JUL 1     19.14              36.58 -17.44    30.71
  SINCE JAN 1     14.02              19.53  -5.51     9.88

SNOWFALL (IN)
  YESTERDAY        0.0    0.0  2002   0.0    0.0      0.0
                               2001
  MONTH TO DATE    0.0                0.0    0.0      0.0
  SINCE MAR 1      0.0                0.0    0.0      0.0
  SINCE JUL 1      T                  0.2   -0.2       T
  SNOW DEPTH       0

DEGREE DAYS
 HEATING
  YESTERDAY       12                 14     -2       20
  MONTH TO DATE  225                249    -24      251
  SINCE MAR 1    635                725    -90      781
  SINCE JUL 1   3726               3647     79     4019

 COOLING
  YESTERDAY        0                  0      0        0
  MONTH TO DATE    0                  0      0        0
  SINCE MAR 1      0                  0      0        0
  SINCE JAN 1      0                  0      0        0
...........................................................


WIND (MPH)
  HIGHEST WIND SPEED     9   HIGHEST WIND DIRECTION     N (360)
  HIGHEST GUST SPEED    14   HIGHEST GUST DIRECTION     N (360)
  AVERAGE WIND SPEED     4.6


SKY COVER
  AVERAGE SKY COVER 1.0


WEATHER CONDITIONS
 THE FOLLOWING WEATHER WAS RECORDED YESTERDAY.
  LIGHT RAIN
  FOG


..........................................................


THE EUREKA CA CLIMATE NORMALS FOR TODAY
                         NORMAL    RECORD    YEAR
 MAXIMUM TEMPERATURE (F)   58        73      1918
 MINIMUM TEMPERATURE (F)   44        35      1967


SUNRISE AND SUNSET
APRIL 18 2014.........SUNRISE   633 AM PDT   SUNSET   759 PM PDT
APRIL 19 2014.........SUNRISE   632 AM PDT   SUNSET   801 PM PDT


-  INDICATES NEGATIVE NUMBERS.
R  INDICATES RECORD WAS SET OR TIED.
MM INDICATES DATA IS MISSING.
T  INDICATES TRACE AMOUNT.




&&

..........................................................

TOTAL SEASON     NORMAL   % OF NORMAL     LAST SEASON

    19.14         36.58        52            30.71

$$
