035
CDUS46 KEKA 241211
CLIEKA


CLIMATE REPORT
NATIONAL WEATHER SERVICE EUREKA CA
509 AM PDT SUN JUL 24 2016


...................................

...THE EUREKA CA CLIMATE SUMMARY FOR JULY 23 2016...

CLIMATE NORMAL PERIOD 1981 TO 2010
CLIMATE RECORD PERIOD 1886 TO 2016


WEATHER ITEM   OBSERVED RECORD YEAR NORMAL DEPARTURE LAST
                VALUE   VALUE       VALUE  FROM      YEAR
                                           NORMAL
...........................................................
TEMPERATURE (F)
 YESTERDAY
  MAXIMUM         63     72    2007  64     -1       67
  MINIMUM         54     46    1887  52      2       55
  AVERAGE         59                 58      1       61

PRECIPITATION (IN)
  YESTERDAY        0.00   0.05 1993   0.00   0.00     0.00
                               1949
  MONTH TO DATE    0.51               0.14   0.37     0.15
  SINCE OCT 1     48.00              39.39   8.61    30.82
  SINCE JAN 1     27.28              23.42   3.86    12.44

SNOWFALL (IN)
  YESTERDAY        0.0    0.0  2002   0.0    0.0      0.0
                               2001
  MONTH TO DATE    0.0                0.0    0.0      0.0
  SINCE JUN 1      0.0                0.0    0.0      0.0
  SINCE JUL 1      0.0                0.0    0.0      0.0
  SNOW DEPTH       0

DEGREE DAYS
 HEATING
  YESTERDAY        6                  7     -1        4
  MONTH TO DATE  149                172    -23       93
  SINCE JUN 1    373                438    -65      334
  SINCE JUL 1    149                172    -23       93

 COOLING
  YESTERDAY        0                  0      0        0
  MONTH TO DATE    0                  0      0        1
  SINCE JUN 1      0                  0      0        1
  SINCE JAN 1      0                  0      0        1
...........................................................


WIND (MPH)
  HIGHEST WIND SPEED    12   HIGHEST WIND DIRECTION     N (350)
  HIGHEST GUST SPEED    12   HIGHEST GUST DIRECTION    MM
  AVERAGE WIND SPEED     5.6


SKY COVER
  AVERAGE SKY COVER 0.4


WEATHER CONDITIONS
 THE FOLLOWING WEATHER WAS RECORDED YESTERDAY.
  FOG


..........................................................


THE EUREKA CA CLIMATE NORMALS FOR TODAY
                         NORMAL    RECORD    YEAR
 MAXIMUM TEMPERATURE (F)   64        69      2007
                                             1994
 MINIMUM TEMPERATURE (F)   52        47      1896


SUNRISE AND SUNSET
JULY 24 2016..........SUNRISE   606 AM PDT   SUNSET   840 PM PDT
JULY 25 2016..........SUNRISE   607 AM PDT   SUNSET   839 PM PDT


-  INDICATES NEGATIVE NUMBERS.
R  INDICATES RECORD WAS SET OR TIED.
MM INDICATES DATA IS MISSING.
T  INDICATES TRACE AMOUNT.




&&

..........................................................

TOTAL SEASON     NORMAL   % OF NORMAL     LAST SEASON

    48.00         39.39        122            30.82


$$
