000
CDUS46 KEKA 171222
CLIEKA


CLIMATE REPORT
NATIONAL WEATHER SERVICE EUREKA CA
422 AM PST WED DEC 17 2014


...................................

...THE EUREKA CA CLIMATE SUMMARY FOR DECEMBER 16 2014...

CLIMATE NORMAL PERIOD 1981 TO 2010
CLIMATE RECORD PERIOD 1886 TO 2014


WEATHER ITEM   OBSERVED RECORD YEAR NORMAL DEPARTURE LAST
                VALUE   VALUE       VALUE  FROM      YEAR
                                           NORMAL
...........................................................
TEMPERATURE (F)
 YESTERDAY
  MAXIMUM         58     66    1950  55      3       55
  MINIMUM         49     29    1965  40      9       32
  AVERAGE         54                 48      6       44

PRECIPITATION (IN)
  YESTERDAY        0.34   2.84 1982   0.28   0.06     0.00
  MONTH TO DATE    5.41               4.18   1.23     0.48
  SINCE JUL 1     17.17              13.11   4.06     5.04
  SINCE JAN 1     33.16              36.39  -3.23    16.52

SNOWFALL (IN)
  YESTERDAY        0.0    0.0  2001   0.0    0.0      0.0
  MONTH TO DATE    0.0                0.0    0.0       T
  SINCE DEC 1      0.0                0.0    0.0       T
  SINCE JUL 1      0.0                0.0    0.0       T
  SNOW DEPTH       0

DEGREE DAYS
 HEATING
  YESTERDAY       11                 17     -6       21
  MONTH TO DATE  143                271   -128      389
  SINCE DEC 1    143                271   -128      389
  SINCE JUL 1   1163               1693   -530     1840

 COOLING
  YESTERDAY        0                  0      0        0
  MONTH TO DATE    0                  0      0        0
  SINCE DEC 1      0                  0      0        0
  SINCE JAN 1      4                  0      4        6
...........................................................


WIND (MPH)
  HIGHEST WIND SPEED    20   HIGHEST WIND DIRECTION    SE (150)
  HIGHEST GUST SPEED    35   HIGHEST GUST DIRECTION     S (170)
  AVERAGE WIND SPEED    13.0


SKY COVER
  AVERAGE SKY COVER 1.0


WEATHER CONDITIONS
 THE FOLLOWING WEATHER WAS RECORDED YESTERDAY.
  LIGHT RAIN
  FOG


..........................................................


THE EUREKA CA CLIMATE NORMALS FOR TODAY
                         NORMAL    RECORD    YEAR
 MAXIMUM TEMPERATURE (F)   55        72      1981
                                             1979
 MINIMUM TEMPERATURE (F)   40        27      2008


SUNRISE AND SUNSET
DECEMBER 17 2014......SUNRISE   735 AM PST   SUNSET   451 PM PST
DECEMBER 18 2014......SUNRISE   736 AM PST   SUNSET   451 PM PST


-  INDICATES NEGATIVE NUMBERS.
R  INDICATES RECORD WAS SET OR TIED.
MM INDICATES DATA IS MISSING.
T  INDICATES TRACE AMOUNT.




&&

..........................................................

TOTAL SEASON     NORMAL   % OF NORMAL     LAST SEASON

    17.17         13.11        131             5.04


$$
