000
CDUS46 KEKA 271211
CLIEKA


CLIMATE REPORT
NATIONAL WEATHER SERVICE EUREKA CA
510 AM PDT FRI MAY 27 2016


...................................

...THE EUREKA CA CLIMATE SUMMARY FOR MAY 26 2016...

CLIMATE NORMAL PERIOD 1981 TO 2010
CLIMATE RECORD PERIOD 1886 TO 2016


WEATHER ITEM   OBSERVED RECORD YEAR NORMAL DEPARTURE LAST
                VALUE   VALUE       VALUE  FROM      YEAR
                                           NORMAL
...........................................................
TEMPERATURE (F)
 YESTERDAY
  MAXIMUM         62     75    1947  61      1       57
  MINIMUM         53     42    1973  49      4       50
                               1920
  AVERAGE         58                 55      3       54

PRECIPITATION (IN)
  YESTERDAY        T      1.53 1895   0.04  -0.04      T
  MONTH TO DATE    0.76               1.54  -0.78      T
  SINCE OCT 1     47.47              38.26   9.21    30.56
  SINCE JAN 1     26.75              22.29   4.46    12.18

SNOWFALL (IN)
  YESTERDAY        0.0    0.0  2002   0.0    0.0      0.0
                               2001
  MONTH TO DATE    0.0                0.0    0.0      0.0
  SINCE MAR 1      0.0                T      0.0       T
  SINCE JUL 1      T                  0.2   -0.2       T
  SNOW DEPTH       0

DEGREE DAYS
 HEATING
  YESTERDAY        7                 10     -3       11
  MONTH TO DATE  243                298    -55      300
  SINCE MAR 1    942               1197   -255     1120
  SINCE JUL 1   3352               4119   -767     3275

 COOLING
  YESTERDAY        0                  0      0        0
  MONTH TO DATE    0                  0      0        0
  SINCE MAR 1      0                  0      0        0
  SINCE JAN 1      0                  0      0        0
...........................................................


WIND (MPH)
  HIGHEST WIND SPEED    15   HIGHEST WIND DIRECTION     N (360)
  HIGHEST GUST SPEED    21   HIGHEST GUST DIRECTION     N (340)
  AVERAGE WIND SPEED     7.8


SKY COVER
  AVERAGE SKY COVER 0.5


WEATHER CONDITIONS
 THE FOLLOWING WEATHER WAS RECORDED YESTERDAY.
  LIGHT RAIN


..........................................................


THE EUREKA CA CLIMATE NORMALS FOR TODAY
                         NORMAL    RECORD    YEAR
 MAXIMUM TEMPERATURE (F)   61        70      1988
                                             1922
 MINIMUM TEMPERATURE (F)   49        41      1929


SUNRISE AND SUNSET
MAY 27 2016...........SUNRISE   550 AM PDT   SUNSET   839 PM PDT
MAY 28 2016...........SUNRISE   549 AM PDT   SUNSET   839 PM PDT


-  INDICATES NEGATIVE NUMBERS.
R  INDICATES RECORD WAS SET OR TIED.
MM INDICATES DATA IS MISSING.
T  INDICATES TRACE AMOUNT.




&&

..........................................................

TOTAL SEASON     NORMAL   % OF NORMAL     LAST SEASON

    47.47         38.26        124            30.56


$$
