000
CDUS46 KEKA 221210
CLIEKA


CLIMATE REPORT
NATIONAL WEATHER SERVICE EUREKA CA
510 AM PDT FRI AUG 22 2014


...................................

...THE EUREKA CA CLIMATE SUMMARY FOR AUGUST 21 2014...

CLIMATE NORMAL PERIOD 1981 TO 2010
CLIMATE RECORD PERIOD 1886 TO 2014


WEATHER ITEM   OBSERVED RECORD YEAR NORMAL DEPARTURE LAST
                VALUE   VALUE       VALUE  FROM      YEAR
                                           NORMAL
...........................................................
TEMPERATURE (F)
 YESTERDAY
  MAXIMUM         66     73    1971  65      1       62
  MINIMUM         52     47    1910  53     -1       55
                               1890
  AVERAGE         59                 59      0       59

PRECIPITATION (IN)
  YESTERDAY        0.00   0.16 2008   0.01  -0.01      T
  MONTH TO DATE    0.01               0.17  -0.16     0.03
  SINCE JUL 1      0.03               0.35  -0.32     0.03
  SINCE JAN 1     16.02              23.63  -7.61    11.51

SNOWFALL (IN)
  YESTERDAY        0.0    0.0  2002   0.0    0.0      0.0
                               2001
  MONTH TO DATE    0.0                0.0    0.0      0.0
  SINCE JUN 1      0.0                0.0    0.0      0.0
  SINCE JUL 1      0.0                0.0    0.0      0.0
  SNOW DEPTH       0

DEGREE DAYS
 HEATING
  YESTERDAY        6                  6      0        6
  MONTH TO DATE  126                132     -6      122
  SINCE JUN 1    566                624    -58      605
  SINCE JUL 1    314                358    -44      382

 COOLING
  YESTERDAY        0                  0      0        0
  MONTH TO DATE    0                  0      0        2
  SINCE JUN 1      0                  0      0        2
  SINCE JAN 1      1                  0      1        2
...........................................................


WIND (MPH)
  HIGHEST WIND SPEED    10   HIGHEST WIND DIRECTION     N (350)
  HIGHEST GUST SPEED    13   HIGHEST GUST DIRECTION    MM
  AVERAGE WIND SPEED     3.2


SKY COVER
  AVERAGE SKY COVER 0.6


WEATHER CONDITIONS
 THE FOLLOWING WEATHER WAS RECORDED YESTERDAY.
  FOG


..........................................................


THE EUREKA CA CLIMATE NORMALS FOR TODAY
                         NORMAL    RECORD    YEAR
 MAXIMUM TEMPERATURE (F)   65        77      2001
 MINIMUM TEMPERATURE (F)   53        46      1933
                                             1909


SUNRISE AND SUNSET
AUGUST 22 2014........SUNRISE   634 AM PDT   SUNSET   804 PM PDT
AUGUST 23 2014........SUNRISE   635 AM PDT   SUNSET   803 PM PDT


-  INDICATES NEGATIVE NUMBERS.
R  INDICATES RECORD WAS SET OR TIED.
MM INDICATES DATA IS MISSING.
T  INDICATES TRACE AMOUNT.




&&

..........................................................

TOTAL SEASON     NORMAL   % OF NORMAL     LAST SEASON

     0.03          0.35        9             0.03

$$
