000
CDUS46 KEKA 191211
CLIEKA


CLIMATE REPORT
NATIONAL WEATHER SERVICE EUREKA CA
511 AM PDT SAT AUG 19 2017


...................................

...THE EUREKA CA CLIMATE SUMMARY FOR AUGUST 18 2017...

CLIMATE NORMAL PERIOD 1981 TO 2010
CLIMATE RECORD PERIOD 1886 TO 2017


WEATHER ITEM   OBSERVED RECORD YEAR NORMAL DEPARTURE LAST
                VALUE   VALUE       VALUE  FROM      YEAR
                                           NORMAL
...........................................................
TEMPERATURE (F)
 YESTERDAY
  MAXIMUM         62     71    1986  64     -2       61
                               1891
  MINIMUM         54     46    1916  53      1       51
  AVERAGE         58                 59     -1       56

PRECIPITATION (IN)
  YESTERDAY        0.00   0.88 1924   0.01  -0.01     0.00
  MONTH TO DATE    0.01               0.13  -0.12      T
  SINCE OCT 1     62.79              39.56  23.23    48.03
  SINCE JAN 1     37.02              23.59  13.43    27.31

SNOWFALL (IN)
  YESTERDAY        0.0    0.0  2002   0.0    0.0      0.0
                               2001
  MONTH TO DATE    0.0                0.0    0.0      0.0
  SINCE JUN 1      0.0                0.0    0.0      0.0
  SINCE JUL 1      0.0                0.0    0.0      0.0
  SNOW DEPTH       0

DEGREE DAYS
 HEATING
  YESTERDAY        7                  6      1        9
  MONTH TO DATE   89                114    -25      142
  SINCE JUN 1    536                606    -70      570
  SINCE JUL 1    306                340    -34      346

 COOLING
  YESTERDAY        0                  0      0        0
  MONTH TO DATE    0                  0      0        0
  SINCE JUN 1      0                  0      0        0
  SINCE JAN 1      0                  0      0        0
...........................................................


WIND (MPH)
  HIGHEST WIND SPEED    10   HIGHEST WIND DIRECTION    NW (320)
  HIGHEST GUST SPEED    12   HIGHEST GUST DIRECTION    MM
  AVERAGE WIND SPEED     4.0


SKY COVER
  AVERAGE SKY COVER 1.0


WEATHER CONDITIONS
 THE FOLLOWING WEATHER WAS RECORDED YESTERDAY.
  FOG
  FOG W/VISIBILITY <= 1/4 MILE
  HAZE


..........................................................


THE EUREKA CA CLIMATE NORMALS FOR TODAY
                         NORMAL    RECORD    YEAR
 MAXIMUM TEMPERATURE (F)   64        74      2007
 MINIMUM TEMPERATURE (F)   53        46      1947


SUNRISE AND SUNSET
AUGUST 19 2017........SUNRISE   631 AM PDT   SUNSET   808 PM PDT
AUGUST 20 2017........SUNRISE   632 AM PDT   SUNSET   807 PM PDT


-  INDICATES NEGATIVE NUMBERS.
R  INDICATES RECORD WAS SET OR TIED.
MM INDICATES DATA IS MISSING.
T  INDICATES TRACE AMOUNT.




&&

..........................................................

TOTAL SEASON     NORMAL   % OF NORMAL     LAST SEASON

    62.79         39.56        159            48.03


$$
