000
CDUS41 KRLX 310821
CLIEKN


CLIMATE REPORT
NATIONAL WEATHER SERVICE CHARLESTON WV
318 AM EST SAT JAN 31 2015


...................................

...THE ELKINS WV CLIMATE SUMMARY FOR JANUARY 30 2015...

CLIMATE NORMAL PERIOD 1981 TO 2010
CLIMATE RECORD PERIOD 1899 TO 2015


WEATHER ITEM   OBSERVED TIME   RECORD YEAR NORMAL DEPARTURE LAST
                VALUE   (LST)  VALUE       VALUE  FROM      YEAR
                                                  NORMAL
..................................................................
TEMPERATURE (F)
 YESTERDAY
  MAXIMUM         33   1214 AM  71    1916  40     -7       37
  MINIMUM         13   1159 PM -11    2014  20     -7      -11
  AVERAGE         23                        30     -7       13

PRECIPITATION (IN)
  YESTERDAY        0.14          1.32 2013   0.10   0.04     0.00
  MONTH TO DATE    3.02                      3.12  -0.10     2.15
  SINCE JAN 1      3.02                      3.12  -0.10     2.15

SNOWFALL (IN)
  YESTERDAY        1.8
  MONTH TO DATE   16.2
  SINCE SEP 1     25.3
  SNOW DEPTH       2

DEGREE DAYS
 HEATING
  YESTERDAY       42                        35      7       52
  MONTH TO DATE 1103                      1076     27     1263
  SINCE DEC 1   1975                      2083   -108     2178
  SINCE JUL 1   3331                      3367    -36     3473

 COOLING
  YESTERDAY        0                         0      0        0
  MONTH TO DATE    0                         0      0        0
  SINCE DEC 1      0                         0      0        0
  SINCE JAN 1      0                         0      0        0
..................................................................


WIND (MPH)
  HIGHEST WIND SPEED    23   HIGHEST WIND DIRECTION    NW (300)
  HIGHEST GUST SPEED    34   HIGHEST GUST DIRECTION    NW (310)
  AVERAGE WIND SPEED    12.0


SKY COVER
  POSSIBLE SUNSHINE  MM
  AVERAGE SKY COVER 1.0


WEATHER CONDITIONS
 THE FOLLOWING WEATHER WAS RECORDED YESTERDAY.
  SNOW
  LIGHT SNOW
  FOG


RELATIVE HUMIDITY (PERCENT)
 HIGHEST    92           100 AM
 LOWEST     67           600 PM
 AVERAGE    80

..........................................................


THE ELKINS WV CLIMATE NORMALS FOR TODAY
                         NORMAL    RECORD    YEAR
 MAXIMUM TEMPERATURE (F)   40        76      2002
 MINIMUM TEMPERATURE (F)   20       -11      2004


SUNRISE AND SUNSET
JANUARY 31 2015.......SUNRISE   727 AM EST   SUNSET   539 PM EST
FEBRUARY  1 2015......SUNRISE   726 AM EST   SUNSET   541 PM EST


-  INDICATES NEGATIVE NUMBERS.
R  INDICATES RECORD WAS SET OR TIED.
MM INDICATES DATA IS MISSING.
T  INDICATES TRACE AMOUNT.




$$
