000
CDUS41 KRLX 270745
CLIEKN


CLIMATE REPORT
NATIONAL WEATHER SERVICE CHARLESTON WV
342 AM EDT SAT MAY 27 2017


...................................

...THE ELKINS WV CLIMATE SUMMARY FOR MAY 26 2017...

CLIMATE NORMAL PERIOD 1981 TO 2010
CLIMATE RECORD PERIOD 1899 TO 2017


WEATHER ITEM   OBSERVED TIME   RECORD YEAR NORMAL DEPARTURE LAST
                VALUE   (LST)  VALUE       VALUE  FROM      YEAR
                                                  NORMAL
..................................................................
TEMPERATURE (F)
 YESTERDAY
  MAXIMUM         70    405 PM  90    1991  73     -3       80
  MINIMUM         51   1156 PM  31    2013  49      2       54
                                      1988
                                      1930
  AVERAGE         61                        61      0       67

PRECIPITATION (IN)
  YESTERDAY        0.08          2.62 1990   0.17  -0.09      T
  MONTH TO DATE    3.68                      4.29  -0.61     6.21
  SINCE JAN 1     20.02                     18.38   1.64    17.41

SNOWFALL (IN)
  YESTERDAY        0.0
  MONTH TO DATE    0.0
  SINCE SEP 1     44.5
  SNOW DEPTH       0

DEGREE DAYS
 HEATING
  YESTERDAY        4                         5     -1        0
  MONTH TO DATE  191                       212    -21      230
  SINCE MAR 1   1181                      1454   -273     1218
  SINCE JUL 1   4584                      5775  -1191     4960

 COOLING
  YESTERDAY        0                         1     -1        2
  MONTH TO DATE   29                        13     16        5
  SINCE MAR 1     39                        16     23        8
  SINCE JAN 1     39                        16     23        8
..................................................................


WIND (MPH)
  HIGHEST WIND SPEED    21   HIGHEST WIND DIRECTION     W (290)
  HIGHEST GUST SPEED    32   HIGHEST GUST DIRECTION     W (250)
  AVERAGE WIND SPEED     9.1


SKY COVER
  POSSIBLE SUNSHINE  MM
  AVERAGE SKY COVER 0.7


WEATHER CONDITIONS
 THE FOLLOWING WEATHER WAS RECORDED YESTERDAY.
  LIGHT RAIN
  FOG


RELATIVE HUMIDITY (PERCENT)
 HIGHEST    93          1000 PM
 LOWEST     53           500 PM
 AVERAGE    73

..........................................................


THE ELKINS WV CLIMATE NORMALS FOR TODAY
                         NORMAL    RECORD    YEAR
 MAXIMUM TEMPERATURE (F)   73        89      2012
 MINIMUM TEMPERATURE (F)   49        30      1983
                                             1949
                                             1925


SUNRISE AND SUNSET
MAY 27 2017...........SUNRISE   558 AM EDT   SUNSET   835 PM EDT
MAY 28 2017...........SUNRISE   558 AM EDT   SUNSET   836 PM EDT


-  INDICATES NEGATIVE NUMBERS.
R  INDICATES RECORD WAS SET OR TIED.
MM INDICATES DATA IS MISSING.
T  INDICATES TRACE AMOUNT.




$$
