011
CDUS41 KRLX 190820
CLIEKN


CLIMATE REPORT
NATIONAL WEATHER SERVICE CHARLESTON WV
319 AM EST SUN NOV 19 2017


...................................

...THE ELKINS WV CLIMATE SUMMARY FOR NOVEMBER 18 2017...

CLIMATE NORMAL PERIOD 1981 TO 2010
CLIMATE RECORD PERIOD 1899 TO 2017


WEATHER ITEM   OBSERVED TIME   RECORD YEAR NORMAL DEPARTURE LAST
                VALUE   (LST)  VALUE       VALUE  FROM      YEAR
                                                  NORMAL
..................................................................
TEMPERATURE (F)
 YESTERDAY
  MAXIMUM         66    356 PM  80    1958  52     14       74
  MINIMUM         26    103 AM   7    1997  30     -4       26
  AVERAGE         46                        41      5       50

PRECIPITATION (IN)
  YESTERDAY        0.17          1.02 1984   0.12   0.05     0.00
  MONTH TO DATE    2.37                      1.99   0.38     0.97
  SINCE JAN 1     43.38                     41.28   2.10    38.77

SNOWFALL (IN)
  YESTERDAY        0.0           2.6  1949   0.2   -0.2      0.0
  MONTH TO DATE    T                         2.1   -2.1      0.0
  SINCE SEP 1      T                         2.5   -2.5      0.0
  SNOW DEPTH       0

DEGREE DAYS
 HEATING
  YESTERDAY       19                        24     -5       15
  MONTH TO DATE  359                       381    -22      325
  SINCE SEP 1    762                       942   -180      628
  SINCE JUL 1    784                       972   -188      628

 COOLING
  YESTERDAY        0                         0      0        0
  MONTH TO DATE    0                         0      0        0
  SINCE SEP 1     82                        49     33      120
  SINCE JAN 1    544                       475     69      809
..................................................................


WIND (MPH)
  HIGHEST WIND SPEED    24   HIGHEST WIND DIRECTION    SW (220)
  HIGHEST GUST SPEED    33   HIGHEST GUST DIRECTION    SW (230)
  AVERAGE WIND SPEED     9.0


SKY COVER
  POSSIBLE SUNSHINE  MM
  AVERAGE SKY COVER 0.7


WEATHER CONDITIONS
 THE FOLLOWING WEATHER WAS RECORDED YESTERDAY.
  LIGHT RAIN


RELATIVE HUMIDITY (PERCENT)
 HIGHEST    85           200 AM
 LOWEST     38           800 AM
 AVERAGE    62

..........................................................


THE ELKINS WV CLIMATE NORMALS FOR TODAY
                         NORMAL    RECORD    YEAR
 MAXIMUM TEMPERATURE (F)   52        76      1985
 MINIMUM TEMPERATURE (F)   30        12      2014


SUNRISE AND SUNSET
NOVEMBER 19 2017......SUNRISE   707 AM EST   SUNSET   503 PM EST
NOVEMBER 20 2017......SUNRISE   708 AM EST   SUNSET   502 PM EST


-  INDICATES NEGATIVE NUMBERS.
R  INDICATES RECORD WAS SET OR TIED.
MM INDICATES DATA IS MISSING.
T  INDICATES TRACE AMOUNT.




$$
