000
CDUS41 KRLX 260718
CLIEKN


CLIMATE REPORT
NATIONAL WEATHER SERVICE CHARLESTON WV
318 AM EDT THU MAY 26 2016


...................................

...THE ELKINS WV CLIMATE SUMMARY FOR MAY 25 2016...

CLIMATE NORMAL PERIOD 1981 TO 2010
CLIMATE RECORD PERIOD 1899 TO 2016


WEATHER ITEM   OBSERVED TIME   RECORD YEAR NORMAL DEPARTURE LAST
                VALUE   (LST)  VALUE       VALUE  FROM      YEAR
                                                  NORMAL
..................................................................
TEMPERATURE (F)
 YESTERDAY
  MAXIMUM         81    407 PM  90    1914  73      8       85
  MINIMUM         44    542 AM  30    1956  48     -4       49
  AVERAGE         63                        60      3       67

PRECIPITATION (IN)
  YESTERDAY        0.00          1.55 1918   0.16  -0.16     0.00
  MONTH TO DATE    6.21                      4.12   2.09     1.35
  SINCE JAN 1     17.41                     18.21  -0.80    21.41

SNOWFALL (IN)
  YESTERDAY        0.0
  MONTH TO DATE    T
  SINCE SEP 1     59.0
  SNOW DEPTH       0

DEGREE DAYS
 HEATING
  YESTERDAY        2                         6     -4        0
  MONTH TO DATE  230                       207     23      108
  SINCE MAR 1   1218                      1449   -231     1304
  SINCE JUL 1   4960                      5770   -810     5935

 COOLING
  YESTERDAY        0                         1     -1        2
  MONTH TO DATE    3                        12     -9       34
  SINCE MAR 1      6                        15     -9       37
  SINCE JAN 1      6                        15     -9       37
..................................................................


WIND (MPH)
  HIGHEST WIND SPEED    14   HIGHEST WIND DIRECTION    NW (320)
  HIGHEST GUST SPEED    20   HIGHEST GUST DIRECTION    NW (300)
  AVERAGE WIND SPEED     2.5


SKY COVER
  POSSIBLE SUNSHINE  MM
  AVERAGE SKY COVER 0.0


WEATHER CONDITIONS
 THE FOLLOWING WEATHER WAS RECORDED YESTERDAY.
  FOG


RELATIVE HUMIDITY (PERCENT)
 HIGHEST    93          1200 AM
 LOWEST     26           400 PM
 AVERAGE    60

..........................................................


THE ELKINS WV CLIMATE NORMALS FOR TODAY
                         NORMAL    RECORD    YEAR
 MAXIMUM TEMPERATURE (F)   73        90      1991
 MINIMUM TEMPERATURE (F)   49        31      2013
                                             1988
                                             1930


SUNRISE AND SUNSET
MAY 26 2016...........SUNRISE   559 AM EDT   SUNSET   835 PM EDT
MAY 27 2016...........SUNRISE   558 AM EDT   SUNSET   836 PM EDT


-  INDICATES NEGATIVE NUMBERS.
R  INDICATES RECORD WAS SET OR TIED.
MM INDICATES DATA IS MISSING.
T  INDICATES TRACE AMOUNT.




$$
