000
CDUS41 KRLX 280718
CLIEKN


CLIMATE REPORT
NATIONAL WEATHER SERVICE CHARLESTON WV
316 AM EDT FRI AUG 28 2015


...................................

...THE ELKINS WV CLIMATE SUMMARY FOR AUGUST 27 2015...

CLIMATE NORMAL PERIOD 1981 TO 2010
CLIMATE RECORD PERIOD 1899 TO 2015


WEATHER ITEM   OBSERVED TIME   RECORD YEAR NORMAL DEPARTURE LAST
                VALUE   (LST)  VALUE       VALUE  FROM      YEAR
                                                  NORMAL
..................................................................
TEMPERATURE (F)
 YESTERDAY
  MAXIMUM         74    403 PM  95    1948  79     -5       84
  MINIMUM         50    457 AM  41    1945  57     -7       52
  AVERAGE         62                        68     -6       68

PRECIPITATION (IN)
  YESTERDAY        0.00          1.30 1943   0.11  -0.11     0.12
  MONTH TO DATE    2.10                      3.39  -1.29     2.71
  SINCE JAN 1     37.45                     32.36   5.09    27.85

SNOWFALL (IN)
  YESTERDAY        0.0
  MONTH TO DATE    0.0
  SINCE SEP 1     70.3
  SNOW DEPTH       0

DEGREE DAYS
 HEATING
  YESTERDAY        3                         1      2        0
  MONTH TO DATE   11                        12     -1       18
  SINCE JUN 1     32                        79    -47       65
  SINCE JUL 1     11                        24    -13       51

 COOLING
  YESTERDAY        0                         4     -4        3
  MONTH TO DATE  107                       128    -21       94
  SINCE JUN 1    461                       386     75      382
  SINCE JAN 1    526                       409    117      418
..................................................................


WIND (MPH)
  HIGHEST WIND SPEED     9   HIGHEST WIND DIRECTION    NW (310)
  HIGHEST GUST SPEED    13   HIGHEST GUST DIRECTION    NW (300)
  AVERAGE WIND SPEED     1.6


SKY COVER
  POSSIBLE SUNSHINE  MM
  AVERAGE SKY COVER 0.5


WEATHER CONDITIONS
 THE FOLLOWING WEATHER WAS RECORDED YESTERDAY.
  FOG


RELATIVE HUMIDITY (PERCENT)
 HIGHEST    93           300 AM
 LOWEST     44           400 PM
 AVERAGE    69

..........................................................


THE ELKINS WV CLIMATE NORMALS FOR TODAY
                         NORMAL    RECORD    YEAR
 MAXIMUM TEMPERATURE (F)   79        92      1993
                                             1948
 MINIMUM TEMPERATURE (F)   57        40      1986
                                             1946


SUNRISE AND SUNSET
AUGUST 28 2015........SUNRISE   644 AM EDT   SUNSET   756 PM EDT
AUGUST 29 2015........SUNRISE   645 AM EDT   SUNSET   755 PM EDT


-  INDICATES NEGATIVE NUMBERS.
R  INDICATES RECORD WAS SET OR TIED.
MM INDICATES DATA IS MISSING.
T  INDICATES TRACE AMOUNT.




$$
