000
CDUS41 KRLX 010816
CLIEKN


CLIMATE REPORT
NATIONAL WEATHER SERVICE CHARLESTON WV
405 AM EDT WED JUL 1 2015


...................................

...THE ELKINS WV CLIMATE SUMMARY FOR JUNE 30 2015...

CLIMATE NORMAL PERIOD 1981 TO 2010
CLIMATE RECORD PERIOD 1899 TO 2015


WEATHER ITEM   OBSERVED TIME   RECORD YEAR NORMAL DEPARTURE LAST
                VALUE   (LST)  VALUE       VALUE  FROM      YEAR
                                                  NORMAL
..................................................................
TEMPERATURE (F)
 YESTERDAY
  MAXIMUM         78    313 PM  95    2012  81     -3       83
  MINIMUM         59   1159 PM  37    1988  58      1       61
  AVERAGE         69                        69      0       72

PRECIPITATION (IN)
  YESTERDAY        0.13          1.79 1936   0.16  -0.03     0.05
  MONTH TO DATE    8.52                      4.40   4.12     4.52
  SINCE JAN 1     30.37                     23.61   6.76    19.86

SNOWFALL (IN)
  YESTERDAY        0.0
  MONTH TO DATE    0.0
  SINCE SEP 1     70.3
  SNOW DEPTH       0

DEGREE DAYS
 HEATING
  YESTERDAY        0                         1     -1        0
  MONTH TO DATE   21                        56    -35       14
  SINCE JUN 1     21                        55    -34       14
  SINCE JUL 1   5956                      5852    104     6002

 COOLING
  YESTERDAY        4                         5     -1        7
  MONTH TO DATE  153                        92     61      145
  SINCE JUN 1    153                        92     61      145
  SINCE JAN 1    218                       115    103      181
..................................................................


WIND (MPH)
  HIGHEST WIND SPEED    23   HIGHEST WIND DIRECTION     W (290)
  HIGHEST GUST SPEED    35   HIGHEST GUST DIRECTION    NW (310)
  AVERAGE WIND SPEED     4.9


SKY COVER
  POSSIBLE SUNSHINE  MM
  AVERAGE SKY COVER 0.4


WEATHER CONDITIONS
 THE FOLLOWING WEATHER WAS RECORDED YESTERDAY.
  RAIN
  LIGHT RAIN
  FOG


RELATIVE HUMIDITY (PERCENT)
 HIGHEST    97           400 AM
 LOWEST     48           200 PM
 AVERAGE    73

..........................................................


THE ELKINS WV CLIMATE NORMALS FOR TODAY
                         NORMAL    RECORD    YEAR
 MAXIMUM TEMPERATURE (F)   81        94      1913
 MINIMUM TEMPERATURE (F)   58        32      1988


SUNRISE AND SUNSET
JULY  1 2015..........SUNRISE   558 AM EDT   SUNSET   849 PM EDT
JULY  2 2015..........SUNRISE   558 AM EDT   SUNSET   848 PM EDT


-  INDICATES NEGATIVE NUMBERS.
R  INDICATES RECORD WAS SET OR TIED.
MM INDICATES DATA IS MISSING.
T  INDICATES TRACE AMOUNT.




$$
