000
CDUS41 KRLX 080820
CLIEKN


CLIMATE REPORT
NATIONAL WEATHER SERVICE CHARLESTON WV
318 AM EST MON FEB 8 2016


...................................

...THE ELKINS WV CLIMATE SUMMARY FOR FEBRUARY 7 2016...

CLIMATE NORMAL PERIOD 1981 TO 2010
CLIMATE RECORD PERIOD 1899 TO 2016


WEATHER ITEM   OBSERVED TIME   RECORD YEAR NORMAL DEPARTURE LAST
                VALUE   (LST)  VALUE       VALUE  FROM      YEAR
                                                  NORMAL
..................................................................
TEMPERATURE (F)
 YESTERDAY
  MAXIMUM         47    335 PM  67    2005  41      6       51
  MINIMUM         16    642 AM -14    1907  21     -5       12
  AVERAGE         32                        31      1       32

PRECIPITATION (IN)
  YESTERDAY        0.00          0.54 1965   0.10  -0.10     0.00
                                      1951
                                      1904
  MONTH TO DATE    0.42                      0.74  -0.32     0.83
  SINCE JAN 1      2.79                      3.97  -1.18     3.85

SNOWFALL (IN)
  YESTERDAY        0.0
  MONTH TO DATE    T
  SINCE SEP 1     27.9
  SNOW DEPTH       0

DEGREE DAYS
 HEATING
  YESTERDAY       33                        34     -1       33
  MONTH TO DATE  183                       243    -60      269
  SINCE DEC 1   2010                      2360   -350     2294
  SINCE JUL 1   3013                      3644   -631     3650

 COOLING
  YESTERDAY        0                         0      0        0
  MONTH TO DATE    0                         0      0        0
  SINCE DEC 1      0                         0      0        0
  SINCE JAN 1      0                         0      0        0
..................................................................


WIND (MPH)
  HIGHEST WIND SPEED    10   HIGHEST WIND DIRECTION     N (350)
  HIGHEST GUST SPEED    15   HIGHEST GUST DIRECTION    NW (320)
  AVERAGE WIND SPEED     1.1


SKY COVER
  POSSIBLE SUNSHINE  MM
  AVERAGE SKY COVER 0.0


WEATHER CONDITIONS
 THE FOLLOWING WEATHER WAS RECORDED YESTERDAY.
  NO SIGNIFICANT WEATHER WAS OBSERVED.


RELATIVE HUMIDITY (PERCENT)
 HIGHEST    84           100 AM
 LOWEST     37           200 PM
 AVERAGE    61

..........................................................


THE ELKINS WV CLIMATE NORMALS FOR TODAY
                         NORMAL    RECORD    YEAR
 MAXIMUM TEMPERATURE (F)   41        74      1937
                                             1900
 MINIMUM TEMPERATURE (F)   21       -22      1977


SUNRISE AND SUNSET
FEBRUARY  8 2016......SUNRISE   719 AM EST   SUNSET   548 PM EST
FEBRUARY  9 2016......SUNRISE   718 AM EST   SUNSET   550 PM EST


-  INDICATES NEGATIVE NUMBERS.
R  INDICATES RECORD WAS SET OR TIED.
MM INDICATES DATA IS MISSING.
T  INDICATES TRACE AMOUNT.




$$
