000
CDUS41 KRLX 212216
CLIEKN


CLIMATE REPORT
NATIONAL WEATHER SERVICE CHARLESTON WV
516 PM EST SUN JAN 21 2018


...................................

...THE ELKINS WV CLIMATE SUMMARY FOR JANUARY 21 2018...
VALID TODAY AS OF 0500 PM LOCAL TIME.

CLIMATE NORMAL PERIOD 1981 TO 2010
CLIMATE RECORD PERIOD 1899 TO 2018


WEATHER ITEM   OBSERVED TIME   RECORD YEAR NORMAL DEPARTURE LAST
                VALUE   (LST)  VALUE       VALUE  FROM      YEAR
                                                  NORMAL
..................................................................
TEMPERATURE (F)
 TODAY
  MAXIMUM         54    336 PM  72    1906  39     15       64
  MINIMUM         43    707 AM -23    1984  19     24       36
  AVERAGE         49                        29     20       50

PRECIPITATION (IN)
  TODAY            0.01          1.76 1999   0.10  -0.09      T
  MONTH TO DATE    1.51                      2.19  -0.68     4.17
  SINCE DEC 1      3.75                      5.45  -1.70     9.07
  SINCE JAN 1      1.51                      2.19  -0.68     4.17

DEGREE DAYS
 HEATING
  TODAY           16                        36    -20       15
  MONTH TO DATE  897                       756    141      570
  SINCE DEC 1   1942                      1763    179     1488
  SINCE JUL 1   3027                      3047    -20     2433

 COOLING
  TODAY            0                         0      0        0
  MONTH TO DATE    0                         0      0        0
  SINCE DEC 1      0                         0      0        0
  SINCE JAN 1      0                         0      0        0
..................................................................


WIND (MPH)
  HIGHEST WIND SPEED    14   HIGHEST WIND DIRECTION     W (250)
  HIGHEST GUST SPEED    20   HIGHEST GUST DIRECTION     W (270)
  AVERAGE WIND SPEED     6.5


SKY COVER
  POSSIBLE SUNSHINE  MM
  AVERAGE SKY COVER 1.0


WEATHER CONDITIONS
 THE FOLLOWING WEATHER WAS RECORDED TODAY.
  FOG


RELATIVE HUMIDITY (PERCENT)
 HIGHEST    96           700 AM
 LOWEST     66           200 PM
 AVERAGE    81

..........................................................


THE ELKINS WV CLIMATE NORMALS FOR TOMORROW
                         NORMAL    RECORD    YEAR
 MAXIMUM TEMPERATURE (F)   39        73      1906
 MINIMUM TEMPERATURE (F)   19       -23      1984


SUNRISE AND SUNSET
JANUARY 21 2018.......SUNRISE   734 AM EST   SUNSET   528 PM EST
JANUARY 22 2018.......SUNRISE   733 AM EST   SUNSET   529 PM EST


-  INDICATES NEGATIVE NUMBERS.
R  INDICATES RECORD WAS SET OR TIED.
MM INDICATES DATA IS MISSING.
T  INDICATES TRACE AMOUNT.




$$
