000
CDUS41 KRLX 242116
CLIEKN


CLIMATE REPORT
NATIONAL WEATHER SERVICE CHARLESTON WV
516 PM EDT SUN SEP 24 2017


...................................

...THE ELKINS WV CLIMATE SUMMARY FOR SEPTEMBER 24 2017...
VALID TODAY AS OF 0500 PM LOCAL TIME.

CLIMATE NORMAL PERIOD 1981 TO 2010
CLIMATE RECORD PERIOD 1899 TO 2017


WEATHER ITEM   OBSERVED TIME   RECORD YEAR NORMAL DEPARTURE LAST
                VALUE   (LST)  VALUE       VALUE  FROM      YEAR
                                                  NORMAL
..................................................................
TEMPERATURE (F)
 TODAY
  MAXIMUM         86    344 PM  90    1930  71     15       82
                                      1908
  MINIMUM         47    642 AM  27    1963  47      0       53
  AVERAGE         67                        59      8       68

PRECIPITATION (IN)
  TODAY            0.00          2.04 1988   0.11  -0.11     0.00
  MONTH TO DATE    1.04                      2.94  -1.90     0.37
  SINCE SEP 1      1.04                      2.94  -1.90     0.37
  SINCE JAN 1     35.48                     35.75  -0.27    30.37

DEGREE DAYS
 HEATING
  TODAY            0                         7     -7        0
  MONTH TO DATE   72                        83    -11        5
  SINCE SEP 1     72                        83    -11        5
  SINCE JUL 1     94                       113    -19        5

 COOLING
  TODAY            2                         1      1        3
  MONTH TO DATE   42                        42      0      110
  SINCE SEP 1     42                        42      0      110
  SINCE JAN 1    504                       468     36      799
..................................................................


WIND (MPH)
  HIGHEST WIND SPEED    10   HIGHEST WIND DIRECTION     N (340)
  HIGHEST GUST SPEED    14   HIGHEST GUST DIRECTION    NW (330)
  AVERAGE WIND SPEED     1.8


SKY COVER
  POSSIBLE SUNSHINE  MM
  AVERAGE SKY COVER 0.0


WEATHER CONDITIONS
 THE FOLLOWING WEATHER WAS RECORDED TODAY.
  FOG


RELATIVE HUMIDITY (PERCENT)
 HIGHEST    93           200 AM
 LOWEST     35           200 PM
 AVERAGE    64

..........................................................


THE ELKINS WV CLIMATE NORMALS FOR TOMORROW
                         NORMAL    RECORD    YEAR
 MAXIMUM TEMPERATURE (F)   70        90      1908
 MINIMUM TEMPERATURE (F)   47        27      1963


SUNRISE AND SUNSET
SEPTEMBER 24 2017.....SUNRISE   709 AM EDT   SUNSET   713 PM EDT
SEPTEMBER 25 2017.....SUNRISE   710 AM EDT   SUNSET   711 PM EDT


-  INDICATES NEGATIVE NUMBERS.
R  INDICATES RECORD WAS SET OR TIED.
MM INDICATES DATA IS MISSING.
T  INDICATES TRACE AMOUNT.




$$
