000
CDUS41 KRLX 220720
CLIEKN


CLIMATE REPORT
NATIONAL WEATHER SERVICE CHARLESTON WV
316 AM EDT FRI AUG 22 2014


...................................

...THE ELKINS WV CLIMATE SUMMARY FOR AUGUST 21 2014...

CLIMATE NORMAL PERIOD 1981 TO 2010
CLIMATE RECORD PERIOD 1899 TO 2014


WEATHER ITEM   OBSERVED TIME   RECORD YEAR NORMAL DEPARTURE LAST
                VALUE   (LST)  VALUE       VALUE  FROM      YEAR
                                                  NORMAL
..................................................................
TEMPERATURE (F)
 YESTERDAY
  MAXIMUM         78   1036 AM  94    1936  80     -2       81
  MINIMUM         61    211 AM  38    1981  58      3       58
  AVERAGE         70                        69      1       70

PRECIPITATION (IN)
  YESTERDAY        0.07          1.64 1931   0.12  -0.05     0.24
  MONTH TO DATE    2.28                      2.70  -0.42     4.02
  SINCE JAN 1     27.42                     31.67  -4.25    28.90

SNOWFALL (IN)
  YESTERDAY        0.0
  MONTH TO DATE    0.0
  SINCE SEP 1     92.3
  SNOW DEPTH       0

DEGREE DAYS
 HEATING
  YESTERDAY        0                         1     -1        0
  MONTH TO DATE   18                         6     12       19
  SINCE JUN 1     65                        73     -8       35
  SINCE JUL 1     51                        18     33       23

 COOLING
  YESTERDAY        5                         4      1        5
  MONTH TO DATE   67                       104    -37       86
  SINCE JUN 1    355                       362     -7      391
  SINCE JAN 1    391                       385      6      416
..................................................................


WIND (MPH)
  HIGHEST WIND SPEED    10   HIGHEST WIND DIRECTION     W (250)
  HIGHEST GUST SPEED    14   HIGHEST GUST DIRECTION     W (290)
  AVERAGE WIND SPEED     1.3


SKY COVER
  POSSIBLE SUNSHINE  MM
  AVERAGE SKY COVER 0.7


WEATHER CONDITIONS
 THE FOLLOWING WEATHER WAS RECORDED YESTERDAY.
  LIGHT RAIN
  FOG
  HAZE


RELATIVE HUMIDITY (PERCENT)
 HIGHEST    93          1200 AM
 LOWEST     64          1200 PM
 AVERAGE    79

..........................................................


THE ELKINS WV CLIMATE NORMALS FOR TODAY
                         NORMAL    RECORD    YEAR
 MAXIMUM TEMPERATURE (F)   80        95      1936
 MINIMUM TEMPERATURE (F)   58        44      1925
                                             1922


SUNRISE AND SUNSET
AUGUST 22 2014........SUNRISE   639 AM EDT   SUNSET   805 PM EDT
AUGUST 23 2014........SUNRISE   640 AM EDT   SUNSET   803 PM EDT


-  INDICATES NEGATIVE NUMBERS.
R  INDICATES RECORD WAS SET OR TIED.
MM INDICATES DATA IS MISSING.
T  INDICATES TRACE AMOUNT.




$$
