450
CDUS45 KLKN 230930
CLIEKO


CLIMATE REPORT
NATIONAL WEATHER SERVICE ELKO NV
226 AM PDT FRI JUN 23 2017


...................................

...THE ELKO AIRPORT NV CLIMATE SUMMARY FOR JUNE 22 2017...

CLIMATE NORMAL PERIOD 1981 TO 2010
CLIMATE RECORD PERIOD 1888 TO 2017


WEATHER ITEM   OBSERVED TIME   RECORD YEAR NORMAL DEPARTURE LAST
                VALUE   (LST)  VALUE       VALUE  FROM      YEAR
                                                  NORMAL
..................................................................
TEMPERATURE (F)
 YESTERDAY
  MAXIMUM         89    328 PM 101    1954  83      6       93
  MINIMUM         52    408 AM  26    1916  46      6       49
  AVERAGE         71                        64      7       71

PRECIPITATION (IN)
  YESTERDAY        0.00          0.39 1988   0.01  -0.01     0.00
  MONTH TO DATE    0.61                      0.54   0.07     0.82
  SINCE OCT 1     13.46                      8.49   4.97    12.13
  SINCE JAN 1      7.83                      5.43   2.40     7.59

SNOWFALL (IN)
  YESTERDAY        0.0           T    1904   0.0    0.0      0.0
  MONTH TO DATE    T                         0.0    0.0       T
  SINCE JUN 1      T                         0.0    0.0       T
  SINCE JUL 1     53.3                      41.3   12.0     63.8
  SNOW DEPTH       0

DEGREE DAYS
 HEATING
  YESTERDAY        0                         3     -3        0
  MONTH TO DATE   62                       115    -53       29
  SINCE JUN 1     62                       115    -53       29
  SINCE JUL 1   6296                      7050   -754     6517

 COOLING
  YESTERDAY        6                         2      4        6
  MONTH TO DATE   79                        26     53       66
  SINCE JUN 1     79                        26     53       66
  SINCE JAN 1     83                        30     53       66
..................................................................


WIND (MPH)
  HIGHEST WIND SPEED    17   HIGHEST WIND DIRECTION     N (340)
  HIGHEST GUST SPEED    23   HIGHEST GUST DIRECTION     W (270)
  AVERAGE WIND SPEED     6.9



WEATHER CONDITIONS
 THE FOLLOWING WEATHER WAS RECORDED YESTERDAY.
  NO SIGNIFICANT WEATHER WAS OBSERVED.


RELATIVE HUMIDITY (PERCENT)
 HIGHEST    66           300 AM
 LOWEST      9           200 PM
 AVERAGE    38

..........................................................


THE ELKO AIRPORT NV CLIMATE NORMALS FOR TODAY
                         NORMAL    RECORD    YEAR
 MAXIMUM TEMPERATURE (F)   83        97      1919
                                             1895
 MINIMUM TEMPERATURE (F)   46        30      1891


SUNRISE AND SUNSET
JUNE 23 2017..........SUNRISE   512 AM PDT   SUNSET   819 PM PDT
JUNE 24 2017..........SUNRISE   513 AM PDT   SUNSET   819 PM PDT


-  INDICATES NEGATIVE NUMBERS.
R  INDICATES RECORD WAS SET OR TIED.
MM INDICATES DATA IS MISSING.
T  INDICATES TRACE AMOUNT.




$$
