000
CDUS45 KLKN 020028
CLIEKO


CLIMATE REPORT
NATIONAL WEATHER SERVICE ELKO NV
427 PM PST SUN FEB 1 2015


...................................

...THE ELKO AIRPORT NV CLIMATE SUMMARY FOR FEBRUARY 1 2015...
VALID TODAY AS OF 0400 PM LOCAL TIME.

CLIMATE NORMAL PERIOD 1981 TO 2010
CLIMATE RECORD PERIOD 1888 TO 2015


WEATHER ITEM   OBSERVED TIME   RECORD YEAR NORMAL DEPARTURE LAST
                VALUE   (LST)  VALUE       VALUE  FROM      YEAR
                                                  NORMAL
..................................................................
TEMPERATURE (F)
 TODAY
  MAXIMUM         50    246 PM  59    1934  38     12       32
  MINIMUM         21    637 AM -30    1917  15      6       18
  AVERAGE         36                        26     10       25

PRECIPITATION (IN)
  TODAY            0.00          0.84 1932   0.03  -0.03     0.01
  MONTH TO DATE    0.00                      0.03  -0.03     0.01
  SINCE OCT 1      2.44                      4.21  -1.77     2.04
  SINCE JAN 1      0.20                      1.15  -0.95     0.43

SNOWFALL (IN)
  TODAY            0.0           9.0  1932   0.3   -0.3      0.2
  MONTH TO DATE    0.0                       0.3   -0.3      0.2
  SINCE DEC 1      5.6                      20.7  -15.1      5.2
  SINCE JUL 1      7.5                      26.4  -18.9     10.9
  SNOW DEPTH       0

DEGREE DAYS
 HEATING
  TODAY           29                        39    -10       40
  MONTH TO DATE   29                        39    -10       40
  SINCE DEC 1   1989                      2486   -497     2428
  SINCE JUL 1   3349                      4224   -875     3988

 COOLING
  TODAY            0                         0      0        0
  MONTH TO DATE    0                         0      0        0
  SINCE DEC 1      0                         0      0        0
  SINCE JAN 1      0                         0      0        0
..................................................................


WIND (MPH)
  HIGHEST WIND SPEED    12   HIGHEST WIND DIRECTION     W (250)
  HIGHEST GUST SPEED    14   HIGHEST GUST DIRECTION    SW (220)



WEATHER CONDITIONS
 THE FOLLOWING WEATHER WAS RECORDED TODAY.
  NO SIGNIFICANT WEATHER WAS OBSERVED.


RELATIVE HUMIDITY (PERCENT)
 HIGHEST    92           600 AM
 LOWEST     34           300 PM
 AVERAGE    63

..........................................................


THE ELKO AIRPORT NV CLIMATE NORMALS FOR TOMORROW
                         NORMAL    RECORD    YEAR
 MAXIMUM TEMPERATURE (F)   38        60      1934
 MINIMUM TEMPERATURE (F)   15       -28      1950


SUNRISE AND SUNSET
FEBRUARY  1 2015......SUNRISE   653 AM PST   SUNSET   500 PM PST
FEBRUARY  2 2015......SUNRISE   653 AM PST   SUNSET   502 PM PST


-  INDICATES NEGATIVE NUMBERS.
R  INDICATES RECORD WAS SET OR TIED.
MM INDICATES DATA IS MISSING.
T  INDICATES TRACE AMOUNT.




$$
