000
CDUS45 KLKN 030935
CLIEKO


CLIMATE REPORT
NATIONAL WEATHER SERVICE ELKO NV
133 AM PST TUE MAR 3 2015


...................................

...THE ELKO AIRPORT NV CLIMATE SUMMARY FOR MARCH 2 2015...

CLIMATE NORMAL PERIOD 1981 TO 2010
CLIMATE RECORD PERIOD 1888 TO 2015


WEATHER ITEM   OBSERVED TIME   RECORD YEAR NORMAL DEPARTURE LAST
                VALUE   (LST)  VALUE       VALUE  FROM      YEAR
                                                  NORMAL
..................................................................
TEMPERATURE (F)
 YESTERDAY
  MAXIMUM         47   1224 PM  70    1905  47      0       52
  MINIMUM         21    632 AM -15    1890  23     -2       32
  AVERAGE         34                        35     -1       42

PRECIPITATION (IN)
  YESTERDAY        T             0.44 1989   0.04  -0.04     0.00
  MONTH TO DATE    T                         0.07  -0.07     0.27
  SINCE OCT 1      2.73                      5.09  -2.36     4.22
  SINCE JAN 1      0.49                      2.03  -1.54     2.61

SNOWFALL (IN)
  YESTERDAY        T             5.6  1962   0.2   -0.2      0.0
  MONTH TO DATE    T                         0.4   -0.4      1.0
  SINCE MAR 1      T                         0.4   -0.4      1.0
  SINCE JUL 1      9.4                      32.9  -23.5     13.3
  SNOW DEPTH       0

DEGREE DAYS
 HEATING
  YESTERDAY       31                        30      1       23
  MONTH TO DATE   60                        60      0       48
  SINCE MAR 1     60                        60      0       48
  SINCE JUL 1   4068                      5228  -1160     4779

 COOLING
  YESTERDAY        0                         0      0        0
  MONTH TO DATE    0                         0      0        0
  SINCE MAR 1      0                         0      0        0
  SINCE JAN 1      0                         0      0        0
..................................................................


WIND (MPH)
  HIGHEST WIND SPEED    30   HIGHEST WIND DIRECTION     W (270)
  HIGHEST GUST SPEED    38   HIGHEST GUST DIRECTION     W (260)
  AVERAGE WIND SPEED     5.2



WEATHER CONDITIONS
 THE FOLLOWING WEATHER WAS RECORDED YESTERDAY.
  SNOW
  LIGHT SNOW
  FOG


RELATIVE HUMIDITY (PERCENT)
 HIGHEST    84           400 AM
 LOWEST     40          1200 PM
 AVERAGE    62

..........................................................


THE ELKO AIRPORT NV CLIMATE NORMALS FOR TODAY
                         NORMAL    RECORD    YEAR
 MAXIMUM TEMPERATURE (F)   48        72      1918
 MINIMUM TEMPERATURE (F)   23        -9      1952


SUNRISE AND SUNSET
MARCH  3 2015.........SUNRISE   614 AM PST   SUNSET   536 PM PST
MARCH  4 2015.........SUNRISE   613 AM PST   SUNSET   538 PM PST


-  INDICATES NEGATIVE NUMBERS.
R  INDICATES RECORD WAS SET OR TIED.
MM INDICATES DATA IS MISSING.
T  INDICATES TRACE AMOUNT.




$$
