000
CDUS45 KLKN 050033
CLIEKO


CLIMATE REPORT
NATIONAL WEATHER SERVICE ELKO NV
431 PM PST SUN DEC 4 2016


...................................

...THE ELKO AIRPORT NV CLIMATE SUMMARY FOR DECEMBER 4 2016...
VALID TODAY AS OF 0400 PM LOCAL TIME.

CLIMATE NORMAL PERIOD 1981 TO 2010
CLIMATE RECORD PERIOD 1888 TO 2016


WEATHER ITEM   OBSERVED TIME   RECORD YEAR NORMAL DEPARTURE LAST
                VALUE   (LST)  VALUE       VALUE  FROM      YEAR
                                                  NORMAL
..................................................................
TEMPERATURE (F)
 TODAY
  MAXIMUM         44    226 PM  64    1940  39      5       42
  MINIMUM         16    402 AM  -9    1897  17     -1       18
  AVERAGE         30                        28      2       30

PRECIPITATION (IN)
  TODAY            0.00          0.25 1953   0.04  -0.04      T
  MONTH TO DATE    T                         0.15  -0.15      T
  SINCE OCT 1      2.80                      2.01   0.79     2.46
  SINCE JAN 1     11.52                      8.86   2.66     9.45

SNOWFALL (IN)
  TODAY            0.0           3.0  1919   0.3   -0.3       T
  MONTH TO DATE    T                         1.1   -1.1       T
  SINCE DEC 1      T                         1.1   -1.1       T
  SINCE JUL 1      5.5                       6.8   -1.3     12.2
  SNOW DEPTH       0

DEGREE DAYS
 HEATING
  TODAY           35                        37     -2       35
  MONTH TO DATE  149                       147      2      171
  SINCE DEC 1    149                       147      2      171
  SINCE JUL 1   1494                      1885   -391     1652

 COOLING
  TODAY            0                         0      0        0
  MONTH TO DATE    0                         0      0        0
  SINCE DEC 1      0                         0      0        0
  SINCE JAN 1    560                       383    177      624
..................................................................


WIND (MPH)
  HIGHEST WIND SPEED    12   HIGHEST WIND DIRECTION     W (250)
  HIGHEST GUST SPEED    14   HIGHEST GUST DIRECTION     S (200)



WEATHER CONDITIONS
 THE FOLLOWING WEATHER WAS RECORDED TODAY.
  NO SIGNIFICANT WEATHER WAS OBSERVED.


RELATIVE HUMIDITY (PERCENT)
 HIGHEST    88           300 AM
 LOWEST     43           200 PM
 AVERAGE    66

..........................................................


THE ELKO AIRPORT NV CLIMATE NORMALS FOR TOMORROW
                         NORMAL    RECORD    YEAR
 MAXIMUM TEMPERATURE (F)   39        61      1940
 MINIMUM TEMPERATURE (F)   16        -7      1933


SUNRISE AND SUNSET
DECEMBER  4 2016......SUNRISE   652 AM PST   SUNSET   415 PM PST
DECEMBER  5 2016......SUNRISE   653 AM PST   SUNSET   415 PM PST


-  INDICATES NEGATIVE NUMBERS.
R  INDICATES RECORD WAS SET OR TIED.
MM INDICATES DATA IS MISSING.
T  INDICATES TRACE AMOUNT.




$$
