000
CDUS45 KLKN 290930
CLIEKO


CLIMATE REPORT
NATIONAL WEATHER SERVICE ELKO NV
229 AM PDT WED JUL 29 2015


...................................

...THE ELKO AIRPORT NV CLIMATE SUMMARY FOR JULY 28 2015...

CLIMATE NORMAL PERIOD 1981 TO 2010
CLIMATE RECORD PERIOD 1888 TO 2015


WEATHER ITEM   OBSERVED TIME   RECORD YEAR NORMAL DEPARTURE LAST
                VALUE   (LST)  VALUE       VALUE  FROM      YEAR
                                                  NORMAL
..................................................................
TEMPERATURE (F)
 YESTERDAY
  MAXIMUM         81    513 PM 104    1934  92    -11       93
  MINIMUM         39    455 AM  30    1892  51    -12       67
  AVERAGE         60                        71    -11       80

PRECIPITATION (IN)
  YESTERDAY        0.00          0.66 1996   0.02  -0.02      T
  MONTH TO DATE    0.79                      0.33   0.46     0.51
  SINCE OCT 1      8.37                      8.93  -0.56     7.97
  SINCE JAN 1      6.13                      5.87   0.26     6.36

SNOWFALL (IN)
  YESTERDAY        0.0           0.0  1888   0.0    0.0      0.0
  MONTH TO DATE    0.0                       0.0    0.0      0.0
  SINCE JUN 1      0.0                       0.0    0.0      0.0
  SINCE JUL 1      0.0                       0.0    0.0      0.0
  SNOW DEPTH       0

DEGREE DAYS
 HEATING
  YESTERDAY        5                         0      5        0
  MONTH TO DATE    9                        17     -8        0
  SINCE JUN 1     33                       148   -115       92
  SINCE JUL 1      9                        17     -8        0

 COOLING
  YESTERDAY        0                         6     -6       15
  MONTH TO DATE  170                       163      7      318
  SINCE JUN 1    348                       210    138      347
  SINCE JAN 1    355                       214    141      350
..................................................................


WIND (MPH)
  HIGHEST WIND SPEED    14   HIGHEST WIND DIRECTION    NE (40)
  HIGHEST GUST SPEED    17   HIGHEST GUST DIRECTION    NE (50)
  AVERAGE WIND SPEED     4.7



WEATHER CONDITIONS
 THE FOLLOWING WEATHER WAS RECORDED YESTERDAY.
  NO SIGNIFICANT WEATHER WAS OBSERVED.


RELATIVE HUMIDITY (PERCENT)
 HIGHEST    64           500 AM
 LOWEST      7           200 PM
 AVERAGE    36

..........................................................


THE ELKO AIRPORT NV CLIMATE NORMALS FOR TODAY
                         NORMAL    RECORD    YEAR
 MAXIMUM TEMPERATURE (F)   92       101      1978
                                             1934
                                             1898
 MINIMUM TEMPERATURE (F)   51        32      1948


SUNRISE AND SUNSET
JULY 29 2015..........SUNRISE   537 AM PDT   SUNSET   802 PM PDT
JULY 30 2015..........SUNRISE   537 AM PDT   SUNSET   801 PM PDT


-  INDICATES NEGATIVE NUMBERS.
R  INDICATES RECORD WAS SET OR TIED.
MM INDICATES DATA IS MISSING.
T  INDICATES TRACE AMOUNT.




$$
