000
CDUS45 KLKN 150928
CLIEKO


CLIMATE REPORT
NATIONAL WEATHER SERVICE ELKO NV
127 AM PST FRI DEC 15 2017


...................................

...THE ELKO AIRPORT NV CLIMATE SUMMARY FOR DECEMBER 14 2017...

CLIMATE NORMAL PERIOD 1981 TO 2010
CLIMATE RECORD PERIOD 1888 TO 2017


WEATHER ITEM   OBSERVED TIME   RECORD YEAR NORMAL DEPARTURE LAST
                VALUE   (LST)  VALUE       VALUE  FROM      YEAR
                                                  NORMAL
..................................................................
TEMPERATURE (F)
 YESTERDAY
  MAXIMUM         43    228 PM  64    1929  37      6       36
  MINIMUM         12    747 AM -25    1932  15     -3       28
  AVERAGE         28                        26      2       32

PRECIPITATION (IN)
  YESTERDAY        0.00          0.65 1897   0.03  -0.03     0.32
  MONTH TO DATE    0.13                      0.51  -0.38     1.67
  SINCE OCT 1      1.52                      2.37  -0.85     4.47
  SINCE JAN 1     11.45                      9.22   2.23    13.19

SNOWFALL (IN)
  YESTERDAY        0.0           7.0  1897   0.3   -0.3      2.4
  MONTH TO DATE    2.0                       4.1   -2.1      6.5
  SINCE DEC 1      2.0                       4.1   -2.1      6.5
  SINCE JUL 1      2.7                       9.8   -7.1     12.0
  SNOW DEPTH       T

DEGREE DAYS
 HEATING
  YESTERDAY       37                        39     -2       33
  MONTH TO DATE  556                       531     25      503
  SINCE DEC 1    556                       531     25      503
  SINCE JUL 1   2144                      2269   -125     1848

 COOLING
  YESTERDAY        0                         0      0        0
  MONTH TO DATE    0                         0      0        0
  SINCE DEC 1      0                         0      0        0
  SINCE JAN 1    785                       383    402      560
..................................................................


WIND (MPH)
  HIGHEST WIND SPEED     7   HIGHEST WIND DIRECTION    NE (60)
  HIGHEST GUST SPEED     8   HIGHEST GUST DIRECTION     E (90)
  AVERAGE WIND SPEED     2.3



WEATHER CONDITIONS
 THE FOLLOWING WEATHER WAS RECORDED YESTERDAY.
  NO SIGNIFICANT WEATHER WAS OBSERVED.


RELATIVE HUMIDITY (PERCENT)
 HIGHEST    92           600 AM
 LOWEST     49           200 PM
 AVERAGE    71

..........................................................


THE ELKO AIRPORT NV CLIMATE NORMALS FOR TODAY
                         NORMAL    RECORD    YEAR
 MAXIMUM TEMPERATURE (F)   37        60      1929
 MINIMUM TEMPERATURE (F)   15       -24      1932


SUNRISE AND SUNSET
DECEMBER 15 2017......SUNRISE   701 AM PST   SUNSET   416 PM PST
DECEMBER 16 2017......SUNRISE   701 AM PST   SUNSET   417 PM PST


-  INDICATES NEGATIVE NUMBERS.
R  INDICATES RECORD WAS SET OR TIED.
MM INDICATES DATA IS MISSING.
T  INDICATES TRACE AMOUNT.




$$
