000
CDUS45 KLKN 310034
CLIEKO


CLIMATE REPORT
NATIONAL WEATHER SERVICE ELKO NV
529 PM PDT MON MAY 30 2016


...................................

...THE ELKO AIRPORT NV CLIMATE SUMMARY FOR MAY 30 2016...
VALID TODAY AS OF 500 PM LOCAL TIME.

CLIMATE NORMAL PERIOD 1981 TO 2010
CLIMATE RECORD PERIOD 1888 TO 2016


WEATHER ITEM   OBSERVED TIME   RECORD YEAR NORMAL DEPARTURE LAST
                VALUE   (LST)  VALUE       VALUE  FROM      YEAR
                                                  NORMAL
..................................................................
TEMPERATURE (F)
 TODAY
  MAXIMUM         78    306 PM  92    2002  74      4       84
                                      1897
  MINIMUM         43    414 AM  24    1942  41      2       54
  AVERAGE         61                        57      4       69

PRECIPITATION (IN)
  TODAY            0.00          0.91 1935   0.03  -0.03     0.00
  MONTH TO DATE    1.62                      0.93   0.69     3.49
  SINCE OCT 1     11.44                      7.92   3.52     7.11
  SINCE JAN 1      6.90                      4.86   2.04     4.87

SNOWFALL (IN)
  TODAY            0.0           1.7  1988   0.0    0.0      0.0
  MONTH TO DATE    0.0                       0.5   -0.5      2.0
  SINCE MAR 1      7.5                       8.8   -1.3      4.9
  SINCE JUL 1     63.8                      41.3   22.5     14.3
  SNOW DEPTH       0

DEGREE DAYS
 HEATING
  TODAY            4                         8     -4        0
  MONTH TO DATE  312                       356    -44      309
  SINCE MAR 1   1458                      1759   -301     1517
  SINCE JUL 1   6483                      6927   -444     5525

 COOLING
  TODAY            0                         0      0        4
  MONTH TO DATE    0                         0      0        4
  SINCE MAR 1      0                         0      0        4
  SINCE JAN 1      0                         0      0        4
..................................................................


WIND (MPH)
  HIGHEST WIND SPEED    16   HIGHEST WIND DIRECTION     W (290)
  HIGHEST GUST SPEED    21   HIGHEST GUST DIRECTION     W (280)



WEATHER CONDITIONS
 THE FOLLOWING WEATHER WAS RECORDED TODAY.
  NO SIGNIFICANT WEATHER WAS OBSERVED.


RELATIVE HUMIDITY (PERCENT)
 HIGHEST    80           200 AM
 LOWEST     12           400 PM
 AVERAGE    46

..........................................................


THE ELKO AIRPORT NV CLIMATE NORMALS FOR TOMORROW
                         NORMAL    RECORD    YEAR
 MAXIMUM TEMPERATURE (F)   74        94      1914
                                             1910
 MINIMUM TEMPERATURE (F)   41        24      1895


SUNRISE AND SUNSET
MAY 30 2016...........SUNRISE   515 AM PDT   SUNSET   807 PM PDT
MAY 31 2016...........SUNRISE   514 AM PDT   SUNSET   808 PM PDT


-  INDICATES NEGATIVE NUMBERS.
R  INDICATES RECORD WAS SET OR TIED.
MM INDICATES DATA IS MISSING.
T  INDICATES TRACE AMOUNT.




$$
