000
CDUS45 KLKN 240029
CLIEKO


CLIMATE REPORT
NATIONAL WEATHER SERVICE ELKO NV
528 PM PDT SAT JUL 23 2016


...................................

...THE ELKO AIRPORT NV CLIMATE SUMMARY FOR JULY 23 2016...
VALID TODAY AS OF 0500 PM LOCAL TIME.

CLIMATE NORMAL PERIOD 1981 TO 2010
CLIMATE RECORD PERIOD 1888 TO 2016


WEATHER ITEM   OBSERVED TIME   RECORD YEAR NORMAL DEPARTURE LAST
                VALUE   (LST)  VALUE       VALUE  FROM      YEAR
                                                  NORMAL
..................................................................
TEMPERATURE (F)
 TODAY
  MAXIMUM         91    332 PM 103    1890  92     -1       81
  MINIMUM         42    411 AM  36    2000  51     -9       54
                                      1954
                                      1912
  AVERAGE         67                        71     -4       68

PRECIPITATION (IN)
  TODAY            0.00          0.46 2012   0.01  -0.01     0.20
  MONTH TO DATE    0.01                      0.26  -0.25     0.66
  SINCE OCT 1     12.15                      8.86   3.29     8.24
  SINCE JAN 1      7.61                      5.80   1.81     6.00

SNOWFALL (IN)
  TODAY            0.0           0.0  1888   0.0    0.0      0.0
  MONTH TO DATE    0.0                       0.0    0.0      0.0
  SINCE JUN 1      T                         0.0    0.0      0.0
  SINCE JUL 1      0.0                       0.0    0.0      0.0
  SNOW DEPTH       0

DEGREE DAYS
 HEATING
  TODAY            0                         0      0        0
  MONTH TO DATE    9                        17     -8        4
  SINCE JUN 1     39                       148   -109       28
  SINCE JUL 1      9                        17     -8        4

 COOLING
  TODAY            2                         7     -5        3
  MONTH TO DATE  139                       129     10      158
  SINCE JUN 1    270                       176     94      336
  SINCE JAN 1    270                       180     90      343
..................................................................


WIND (MPH)
  HIGHEST WIND SPEED    17   HIGHEST WIND DIRECTION     W (280)
  HIGHEST GUST SPEED    22   HIGHEST GUST DIRECTION     W (280)



WEATHER CONDITIONS
 THE FOLLOWING WEATHER WAS RECORDED TODAY.
  NO SIGNIFICANT WEATHER WAS OBSERVED.


RELATIVE HUMIDITY (PERCENT)
 HIGHEST    37           400 AM
 LOWEST      4           300 PM
 AVERAGE    21

..........................................................


THE ELKO AIRPORT NV CLIMATE NORMALS FOR TOMORROW
                         NORMAL    RECORD    YEAR
 MAXIMUM TEMPERATURE (F)   92       107      1890
 MINIMUM TEMPERATURE (F)   51        34      1899


SUNRISE AND SUNSET
JULY 23 2016..........SUNRISE   532 AM PDT   SUNSET   807 PM PDT
JULY 24 2016..........SUNRISE   533 AM PDT   SUNSET   806 PM PDT


-  INDICATES NEGATIVE NUMBERS.
R  INDICATES RECORD WAS SET OR TIED.
MM INDICATES DATA IS MISSING.
T  INDICATES TRACE AMOUNT.




$$
