000
CDUS44 KSHV 072344
CLIELD


CLIMATE REPORT
NATIONAL WEATHER SERVICE SHREVEPORT, LA
543 PM CST SUN FEB 7 2016


...................................

...THE EL DORADO CLIMATE SUMMARY FOR FEBRUARY 7 2016...
VALID TODAY AS OF 0500 PM LOCAL TIME.

CLIMATE NORMAL PERIOD 1981 TO 2010
CLIMATE RECORD PERIOD 1907 TO 2016


WEATHER ITEM   OBSERVED TIME   RECORD YEAR NORMAL DEPARTURE LAST
                VALUE   (LST)  VALUE       VALUE  FROM      YEAR
                                                  NORMAL
..................................................................
TEMPERATURE (F)
 TODAY
  MAXIMUM         62    347 PM  83    1937  57      5       68
  MINIMUM         27    730 AM  15    1988  35     -8       32
  AVERAGE         45                        46     -1       50

PRECIPITATION (IN)
  TODAY            0.00          1.15 1933   0.17  -0.17     0.00
  MONTH TO DATE    0.00                      1.15  -1.15     0.35
  SINCE DEC 1     10.81                     10.63   0.18     8.57
  SINCE JAN 1      2.75                      5.45  -2.70     5.24

SNOWFALL (IN)
  TODAY            0.0
  MONTH TO DATE    0.0
  SINCE DEC 1      1.5
  SINCE JUL 1      1.5
  SNOW DEPTH       0

DEGREE DAYS
 HEATING
  TODAY           20                        19      1       15
  MONTH TO DATE  115                       137    -22      163
  SINCE DEC 1   1157                      1401   -244     1413
  SINCE JUL 1   1451                      1880   -429     1964

 COOLING
  TODAY            0                         0      0        0
  MONTH TO DATE    0                         0      0        0
  SINCE DEC 1     19                         6     13        0
  SINCE JAN 1      4                         2      2        0
..................................................................


WIND (MPH)
  HIGHEST WIND SPEED    16   HIGHEST WIND DIRECTION    SW (220)
  HIGHEST GUST SPEED    21   HIGHEST GUST DIRECTION     S (190)
  AVERAGE WIND SPEED     4.4


SKY COVER
  POSSIBLE SUNSHINE  MM
  AVERAGE SKY COVER 0.0


WEATHER CONDITIONS
 THE FOLLOWING WEATHER WAS RECORDED TODAY.
  FOG


RELATIVE HUMIDITY (PERCENT)
 HIGHEST    92           300 AM
 LOWEST     25           300 PM
 AVERAGE    59

..........................................................


THE EL DORADO CLIMATE NORMALS FOR TOMORROW
                         NORMAL    RECORD    YEAR
 MAXIMUM TEMPERATURE (F)   57        84      1937
 MINIMUM TEMPERATURE (F)   35         7      1933


SUNRISE AND SUNSET
FEBRUARY  7 2016......SUNRISE   703 AM CST   SUNSET   548 PM CST
FEBRUARY  8 2016......SUNRISE   702 AM CST   SUNSET   549 PM CST


-  INDICATES NEGATIVE NUMBERS.
R  INDICATES RECORD WAS SET OR TIED.
MM INDICATES DATA IS MISSING.
T  INDICATES TRACE AMOUNT.




$$
