000
CDUS44 KSHV 180834
CLIELD


CLIMATE REPORT
NATIONAL WEATHER SERVICE SHREVEPORT, LA
231 AM CST WED JAN 18 2017


...................................

...THE EL DORADO CLIMATE SUMMARY FOR JANUARY 17 2017...

CLIMATE NORMAL PERIOD 1981 TO 2010
CLIMATE RECORD PERIOD 1907 TO 2017


WEATHER ITEM   OBSERVED TIME   RECORD YEAR NORMAL DEPARTURE LAST
                VALUE   (LST)  VALUE       VALUE  FROM      YEAR
                                                  NORMAL
..................................................................
TEMPERATURE (F)
 YESTERDAY
  MAXIMUM         57    149 AM  78    1999  55      2       50
  MINIMUM         52   1159 PM   8    1982  33     19       27
  AVERAGE         55                        44     11       39

PRECIPITATION (IN)
  YESTERDAY        0.06          1.28 1949   0.14  -0.08     0.00
  MONTH TO DATE    1.13                      2.25  -1.12     1.43
  SINCE DEC 1      7.42                      7.43  -0.01     9.49
  SINCE JAN 1      1.13                      2.25  -1.12     1.43

SNOWFALL (IN)
  YESTERDAY        0.0
  MONTH TO DATE    T
  SINCE DEC 1      T
  SINCE JUL 1      T
  SNOW DEPTH       0

DEGREE DAYS
 HEATING
  YESTERDAY       10                        21    -11       26
  MONTH TO DATE  252                       366   -114      369
  SINCE DEC 1    772                       974   -202      764
  SINCE JUL 1   1045                      1453   -408     1058

 COOLING
  YESTERDAY        0                         0      0        0
  MONTH TO DATE    9                         0      9        0
  SINCE DEC 1     23                         4     19       15
  SINCE JAN 1      9                         0      9        0
..................................................................


WIND (MPH)
  HIGHEST WIND SPEED     9   HIGHEST WIND DIRECTION     W (290)
  HIGHEST GUST SPEED    12   HIGHEST GUST DIRECTION     W (270)
  AVERAGE WIND SPEED     2.2


SKY COVER
  POSSIBLE SUNSHINE  MM
  AVERAGE SKY COVER 0.7


WEATHER CONDITIONS
 THE FOLLOWING WEATHER WAS RECORDED YESTERDAY.
  RAIN
  LIGHT RAIN
  FOG


RELATIVE HUMIDITY (PERCENT)
 HIGHEST   100           300 AM
 LOWEST     77          1200 PM
 AVERAGE    89

..........................................................


THE EL DORADO CLIMATE NORMALS FOR TODAY
                         NORMAL    RECORD    YEAR
 MAXIMUM TEMPERATURE (F)   55        77      1933
 MINIMUM TEMPERATURE (F)   33        -1      1930


SUNRISE AND SUNSET
JANUARY 18 2017.......SUNRISE   714 AM CST   SUNSET   530 PM CST
JANUARY 19 2017.......SUNRISE   713 AM CST   SUNSET   531 PM CST


-  INDICATES NEGATIVE NUMBERS.
R  INDICATES RECORD WAS SET OR TIED.
MM INDICATES DATA IS MISSING.
T  INDICATES TRACE AMOUNT.




$$
