000
CDUS44 KSHV 242235
CLIELD


CLIMATE REPORT
NATIONAL WEATHER SERVICE SHREVEPORT, LA
435 PM CST FRI NOV 24 2017


...................................

...THE EL DORADO CLIMATE SUMMARY FOR NOVEMBER 24 2017...
VALID TODAY AS OF 0400 PM LOCAL TIME.

CLIMATE NORMAL PERIOD 1981 TO 2010
CLIMATE RECORD PERIOD 1907 TO 2017


WEATHER ITEM   OBSERVED TIME   RECORD YEAR NORMAL DEPARTURE LAST
                VALUE   (LST)  VALUE       VALUE  FROM      YEAR
                                                  NORMAL
..................................................................
TEMPERATURE (F)
 TODAY
  MAXIMUM         69    316 PM  83    1973  62      7       66
  MINIMUM         32    718 AM  16    1970  40     -8       39
  AVERAGE         51                        51      0       53

PRECIPITATION (IN)
  TODAY            0.00          2.17 1985   0.17  -0.17     0.00
  MONTH TO DATE    1.47                      3.79  -2.32     1.77
  SINCE DEC 1     47.36                     51.82  -4.46    62.40
  SINCE JAN 1     41.07                     46.64  -5.57    54.34

SNOWFALL (IN)
  TODAY            0.0
  MONTH TO DATE    0.0
  SINCE SEP 1      0.0
  SINCE JUL 1      0.0
  SNOW DEPTH       0

DEGREE DAYS
 HEATING
  TODAY           14                        14      0       12
  MONTH TO DATE  211                       255    -44      166
  SINCE SEP 1    343                       388    -45      195
  SINCE JUL 1    343                       388    -45      195

 COOLING
  TODAY            0                         0      0        0
  MONTH TO DATE   56                        13     43       18
  SINCE SEP 1    506                       397    109      533
  SINCE JAN 1   2241                      2124    117     2391
..................................................................


WIND (MPH)
  HIGHEST WIND SPEED    13   HIGHEST WIND DIRECTION     S (180)
  HIGHEST GUST SPEED    16   HIGHEST GUST DIRECTION     S (180)
  AVERAGE WIND SPEED     3.8


SKY COVER
  POSSIBLE SUNSHINE  MM
  AVERAGE SKY COVER 0.0


WEATHER CONDITIONS
 THE FOLLOWING WEATHER WAS RECORDED TODAY.
  NO SIGNIFICANT WEATHER WAS OBSERVED.


RELATIVE HUMIDITY (PERCENT)
 HIGHEST   100          1200 AM
 LOWEST     30           200 PM
 AVERAGE    65

..........................................................


THE EL DORADO CLIMATE NORMALS FOR TOMORROW
                         NORMAL    RECORD    YEAR
 MAXIMUM TEMPERATURE (F)   62        81      1927
 MINIMUM TEMPERATURE (F)   40        19      1950


SUNRISE AND SUNSET
NOVEMBER 24 2017......SUNRISE   651 AM CST   SUNSET   505 PM CST
NOVEMBER 25 2017......SUNRISE   652 AM CST   SUNSET   505 PM CST


-  INDICATES NEGATIVE NUMBERS.
R  INDICATES RECORD WAS SET OR TIED.
MM INDICATES DATA IS MISSING.
T  INDICATES TRACE AMOUNT.




$$
