071
CDUS44 KSHV 230850
CLIELD


CLIMATE REPORT
NATIONAL WEATHER SERVICE SHREVEPORT, LA
249 AM CST FRI FEB 23 2018


...................................

...THE EL DORADO CLIMATE SUMMARY FOR FEBRUARY 22 2018...

CLIMATE NORMAL PERIOD 1981 TO 2010
CLIMATE RECORD PERIOD 1907 TO 2018


WEATHER ITEM   OBSERVED TIME   RECORD YEAR NORMAL DEPARTURE LAST
                VALUE   (LST)  VALUE       VALUE  FROM      YEAR
                                                  NORMAL
..................................................................
TEMPERATURE (F)
 YESTERDAY
  MAXIMUM         49   1159 PM  84    1996  61    -12       71
  MINIMUM         44    852 AM  12    1978  38      6       51
  AVERAGE         47                        50     -3       61

PRECIPITATION (IN)
  YESTERDAY        0.41          2.53 2016   0.18   0.23     0.00
  MONTH TO DATE    9.55                      3.74   5.81     2.57
  SINCE DEC 1     18.25                     13.22   5.03    13.05
  SINCE JAN 1     12.62                      8.04   4.58     6.76

SNOWFALL (IN)
  YESTERDAY       MM
  MONTH TO DATE    0.0
  SINCE DEC 1      2.8
  SINCE JUL 1      2.8
  SNOW DEPTH       0

DEGREE DAYS
 HEATING
  YESTERDAY       18                        16      2        4
  MONTH TO DATE  316                       398    -82      215
  SINCE DEC 1   1663                      1662      1     1133
  SINCE JUL 1   2065                      2141    -76     1406

 COOLING
  YESTERDAY        0                         0      0        0
  MONTH TO DATE   20                         0     20       12
  SINCE DEC 1     20                         6     14       35
  SINCE JAN 1     20                         2     18       21
..................................................................


WIND (MPH)
  HIGHEST WIND SPEED    16   HIGHEST WIND DIRECTION     E (70)
  HIGHEST GUST SPEED    20   HIGHEST GUST DIRECTION    NE (60)
  AVERAGE WIND SPEED     6.4


SKY COVER
  POSSIBLE SUNSHINE  MM
  AVERAGE SKY COVER 0.9


WEATHER CONDITIONS
 THE FOLLOWING WEATHER WAS RECORDED YESTERDAY.
  THUNDERSTORM
  HEAVY RAIN
  LIGHT RAIN
  FOG


RELATIVE HUMIDITY (PERCENT)
 HIGHEST   100           200 AM
 LOWEST    100           200 AM
 AVERAGE   100

..........................................................


THE EL DORADO CLIMATE NORMALS FOR TODAY
                         NORMAL    RECORD    YEAR
 MAXIMUM TEMPERATURE (F)   61        84      1996
 MINIMUM TEMPERATURE (F)   38        19      1964


SUNRISE AND SUNSET
FEBRUARY 23 2018......SUNRISE   646 AM CST   SUNSET   603 PM CST
FEBRUARY 24 2018......SUNRISE   645 AM CST   SUNSET   604 PM CST


-  INDICATES NEGATIVE NUMBERS.
R  INDICATES RECORD WAS SET OR TIED.
MM INDICATES DATA IS MISSING.
T  INDICATES TRACE AMOUNT.




$$
