000
CDUS44 KSHV 040733
CLIELD


CLIMATE REPORT
NATIONAL WEATHER SERVICE SHREVEPORT, LA
232 AM CDT WED MAY 4 2016


...................................

...THE EL DORADO CLIMATE SUMMARY FOR MAY 3 2016...

CLIMATE NORMAL PERIOD 1981 TO 2010
CLIMATE RECORD PERIOD 1907 TO 2016


WEATHER ITEM   OBSERVED TIME   RECORD YEAR NORMAL DEPARTURE LAST
                VALUE   (LST)  VALUE       VALUE  FROM      YEAR
                                                  NORMAL
..................................................................
TEMPERATURE (F)
 YESTERDAY
  MAXIMUM         71    330 PM  93    1952  79     -8       83
  MINIMUM         51   1159 PM  37    1960  56     -5       54
  AVERAGE         61                        68     -7       69

PRECIPITATION (IN)
  YESTERDAY        0.00          2.37 2009   0.16  -0.16     0.00
  MONTH TO DATE    0.58                      0.47   0.11     0.00
  SINCE DEC 1     36.12                     23.58  12.54    19.40
  SINCE JAN 1     28.06                     18.40   9.66    16.07

SNOWFALL (IN)
  YESTERDAY        0.0
  MONTH TO DATE    0.0
  SINCE MAR 1      0.0
  SINCE JUL 1      1.5
  SNOW DEPTH       0

DEGREE DAYS
 HEATING
  YESTERDAY        4                         1      3        0
  MONTH TO DATE    7                         4      3        0
  SINCE MAR 1    278                       430   -152      427
  SINCE JUL 1   2017                      2658   -641     2913

 COOLING
  YESTERDAY        0                         4     -4        4
  MONTH TO DATE   11                        12     -1        4
  SINCE MAR 1    105                       105      0      105
  SINCE JAN 1    111                       111      0      105
..................................................................


WIND (MPH)
  HIGHEST WIND SPEED    15   HIGHEST WIND DIRECTION    NW (330)
  HIGHEST GUST SPEED    18   HIGHEST GUST DIRECTION    NW (320)
  AVERAGE WIND SPEED     5.6


SKY COVER
  POSSIBLE SUNSHINE  MM
  AVERAGE SKY COVER 0.5


WEATHER CONDITIONS
 THE FOLLOWING WEATHER WAS RECORDED YESTERDAY.
  NO SIGNIFICANT WEATHER WAS OBSERVED.


RELATIVE HUMIDITY (PERCENT)
 HIGHEST   100          1200 AM
 LOWEST     47           300 PM
 AVERAGE    74

..........................................................


THE EL DORADO CLIMATE NORMALS FOR TODAY
                         NORMAL    RECORD    YEAR
 MAXIMUM TEMPERATURE (F)   80        94      1952
 MINIMUM TEMPERATURE (F)   57        36      2013


SUNRISE AND SUNSET
MAY  4 2016...........SUNRISE   620 AM CDT   SUNSET   756 PM CDT
MAY  5 2016...........SUNRISE   619 AM CDT   SUNSET   757 PM CDT


-  INDICATES NEGATIVE NUMBERS.
R  INDICATES RECORD WAS SET OR TIED.
MM INDICATES DATA IS MISSING.
T  INDICATES TRACE AMOUNT.




$$
