000
CDUS44 KSHV 040823
CLIELD


CLIMATE REPORT
NATIONAL WEATHER SERVICE SHREVEPORT, LA
312 AM CDT SAT JUL 4 2015


...................................

...THE EL DORADO CLIMATE SUMMARY FOR JULY 3 2015...

CLIMATE NORMAL PERIOD 1981 TO 2010
CLIMATE RECORD PERIOD 1907 TO 2015


WEATHER ITEM   OBSERVED TIME   RECORD YEAR NORMAL DEPARTURE LAST
                VALUE   (LST)  VALUE       VALUE  FROM      YEAR
                                                  NORMAL
..................................................................
TEMPERATURE (F)
 YESTERDAY
  MAXIMUM         86   1038 AM 105    1969  91     -5       86
  MINIMUM         76    624 AM  55    1918  71      5       67
  AVERAGE         81                        81      0       77

PRECIPITATION (IN)
  YESTERDAY        T             2.12 1972   0.14  -0.14     0.00
  MONTH TO DATE    T                         0.43  -0.43     0.00
  SINCE DEC 1     32.47                     33.49  -1.02    31.46
  SINCE JAN 1     29.14                     28.31   0.83    24.90

SNOWFALL (IN)
  YESTERDAY        0.0
  MONTH TO DATE    0.0
  SINCE JUN 1      0.0
  SINCE JUL 1      0.0
  SNOW DEPTH       0

DEGREE DAYS
 HEATING
  YESTERDAY        0                         0      0        0
  MONTH TO DATE    0                         0      0        0
  SINCE JUN 1      0                         0      0        0
  SINCE JUL 1      0                         0      0        0

 COOLING
  YESTERDAY       16                        16      0       12
  MONTH TO DATE   48                        48      0       45
  SINCE JUN 1    478                       444     34      462
  SINCE JAN 1    818                       755     63      714
..................................................................


WIND (MPH)
  HIGHEST WIND SPEED    17   HIGHEST WIND DIRECTION    SW (210)
  HIGHEST GUST SPEED    22   HIGHEST GUST DIRECTION    SW (220)
  AVERAGE WIND SPEED     7.0


SKY COVER
  POSSIBLE SUNSHINE  MM
  AVERAGE SKY COVER 0.3


WEATHER CONDITIONS
 THE FOLLOWING WEATHER WAS RECORDED YESTERDAY.
  THUNDERSTORM
  LIGHT RAIN


RELATIVE HUMIDITY (PERCENT)
 HIGHEST    91           800 PM
 LOWEST     65          1100 AM
 AVERAGE    78

..........................................................


THE EL DORADO CLIMATE NORMALS FOR TODAY
                         NORMAL    RECORD    YEAR
 MAXIMUM TEMPERATURE (F)   92       103      1977
 MINIMUM TEMPERATURE (F)   71        56      1968


SUNRISE AND SUNSET
JULY  4 2015..........SUNRISE   607 AM CDT   SUNSET   824 PM CDT
JULY  5 2015..........SUNRISE   607 AM CDT   SUNSET   824 PM CDT


-  INDICATES NEGATIVE NUMBERS.
R  INDICATES RECORD WAS SET OR TIED.
MM INDICATES DATA IS MISSING.
T  INDICATES TRACE AMOUNT.




$$
