000
CDUS44 KEPZ 230930
CLIELP


CLIMATE REPORT
NATIONAL WEATHER SERVICE EL PASO, TX
329 AM MDT SAT AUG 23 2014


...................................

...THE EL PASO CLIMATE SUMMARY FOR AUGUST 22 2014...

CLIMATE NORMAL PERIOD 1981 TO 2010
CLIMATE RECORD PERIOD 1879 TO 2014


WEATHER ITEM   OBSERVED TIME   RECORD YEAR NORMAL DEPARTURE LAST
                VALUE   (LST)  VALUE       VALUE  FROM      YEAR
                                                  NORMAL
..................................................................
TEMPERATURE (F)
 YESTERDAY
  MAXIMUM         80   1201 AM 101    1994  92    -12       93
  MINIMUM         64    344 AM  59    1881  69     -5       71
  AVERAGE         72                        81     -9       82

PRECIPITATION (IN)
  YESTERDAY        0.67          2.45 1906   0.06   0.61     0.00
  MONTH TO DATE    1.70                      1.53   0.17     0.36
  SINCE JUN 1      2.40                      4.02  -1.62     3.65
  SINCE JAN 1      3.04                      5.84  -2.80     4.54

SNOWFALL (IN)
  YESTERDAY        0.0                                       0.0
  MONTH TO DATE    0.0                                       0.0
  SINCE JUN 1      0.0                                        T
  SINCE JUL 1      0.0                                        T
  SNOW DEPTH       0

DEGREE DAYS
 HEATING
  YESTERDAY        0                         0      0        0
  MONTH TO DATE    0                         0      0        0
  SINCE JUN 1      0                         0      0        0
  SINCE JUL 1      0                         0      0        0

 COOLING
  YESTERDAY        7                        16     -9       17
  MONTH TO DATE  332                       362    -30      429
  SINCE JUN 1   1647                      1416    231     1637
  SINCE JAN 1   2074                      1793    281     2145
..................................................................


WIND (MPH)
  HIGHEST WIND SPEED    23   HIGHEST WIND DIRECTION    SW (210)
  HIGHEST GUST SPEED    28   HIGHEST GUST DIRECTION    SW (230)
  AVERAGE WIND SPEED     5.6


SKY COVER
  POSSIBLE SUNSHINE  MM
  AVERAGE SKY COVER 0.9


WEATHER CONDITIONS
 THE FOLLOWING WEATHER WAS RECORDED YESTERDAY.
  HEAVY RAIN
  RAIN
  LIGHT RAIN
  FOG


RELATIVE HUMIDITY (PERCENT)
 HIGHEST    93           400 AM
 LOWEST     45          1200 AM
 AVERAGE    69

..........................................................


THE EL PASO CLIMATE NORMALS FOR TODAY
                         NORMAL    RECORD    YEAR
 MAXIMUM TEMPERATURE (F)   92       103      1994
 MINIMUM TEMPERATURE (F)   69        58      1973


SUNRISE AND SUNSET
AUGUST 23 2014........SUNRISE   636 AM MDT   SUNSET   740 PM MDT
AUGUST 24 2014........SUNRISE   636 AM MDT   SUNSET   739 PM MDT


-  INDICATES NEGATIVE NUMBERS.
R  INDICATES RECORD WAS SET OR TIED.
MM INDICATES DATA IS MISSING.
T  INDICATES TRACE AMOUNT.




$$
