000
CDUS44 KEPZ 200955
CLIELP


CLIMATE REPORT
NATIONAL WEATHER SERVICE EL PASO, TX
354 AM MDT WED SEP 20 2017


...................................

...THE EL PASO CLIMATE SUMMARY FOR SEPTEMBER 19 2017...

CLIMATE NORMAL PERIOD 1981 TO 2010
CLIMATE RECORD PERIOD 1879 TO 2017


WEATHER ITEM   OBSERVED TIME   RECORD YEAR NORMAL DEPARTURE LAST
                VALUE   (LST)  VALUE       VALUE  FROM      YEAR
                                                  NORMAL
..................................................................
TEMPERATURE (F)
 YESTERDAY
  MAXIMUM         94    225 PM  97    2016  87      7       97
                                      1997
                                      1980
  MINIMUM         71    421 AM  47    1991  62      9       64
  AVERAGE         83                        74      9       81

PRECIPITATION (IN)
  YESTERDAY        0.00          1.72 1883   0.05  -0.05     0.00
  MONTH TO DATE    T                         1.05  -1.05     1.16
  SINCE SEP 1      T                         1.05  -1.05     1.16
  SINCE JAN 1      7.92                      7.37   0.55     7.13

SNOWFALL (IN)
  YESTERDAY        0.0                                       0.0
  MONTH TO DATE    0.0                                       0.0
  SINCE SEP 1      0.0                                       0.0
  SINCE JUL 1      0.0                                        T
  SNOW DEPTH       0

DEGREE DAYS
 HEATING
  YESTERDAY        0                         0      0        0
  MONTH TO DATE    0                         0      0        0
  SINCE SEP 1      0                         0      0        0
  SINCE JUL 1      0                         0      0        0

 COOLING
  YESTERDAY       18                        10      8       16
  MONTH TO DATE  304                       232     72      259
  SINCE SEP 1    304                       232     72      259
  SINCE JAN 1   2591                      2161    430     2483
..................................................................


WIND (MPH)
  HIGHEST WIND SPEED    29   HIGHEST WIND DIRECTION     W (250)
  HIGHEST GUST SPEED    37   HIGHEST GUST DIRECTION     W (250)
  AVERAGE WIND SPEED    13.0


SKY COVER
  POSSIBLE SUNSHINE  MM
  AVERAGE SKY COVER 0.3


WEATHER CONDITIONS
 THE FOLLOWING WEATHER WAS RECORDED YESTERDAY.
  NO SIGNIFICANT WEATHER WAS OBSERVED.


RELATIVE HUMIDITY (PERCENT)
 HIGHEST    57           300 AM
 LOWEST     17           200 PM
 AVERAGE    37

..........................................................


THE EL PASO CLIMATE NORMALS FOR TODAY
                         NORMAL    RECORD    YEAR
 MAXIMUM TEMPERATURE (F)   87        97      1973
                                             1954
 MINIMUM TEMPERATURE (F)   62        44      1971


SUNRISE AND SUNSET
SEPTEMBER 20 2017.....SUNRISE   653 AM MDT   SUNSET   704 PM MDT
SEPTEMBER 21 2017.....SUNRISE   653 AM MDT   SUNSET   703 PM MDT


-  INDICATES NEGATIVE NUMBERS.
R  INDICATES RECORD WAS SET OR TIED.
MM INDICATES DATA IS MISSING.
T  INDICATES TRACE AMOUNT.




$$
