000
CDUS44 KEPZ 252328
CLIELP


CLIMATE REPORT
NATIONAL WEATHER SERVICE EL PASO, TX
427 PM MST SUN JAN 25 2015


...................................

...THE EL PASO CLIMATE SUMMARY FOR JANUARY 25 2015...
VALID TODAY AS OF 425 PM LOCAL TIME.

CLIMATE NORMAL PERIOD 1981 TO 2010
CLIMATE RECORD PERIOD 1879 TO 2015


WEATHER ITEM   OBSERVED TIME   RECORD YEAR NORMAL DEPARTURE LAST
                VALUE   (LST)  VALUE       VALUE  FROM      YEAR
                                                  NORMAL
..................................................................
TEMPERATURE (F)
 TODAY
  MAXIMUM         63    421 PM  77    1999  59      4       62
                                      1970
  MINIMUM         30    709 AM  17    1964  33     -3       30
                                      1898
                                      1881

PRECIPITATION (IN)
  TODAY            0.00                      0.01  -0.01     0.00
  MONTH TO DATE    0.26                      0.31  -0.05     0.00
  SINCE DEC 1      0.38                      1.09  -0.71     0.26
  SINCE JAN 1      0.26                      0.31  -0.05     0.00

SNOWFALL (IN)
  TODAY            0.0                                       0.0
  MONTH TO DATE    T                                         0.0
  SINCE JUL 1      T                                          T

..................................................................


WIND (MPH)
  HIGHEST WIND SPEED    13   HIGHEST WIND DIRECTION     N (350)
  HIGHEST GUST SPEED    14   HIGHEST GUST DIRECTION     N (350)


SKY COVER
  AVERAGE SKY COVER 0.7


WEATHER CONDITIONS
 THE FOLLOWING WEATHER WAS RECORDED TODAY.
  NO SIGNIFICANT WEATHER WAS OBSERVED.


RELATIVE HUMIDITY (PERCENT)
 HIGHEST    78           600 AM
 LOWEST     23           400 PM

..........................................................


THE EL PASO CLIMATE NORMALS FOR TOMORROW
                         NORMAL    RECORD    YEAR
 MAXIMUM TEMPERATURE (F)   59        76      1975
                                             1914
 MINIMUM TEMPERATURE (F)   34        16      1881


SUNRISE AND SUNSET
JANUARY 25 2015.......SUNRISE   703 AM MST   SUNSET   533 PM MST
JANUARY 26 2015.......SUNRISE   702 AM MST   SUNSET   534 PM MST


-  INDICATES NEGATIVE NUMBERS.
R  INDICATES RECORD WAS SET OR TIED.
MM INDICATES DATA IS MISSING.
T  INDICATES TRACE AMOUNT.




$$
