000
CDUS44 KEPZ 050932
CLIELP


CLIMATE REPORT
NATIONAL WEATHER SERVICE EL PASO, TX
330 AM MDT SUN JUL 5 2015


...................................

...THE EL PASO CLIMATE SUMMARY FOR JULY 4 2015...

CLIMATE NORMAL PERIOD 1981 TO 2010
CLIMATE RECORD PERIOD 1879 TO 2015


WEATHER ITEM   OBSERVED TIME   RECORD YEAR NORMAL DEPARTURE LAST
                VALUE   (LST)  VALUE       VALUE  FROM      YEAR
                                                  NORMAL
..................................................................
TEMPERATURE (F)
 YESTERDAY
  MAXIMUM         96    426 PM 106    1980  96      0       95
                                      1957
  MINIMUM         72    842 PM  61    1985  71      1       74
  AVERAGE         84                        84      0       85

PRECIPITATION (IN)
  YESTERDAY        0.30          1.66 1961   0.04   0.26      T
  MONTH TO DATE    0.30                      0.16   0.14     0.08
  SINCE JUN 1      0.48                      1.10  -0.62     0.09
  SINCE JAN 1      3.02                      2.92   0.10     0.73

SNOWFALL (IN)
  YESTERDAY        0.0                                       0.0
  MONTH TO DATE    0.0                                       0.0
  SINCE JUN 1      0.0                                       0.0
  SINCE JUL 1      0.0                                       0.0
  SNOW DEPTH       0

DEGREE DAYS
 HEATING
  YESTERDAY        0                         0      0        0
  MONTH TO DATE    0                         0      0        0
  SINCE JUN 1      0                         0      0        0
  SINCE JUL 1      0                         0      0        0

 COOLING
  YESTERDAY       19                        18      1       20
  MONTH TO DATE   81                        75      6       73
  SINCE JUN 1    673                       577     96      766
  SINCE JAN 1   1044                       954     90     1193
..................................................................


WIND (MPH)
  HIGHEST WIND SPEED    24   HIGHEST WIND DIRECTION    NW (310)
  HIGHEST GUST SPEED    31   HIGHEST GUST DIRECTION    NW (320)
  AVERAGE WIND SPEED     7.2


SKY COVER
  POSSIBLE SUNSHINE  MM
  AVERAGE SKY COVER 0.8


WEATHER CONDITIONS
 THE FOLLOWING WEATHER WAS RECORDED YESTERDAY.
  THUNDERSTORM
  RAIN
  LIGHT RAIN
  FOG


RELATIVE HUMIDITY (PERCENT)
 HIGHEST    69          1100 PM
 LOWEST     20           500 PM
 AVERAGE    45

..........................................................


THE EL PASO CLIMATE NORMALS FOR TODAY
                         NORMAL    RECORD    YEAR
 MAXIMUM TEMPERATURE (F)   96       105      1992
                                             1932
 MINIMUM TEMPERATURE (F)   71        57      1979


SUNRISE AND SUNSET
JULY  5 2015..........SUNRISE   605 AM MDT   SUNSET   815 PM MDT
JULY  6 2015..........SUNRISE   606 AM MDT   SUNSET   815 PM MDT


-  INDICATES NEGATIVE NUMBERS.
R  INDICATES RECORD WAS SET OR TIED.
MM INDICATES DATA IS MISSING.
T  INDICATES TRACE AMOUNT.




$$
