000
CDUS44 KEPZ 220927
CLIELP


CLIMATE REPORT
NATIONAL WEATHER SERVICE EL PASO, TX
326 AM MDT TUE JUL 22 2014


...................................

...THE EL PASO CLIMATE SUMMARY FOR JULY 21 2014...

CLIMATE NORMAL PERIOD 1981 TO 2010
CLIMATE RECORD PERIOD 1879 TO 2014


WEATHER ITEM   OBSERVED TIME   RECORD YEAR NORMAL DEPARTURE LAST
                VALUE   (LST)  VALUE       VALUE  FROM      YEAR
                                                  NORMAL
..................................................................
TEMPERATURE (F)
 YESTERDAY
  MAXIMUM        102R   406 PM 102    1981  94      8       93
  MINIMUM         77    558 AM  59    1985  71      6       71
  AVERAGE         90                        82      8       82

PRECIPITATION (IN)
  YESTERDAY        0.04          1.93 1880   0.05  -0.01     0.00
  MONTH TO DATE    0.39                      0.94  -0.55     0.60
  SINCE JUN 1      0.40                      1.88  -1.48     0.76
  SINCE JAN 1      1.04                      3.70  -2.66     1.65

SNOWFALL (IN)
  YESTERDAY        0.0                                       0.0
  MONTH TO DATE    0.0                                       0.0
  SINCE JUN 1      0.0                                       0.0
  SINCE JUL 1      0.0                                       0.0
  SNOW DEPTH       0

DEGREE DAYS
 HEATING
  YESTERDAY        0                         0      0        0
  MONTH TO DATE    0                         0      0        0
  SINCE JUN 1      0                         0      0        0
  SINCE JUL 1      0                         0      0        0

 COOLING
  YESTERDAY       25                        17      8       17
  MONTH TO DATE  420                       380     40      370
  SINCE JUN 1   1113                       882    231     1033
  SINCE JAN 1   1540                      1259    281     1541
..................................................................


WIND (MPH)
  HIGHEST WIND SPEED    29   HIGHEST WIND DIRECTION     W (250)
  HIGHEST GUST SPEED    36   HIGHEST GUST DIRECTION    NE (30)
  AVERAGE WIND SPEED     8.6


SKY COVER
  POSSIBLE SUNSHINE  MM
  AVERAGE SKY COVER 0.5


WEATHER CONDITIONS
 THE FOLLOWING WEATHER WAS RECORDED YESTERDAY.
  THUNDERSTORM
  LIGHT RAIN


RELATIVE HUMIDITY (PERCENT)
 HIGHEST    54           800 PM
 LOWEST     16           500 PM
 AVERAGE    35

..........................................................


THE EL PASO CLIMATE NORMALS FOR TODAY
                         NORMAL    RECORD    YEAR
 MAXIMUM TEMPERATURE (F)   94       103      1981
 MINIMUM TEMPERATURE (F)   71        57      1988


SUNRISE AND SUNSET
JULY 22 2014..........SUNRISE   615 AM MDT   SUNSET   809 PM MDT
JULY 23 2014..........SUNRISE   616 AM MDT   SUNSET   808 PM MDT


-  INDICATES NEGATIVE NUMBERS.
R  INDICATES RECORD WAS SET OR TIED.
MM INDICATES DATA IS MISSING.
T  INDICATES TRACE AMOUNT.




$$
