834
CDUS45 KLKN 260943
CLIELY


CLIMATE REPORT
NATIONAL WEATHER SERVICE ELKO NV
142 AM PST SUN FEB 26 2017


...................................

...THE ELY AIRPORT NV CLIMATE SUMMARY FOR FEBRUARY 25 2017...

CLIMATE NORMAL PERIOD 1981 TO 2010
CLIMATE RECORD PERIOD 1893 TO 2017


WEATHER ITEM   OBSERVED TIME   RECORD YEAR NORMAL DEPARTURE LAST
                VALUE   (LST)  VALUE       VALUE  FROM      YEAR
                                                  NORMAL
..................................................................
TEMPERATURE (F)
 YESTERDAY
  MAXIMUM         32    239 PM  67    1986  45    -13       56
  MINIMUM          4   1207 AM -15    1993  18    -14       21
  AVERAGE         18                        32    -14       39

PRECIPITATION (IN)
  YESTERDAY        T             1.38 1969   0.03  -0.03     0.00
  MONTH TO DATE    1.61                      0.66   0.95     0.60
  SINCE OCT 1      4.91                      3.65   1.26     7.54
  SINCE JAN 1      3.13                      1.36   1.77     3.18

SNOWFALL (IN)
  YESTERDAY        T             7.0  1969   0.3   -0.3      0.0
  MONTH TO DATE   11.1                       7.1    4.0      4.1
  SINCE DEC 1     42.8                      24.6   18.2     61.6
  SINCE JUL 1     48.7                      34.1   14.6     79.3
  SNOW DEPTH       5

DEGREE DAYS
 HEATING
  YESTERDAY       47                        33     14       26
  MONTH TO DATE  695                       909   -214      982
  SINCE DEC 1   3266                      3370   -104     3654
  SINCE JUL 1   4819                      5238   -419     5283

 COOLING
  YESTERDAY        0                         0      0        0
  MONTH TO DATE    0                         0      0        0
  SINCE DEC 1      0                         0      0        0
  SINCE JAN 1      0                         0      0        0
..................................................................


WIND (MPH)
  HIGHEST WIND SPEED    14   HIGHEST WIND DIRECTION    NE (30)
  HIGHEST GUST SPEED    17   HIGHEST GUST DIRECTION     N (360)
  AVERAGE WIND SPEED     7.0



WEATHER CONDITIONS
 THE FOLLOWING WEATHER WAS RECORDED YESTERDAY.
  NO SIGNIFICANT WEATHER WAS OBSERVED.


RELATIVE HUMIDITY (PERCENT)
 HIGHEST    92           700 PM
 LOWEST     53           100 PM
 AVERAGE    73

..........................................................


THE ELY AIRPORT NV CLIMATE NORMALS FOR TODAY
                         NORMAL    RECORD    YEAR
 MAXIMUM TEMPERATURE (F)   45        63      1988
 MINIMUM TEMPERATURE (F)   19       -12      1962


SUNRISE AND SUNSET
FEBRUARY 26 2017......SUNRISE   616 AM PST   SUNSET   529 PM PST
FEBRUARY 27 2017......SUNRISE   615 AM PST   SUNSET   530 PM PST


-  INDICATES NEGATIVE NUMBERS.
R  INDICATES RECORD WAS SET OR TIED.
MM INDICATES DATA IS MISSING.
T  INDICATES TRACE AMOUNT.




$$
