000
CDUS45 KLKN 160938
CLIELY


CLIMATE REPORT
NATIONAL WEATHER SERVICE ELKO NV
137 AM PST MON JAN 16 2017


...................................

...THE ELY AIRPORT NV CLIMATE SUMMARY FOR JANUARY 15 2017...

CLIMATE NORMAL PERIOD 1981 TO 2010
CLIMATE RECORD PERIOD 1893 TO 2017


WEATHER ITEM   OBSERVED TIME   RECORD YEAR NORMAL DEPARTURE LAST
                VALUE   (LST)  VALUE       VALUE  FROM      YEAR
                                                  NORMAL
..................................................................
TEMPERATURE (F)
 YESTERDAY
  MAXIMUM         28    254 PM  57    1912  40    -12       34
  MINIMUM         22   1159 PM -18    1947  11     11        7
  AVERAGE         25                        25      0       21

PRECIPITATION (IN)
  YESTERDAY        0.00          0.71 1995   0.02  -0.02     0.18
  MONTH TO DATE    0.77                      0.35   0.42     1.32
  SINCE OCT 1      2.55                      2.64  -0.09     5.68
  SINCE JAN 1      0.77                      0.35   0.42     1.32

SNOWFALL (IN)
  YESTERDAY        0.0           8.0  1995   0.3   -0.3      3.5
  MONTH TO DATE   10.1                       4.7    5.4     17.1
  SINCE DEC 1     19.2                      13.1    6.1     39.2
  SINCE JUL 1     25.1                      22.6    2.5     56.9
  SNOW DEPTH       0

DEGREE DAYS
 HEATING
  YESTERDAY       40                        40      0       44
  MONTH TO DATE  600                       600      0      718
  SINCE DEC 1   1827                      1832     -5     1989
  SINCE JUL 1   3380                      3700   -320     3618

 COOLING
  YESTERDAY        0                         0      0        0
  MONTH TO DATE    0                         0      0        0
  SINCE DEC 1      0                         0      0        0
  SINCE JAN 1      0                         0      0        0
..................................................................


WIND (MPH)
  HIGHEST WIND SPEED    14   HIGHEST WIND DIRECTION     N (20)
  HIGHEST GUST SPEED    17   HIGHEST GUST DIRECTION     N (360)
  AVERAGE WIND SPEED     7.3



WEATHER CONDITIONS
 THE FOLLOWING WEATHER WAS RECORDED YESTERDAY.
  NO SIGNIFICANT WEATHER WAS OBSERVED.


RELATIVE HUMIDITY (PERCENT)
 HIGHEST    92           100 AM
 LOWEST     75           300 PM
 AVERAGE    84

..........................................................


THE ELY AIRPORT NV CLIMATE NORMALS FOR TODAY
                         NORMAL    RECORD    YEAR
 MAXIMUM TEMPERATURE (F)   40        60      1961
 MINIMUM TEMPERATURE (F)   11       -16      1949


SUNRISE AND SUNSET
JANUARY 16 2017.......SUNRISE   657 AM PST   SUNSET   442 PM PST
JANUARY 17 2017.......SUNRISE   656 AM PST   SUNSET   443 PM PST


-  INDICATES NEGATIVE NUMBERS.
R  INDICATES RECORD WAS SET OR TIED.
MM INDICATES DATA IS MISSING.
T  INDICATES TRACE AMOUNT.




$$
