000
CDUS45 KLKN 070937
CLIELY


CLIMATE REPORT
NATIONAL WEATHER SERVICE ELKO NV
132 AM PST WED DEC 7 2016


...................................

...THE ELY AIRPORT NV CLIMATE SUMMARY FOR DECEMBER 6 2016...

CLIMATE NORMAL PERIOD 1981 TO 2010
CLIMATE RECORD PERIOD 1893 TO 2016


WEATHER ITEM   OBSERVED TIME   RECORD YEAR NORMAL DEPARTURE LAST
                VALUE   (LST)  VALUE       VALUE  FROM      YEAR
                                                  NORMAL
..................................................................
TEMPERATURE (F)
 YESTERDAY
  MAXIMUM         40   1242 PM  61    1991  41     -1       49
  MINIMUM          4   1026 PM -19    2013  12     -8       21
  AVERAGE         22                        26     -4       35

PRECIPITATION (IN)
  YESTERDAY        0.00          0.61 1966   0.02  -0.02     0.00
  MONTH TO DATE    T                         0.10  -0.10     0.00
  SINCE OCT 1      0.61                      1.80  -1.19     3.15
  SINCE JAN 1     10.33                      9.27   1.06     8.65

SNOWFALL (IN)
  YESTERDAY        0.0           5.0  1901   0.2   -0.2      0.0
  MONTH TO DATE    T                         1.2   -1.2      0.0
  SINCE DEC 1      T                         1.2   -1.2      0.0
  SINCE JUL 1      5.9                      10.7   -4.8     17.7
  SNOW DEPTH       0

DEGREE DAYS
 HEATING
  YESTERDAY       43                        39      4       30
  MONTH TO DATE  245                       229     16      217
  SINCE DEC 1    245                       229     16      217
  SINCE JUL 1   1798                      2097   -299     1846

 COOLING
  YESTERDAY        0                         0      0        0
  MONTH TO DATE    0                         0      0        0
  SINCE DEC 1      0                         0      0        0
  SINCE JAN 1    267                       218     49      329
..................................................................


WIND (MPH)
  HIGHEST WIND SPEED    23   HIGHEST WIND DIRECTION     W (260)
  HIGHEST GUST SPEED    32   HIGHEST GUST DIRECTION     W (260)
  AVERAGE WIND SPEED    11.6



WEATHER CONDITIONS
 THE FOLLOWING WEATHER WAS RECORDED YESTERDAY.
  NO SIGNIFICANT WEATHER WAS OBSERVED.


RELATIVE HUMIDITY (PERCENT)
 HIGHEST    88           300 AM
 LOWEST     20          1200 PM
 AVERAGE    54

..........................................................


THE ELY AIRPORT NV CLIMATE NORMALS FOR TODAY
                         NORMAL    RECORD    YEAR
 MAXIMUM TEMPERATURE (F)   40        63      1981
 MINIMUM TEMPERATURE (F)   12       -21      1951


SUNRISE AND SUNSET
DECEMBER  7 2016......SUNRISE   646 AM PST   SUNSET   416 PM PST
DECEMBER  8 2016......SUNRISE   647 AM PST   SUNSET   416 PM PST


-  INDICATES NEGATIVE NUMBERS.
R  INDICATES RECORD WAS SET OR TIED.
MM INDICATES DATA IS MISSING.
T  INDICATES TRACE AMOUNT.




$$
