000
CDUS45 KLKN 260929
CLIELY


CLIMATE REPORT
NATIONAL WEATHER SERVICE ELKO NV
227 AM PDT TUE JUL 26 2016


...................................

...THE ELY AIRPORT NV CLIMATE SUMMARY FOR JULY 25 2016...

CLIMATE NORMAL PERIOD 1981 TO 2010
CLIMATE RECORD PERIOD 1893 TO 2016


WEATHER ITEM   OBSERVED TIME   RECORD YEAR NORMAL DEPARTURE LAST
                VALUE   (LST)  VALUE       VALUE  FROM      YEAR
                                                  NORMAL
..................................................................
TEMPERATURE (F)
 YESTERDAY
  MAXIMUM         95    358 PM  96    1980  89      6       88
  MINIMUM         45    507 AM  38    1999  49     -4       44
  AVERAGE         70                        69      1       66

PRECIPITATION (IN)
  YESTERDAY        0.00          0.60 1910   0.02  -0.02     0.00
  MONTH TO DATE    0.05                      0.47  -0.42     0.66
  SINCE OCT 1     12.93                      7.86   5.07     5.62
  SINCE JAN 1      8.57                      5.57   3.00     4.45

SNOWFALL (IN)
  YESTERDAY        0.0           0.0  1893   0.0    0.0      0.0
  MONTH TO DATE    0.0                       0.0    0.0      0.0
  SINCE JUN 1      0.0                       0.1   -0.1      0.0
  SINCE JUL 1      0.0                       0.0    0.0      0.0
  SNOW DEPTH       0

DEGREE DAYS
 HEATING
  YESTERDAY        0                         0      0        0
  MONTH TO DATE   17                        20     -3       19
  SINCE JUN 1     78                       195   -117       74
  SINCE JUL 1     17                        20     -3       19

 COOLING
  YESTERDAY        5                         4      1        1
  MONTH TO DATE   82                        86     -4       67
  SINCE JUN 1    137                       109     28      174
  SINCE JAN 1    137                       110     27      177
..................................................................


WIND (MPH)
  HIGHEST WIND SPEED    21   HIGHEST WIND DIRECTION     S (200)
  HIGHEST GUST SPEED    27   HIGHEST GUST DIRECTION     S (190)
  AVERAGE WIND SPEED     8.4



WEATHER CONDITIONS
 THE FOLLOWING WEATHER WAS RECORDED YESTERDAY.
  NO SIGNIFICANT WEATHER WAS OBSERVED.


RELATIVE HUMIDITY (PERCENT)
 HIGHEST    37           500 AM
 LOWEST      7          1100 AM
 AVERAGE    22

..........................................................


THE ELY AIRPORT NV CLIMATE NORMALS FOR TODAY
                         NORMAL    RECORD    YEAR
 MAXIMUM TEMPERATURE (F)   88        96      1943
 MINIMUM TEMPERATURE (F)   49        40      2005
                                             1990
                                             1944


SUNRISE AND SUNSET
JULY 26 2016..........SUNRISE   535 AM PDT   SUNSET   757 PM PDT
JULY 27 2016..........SUNRISE   536 AM PDT   SUNSET   756 PM PDT


-  INDICATES NEGATIVE NUMBERS.
R  INDICATES RECORD WAS SET OR TIED.
MM INDICATES DATA IS MISSING.
T  INDICATES TRACE AMOUNT.




$$
