000
CDUS45 KLKN 010927
CLIELY


CLIMATE REPORT
NATIONAL WEATHER SERVICE ELKO NV
227 AM PDT SUN MAY 1 2016


...................................

...THE ELY AIRPORT NV CLIMATE SUMMARY FOR APRIL 30 2016...

CLIMATE NORMAL PERIOD 1981 TO 2010
CLIMATE RECORD PERIOD 1893 TO 2016


WEATHER ITEM   OBSERVED TIME   RECORD YEAR NORMAL DEPARTURE LAST
                VALUE   (LST)  VALUE       VALUE  FROM      YEAR
                                                  NORMAL
..................................................................
TEMPERATURE (F)
 YESTERDAY
  MAXIMUM         52    324 PM  78    1981  62    -10       73
                                      1959
  MINIMUM         33   1211 AM   7    1967  30      3       37
  AVERAGE         43                        46     -3       55

PRECIPITATION (IN)
  YESTERDAY        T             0.63 1983   0.04  -0.04      T
  MONTH TO DATE    1.65                      0.95   0.70     0.67
  SINCE OCT 1     10.75                      5.62   5.13     2.72
  SINCE JAN 1      6.39                      3.33   3.06     1.55

SNOWFALL (IN)
  YESTERDAY        0.0           4.2  1983   0.1   -0.1      0.0
  MONTH TO DATE    4.9                       5.2   -0.3      3.7
  SINCE MAR 1     21.1                      13.5    7.6      8.7
  SINCE JUL 1    100.4                      48.4   52.0     19.7
  SNOW DEPTH       0

DEGREE DAYS
 HEATING
  YESTERDAY       22                        19      3       10
  MONTH TO DATE  615                       677    -62      660
  SINCE MAR 1   1416                      1566   -150     1355
  SINCE JUL 1   6790                      6903   -113     5599

 COOLING
  YESTERDAY        0                         0      0        0
  MONTH TO DATE    0                         0      0        0
  SINCE MAR 1      0                         0      0        0
  SINCE JAN 1      0                         0      0        0
..................................................................


WIND (MPH)
  HIGHEST WIND SPEED    28   HIGHEST WIND DIRECTION     N (350)
  HIGHEST GUST SPEED    33   HIGHEST GUST DIRECTION     N (360)
  AVERAGE WIND SPEED    16.1



WEATHER CONDITIONS
 THE FOLLOWING WEATHER WAS RECORDED YESTERDAY.
  LIGHT RAIN


RELATIVE HUMIDITY (PERCENT)
 HIGHEST   100           300 AM
 LOWEST     54           200 PM
 AVERAGE    77

..........................................................


THE ELY AIRPORT NV CLIMATE NORMALS FOR TODAY
                         NORMAL    RECORD    YEAR
 MAXIMUM TEMPERATURE (F)   63        82      1985
 MINIMUM TEMPERATURE (F)   30        16      2011
                                             1948
                                             1946


SUNRISE AND SUNSET
MAY  1 2016...........SUNRISE   540 AM PDT   SUNSET   733 PM PDT
MAY  2 2016...........SUNRISE   539 AM PDT   SUNSET   734 PM PDT


-  INDICATES NEGATIVE NUMBERS.
R  INDICATES RECORD WAS SET OR TIED.
MM INDICATES DATA IS MISSING.
T  INDICATES TRACE AMOUNT.




$$
