000
CDUS45 KLKN 270929
CLIELY


CLIMATE REPORT
NATIONAL WEATHER SERVICE ELKO NV
128 AM PST SAT DEC 27 2014


...................................

...THE ELY AIRPORT NV CLIMATE SUMMARY FOR DECEMBER 26 2014...

CLIMATE NORMAL PERIOD 1981 TO 2010
CLIMATE RECORD PERIOD 1893 TO 2014


WEATHER ITEM   OBSERVED TIME   RECORD YEAR NORMAL DEPARTURE LAST
                VALUE   (LST)  VALUE       VALUE  FROM      YEAR
                                                  NORMAL
..................................................................
TEMPERATURE (F)
 YESTERDAY
  MAXIMUM         22    301 PM  58    1980  39    -17       47
                                      1976
  MINIMUM         10   1159 PM -19    1988  10      0        7
  AVERAGE         16                        25     -9       27

PRECIPITATION (IN)
  YESTERDAY        0.00          0.18 1971   0.02  -0.02     0.00
  MONTH TO DATE    0.54                      0.48   0.06     0.99
  SINCE OCT 1      0.98                      2.18  -1.20     2.68
  SINCE JAN 1      9.07                      9.65  -0.58     8.54

SNOWFALL (IN)
  YESTERDAY        0.0           3.5  2003   0.3   -0.3      0.0
  MONTH TO DATE    4.0                       6.7   -2.7     12.9
  SINCE DEC 1      4.0                       6.7   -2.7     12.9
  SINCE JUL 1      4.7                      16.2  -11.5     25.8
  SNOW DEPTH       2

DEGREE DAYS
 HEATING
  YESTERDAY       49                        40      9       38
  MONTH TO DATE  820                      1026   -206     1149
  SINCE DEC 1    820                      1026   -206     1149
  SINCE JUL 1   2267                      2894   -627     2914

 COOLING
  YESTERDAY        0                         0      0        0
  MONTH TO DATE    0                         0      0        0
  SINCE DEC 1      0                         0      0        0
  SINCE JAN 1    286                       218     68      387
..................................................................


WIND (MPH)
  HIGHEST WIND SPEED    14   HIGHEST WIND DIRECTION    NE (30)
  HIGHEST GUST SPEED    16   HIGHEST GUST DIRECTION     N (20)
  AVERAGE WIND SPEED     7.3



WEATHER CONDITIONS
 THE FOLLOWING WEATHER WAS RECORDED YESTERDAY.
  NO SIGNIFICANT WEATHER WAS OBSERVED.


RELATIVE HUMIDITY (PERCENT)
 HIGHEST    88          1200 AM
 LOWEST     62          1200 PM
 AVERAGE    75

..........................................................


THE ELY AIRPORT NV CLIMATE NORMALS FOR TODAY
                         NORMAL    RECORD    YEAR
 MAXIMUM TEMPERATURE (F)   39        60      1910
 MINIMUM TEMPERATURE (F)   10       -22      1988


SUNRISE AND SUNSET
DECEMBER 27 2014......SUNRISE   658 AM PST   SUNSET   423 PM PST
DECEMBER 28 2014......SUNRISE   658 AM PST   SUNSET   424 PM PST


-  INDICATES NEGATIVE NUMBERS.
R  INDICATES RECORD WAS SET OR TIED.
MM INDICATES DATA IS MISSING.
T  INDICATES TRACE AMOUNT.




$$
