000
CDUS45 KLKN 290028
CLIELY


CLIMATE REPORT
NATIONAL WEATHER SERVICE ELKO NV
427 PM PST FRI NOV 28 2014


...................................

...THE ELY AIRPORT NV CLIMATE SUMMARY FOR NOVEMBER 28 2014...
VALID TODAY AS OF 0400 PM LOCAL TIME.

CLIMATE NORMAL PERIOD 1981 TO 2010
CLIMATE RECORD PERIOD 1893 TO 2014


WEATHER ITEM   OBSERVED TIME   RECORD YEAR NORMAL DEPARTURE LAST
                VALUE   (LST)  VALUE       VALUE  FROM      YEAR
                                                  NORMAL
..................................................................
TEMPERATURE (F)
 TODAY
  MAXIMUM         63R   133 PM  62    1980  43     20       46
                                      1903
  MINIMUM         25    627 AM -16    1896  14     11       23
  AVERAGE         44                        28     16       35

PRECIPITATION (IN)
  TODAY            0.00          0.21 1971   0.02  -0.02     0.00
  MONTH TO DATE    0.44                      0.67  -0.23     0.87
  SINCE OCT 1      0.44                      1.67  -1.23     1.69
  SINCE JAN 1      8.53                      9.14  -0.61     7.55

SNOWFALL (IN)
  TODAY            0.0           2.6  1975   0.2   -0.2      0.0
  MONTH TO DATE    0.7                       5.7   -5.0      9.9
  SINCE SEP 1      0.7                       9.1   -8.4     12.9
  SINCE JUL 1      0.7                       9.1   -8.4     12.9
  SNOW DEPTH       0

DEGREE DAYS
 HEATING
  TODAY           21                        36    -15       30
  MONTH TO DATE  804                       865    -61      804
  SINCE SEP 1   1353                      1729   -376     1697
  SINCE JUL 1   1401                      1793   -392     1705

 COOLING
  TODAY            0                         0      0        0
  MONTH TO DATE    0                         0      0        0
  SINCE SEP 1     18                         6     12       17
  SINCE JAN 1    286                       218     68      387
..................................................................


WIND (MPH)
  HIGHEST WIND SPEED    16   HIGHEST WIND DIRECTION     S (200)
  HIGHEST GUST SPEED    22   HIGHEST GUST DIRECTION     S (190)



WEATHER CONDITIONS
 THE FOLLOWING WEATHER WAS RECORDED TODAY.
  NO SIGNIFICANT WEATHER WAS OBSERVED.


RELATIVE HUMIDITY (PERCENT)
 HIGHEST    50           400 AM
 LOWEST     12          1200 PM
 AVERAGE    31

..........................................................


THE ELY AIRPORT NV CLIMATE NORMALS FOR TOMORROW
                         NORMAL    RECORD    YEAR
 MAXIMUM TEMPERATURE (F)   43        66      1910
 MINIMUM TEMPERATURE (F)   14        -7      2006


SUNRISE AND SUNSET
NOVEMBER 28 2014......SUNRISE   637 AM PST   SUNSET   418 PM PST
NOVEMBER 29 2014......SUNRISE   638 AM PST   SUNSET   417 PM PST


-  INDICATES NEGATIVE NUMBERS.
R  INDICATES RECORD WAS SET OR TIED.
MM INDICATES DATA IS MISSING.
T  INDICATES TRACE AMOUNT.




$$
