000
CDUS45 KLKN 160931
CLIELY


CLIMATE REPORT
NATIONAL WEATHER SERVICE ELKO NV
228 AM PDT WED APR 16 2014


...................................

...THE ELY AIRPORT NV CLIMATE SUMMARY FOR APRIL 15 2014...

CLIMATE NORMAL PERIOD 1981 TO 2010
CLIMATE RECORD PERIOD 1893 TO 2014


WEATHER ITEM   OBSERVED TIME   RECORD YEAR NORMAL DEPARTURE LAST
                VALUE   (LST)  VALUE       VALUE  FROM      YEAR
                                                  NORMAL
..................................................................
TEMPERATURE (F)
 YESTERDAY
  MAXIMUM         68    142 PM  75    1990  58     10       44
  MINIMUM         29    522 AM  14    1970  27      2       28
  AVERAGE         49                        42      7       36

PRECIPITATION (IN)
  YESTERDAY        0.00          0.74 1940   0.03  -0.03     0.29
  MONTH TO DATE    0.17                      0.47  -0.30     0.72
  SINCE OCT 1      5.00                      5.14  -0.14     5.52
  SINCE JAN 1      2.32                      2.85  -0.53     2.42

SNOWFALL (IN)
  YESTERDAY        0.0           4.0  1894   0.2   -0.2      3.4
  MONTH TO DATE    2.9                       3.1   -0.2      4.7
  SINCE MAR 1      7.3                      11.4   -4.1      7.8
  SINCE JUL 1     46.4                      46.3    0.1     63.2
  SNOW DEPTH       0

DEGREE DAYS
 HEATING
  YESTERDAY       16                        23     -7       29
  MONTH TO DATE  335                       366    -31      324
  SINCE MAR 1   1168                      1256    -88     1085
  SINCE JUL 1   6187                      6593   -406     6304

 COOLING
  YESTERDAY        0                         0      0        0
  MONTH TO DATE    0                         0      0        0
  SINCE MAR 1      0                         0      0        0
  SINCE JAN 1      0                         0      0        0
..................................................................


WIND (MPH)
  HIGHEST WIND SPEED    29   HIGHEST WIND DIRECTION     W (280)
  HIGHEST GUST SPEED    41   HIGHEST GUST DIRECTION    NW (300)
  AVERAGE WIND SPEED    10.0



WEATHER CONDITIONS
 THE FOLLOWING WEATHER WAS RECORDED YESTERDAY.
  NO SIGNIFICANT WEATHER WAS OBSERVED.


RELATIVE HUMIDITY (PERCENT)
 HIGHEST    43          1100 PM
 LOWEST     10           300 PM
 AVERAGE    27

..........................................................


THE ELY AIRPORT NV CLIMATE NORMALS FOR TODAY
                         NORMAL    RECORD    YEAR
 MAXIMUM TEMPERATURE (F)   58        77      1987
 MINIMUM TEMPERATURE (F)   27        10      1896


SUNRISE AND SUNSET
APRIL 16 2014.........SUNRISE   601 AM PDT   SUNSET   718 PM PDT
APRIL 17 2014.........SUNRISE   559 AM PDT   SUNSET   719 PM PDT


-  INDICATES NEGATIVE NUMBERS.
R  INDICATES RECORD WAS SET OR TIED.
MM INDICATES DATA IS MISSING.
T  INDICATES TRACE AMOUNT.




$$
