000
CDUS45 KLKN 300932
CLIELY


CLIMATE REPORT
NATIONAL WEATHER SERVICE ELKO NV
232 AM PDT WED JUL 30 2014


...................................

...THE ELY AIRPORT NV CLIMATE SUMMARY FOR JULY 29 2014...

CLIMATE NORMAL PERIOD 1981 TO 2010
CLIMATE RECORD PERIOD 1893 TO 2014


WEATHER ITEM   OBSERVED TIME   RECORD YEAR NORMAL DEPARTURE LAST
                VALUE   (LST)  VALUE       VALUE  FROM      YEAR
                                                  NORMAL
..................................................................
TEMPERATURE (F)
 YESTERDAY
  MAXIMUM         83    400 PM  97    2000  88     -5       83
  MINIMUM         53   1159 PM  30    1948  49      4       55
  AVERAGE         68                        69     -1       69

PRECIPITATION (IN)
  YESTERDAY        0.22          0.60 1939   0.02   0.20     0.02
  MONTH TO DATE    0.43                      0.58  -0.15     0.25
  SINCE OCT 1      7.46                      7.97  -0.51     6.46
  SINCE JAN 1      4.78                      5.68  -0.90     3.36

SNOWFALL (IN)
  YESTERDAY        0.0           0.0  1893   0.0    0.0      0.0
  MONTH TO DATE    0.0                       0.0    0.0      0.0
  SINCE JUN 1      T                         0.1   -0.1      0.0
  SINCE JUL 1      0.0                       0.0    0.0      0.0
  SNOW DEPTH       0

DEGREE DAYS
 HEATING
  YESTERDAY        0                         0      0        0
  MONTH TO DATE    0                        20    -20        5
  SINCE JUN 1    140                       195    -55      100
  SINCE JUL 1      0                        20    -20        5

 COOLING
  YESTERDAY        3                         4     -1        4
  MONTH TO DATE  202                       102    100      200
  SINCE JUN 1    221                       125     96      257
  SINCE JAN 1    223                       126     97      257
..................................................................


WIND (MPH)
  HIGHEST WIND SPEED    41   HIGHEST WIND DIRECTION     N (350)
  HIGHEST GUST SPEED    54   HIGHEST GUST DIRECTION     N (350)
  AVERAGE WIND SPEED     6.6



WEATHER CONDITIONS
 THE FOLLOWING WEATHER WAS RECORDED YESTERDAY.
  THUNDERSTORM
  RAIN
  LIGHT RAIN
  FOG
  HAZE


RELATIVE HUMIDITY (PERCENT)
 HIGHEST   100           800 PM
 LOWEST     24           400 PM
 AVERAGE    62

..........................................................


THE ELY AIRPORT NV CLIMATE NORMALS FOR TODAY
                         NORMAL    RECORD    YEAR
 MAXIMUM TEMPERATURE (F)   88        99      2000
 MINIMUM TEMPERATURE (F)   49        36      1950


SUNRISE AND SUNSET
JULY 30 2014..........SUNRISE   538 AM PDT   SUNSET   753 PM PDT
JULY 31 2014..........SUNRISE   539 AM PDT   SUNSET   752 PM PDT


-  INDICATES NEGATIVE NUMBERS.
R  INDICATES RECORD WAS SET OR TIED.
MM INDICATES DATA IS MISSING.
T  INDICATES TRACE AMOUNT.




$$
