000
CDUS45 KLKN 040028
CLIELY


CLIMATE REPORT
NATIONAL WEATHER SERVICE ELKO NV
428 PM PST TUE MAR 3 2015


...................................

...THE ELY AIRPORT NV CLIMATE SUMMARY FOR MARCH 3 2015...
VALID TODAY AS OF 0400 PM LOCAL TIME.

CLIMATE NORMAL PERIOD 1981 TO 2010
CLIMATE RECORD PERIOD 1893 TO 2015


WEATHER ITEM   OBSERVED TIME   RECORD YEAR NORMAL DEPARTURE LAST
                VALUE   (LST)  VALUE       VALUE  FROM      YEAR
                                                  NORMAL
..................................................................
TEMPERATURE (F)
 TODAY
  MAXIMUM         31    122 PM  67    1904  47    -16       53
  MINIMUM         20    212 AM -13    1952  20      0       27
  AVERAGE         26                        33     -7       40

PRECIPITATION (IN)
  TODAY            0.03          0.61 1992   0.03   0.00     0.00
  MONTH TO DATE    0.35                      0.09   0.26     0.02
  SINCE OCT 1      2.04                      3.83  -1.79     4.43
  SINCE JAN 1      0.87                      1.54  -0.67     1.75

SNOWFALL (IN)
  TODAY            1.0           6.0  1896   0.3    0.7      0.0
  MONTH TO DATE    5.0                       0.9    4.1      0.6
  SINCE MAR 1      5.0                       0.9    4.1      0.6
  SINCE JUL 1     16.0                      35.8  -19.8     39.7
  SNOW DEPTH       2

DEGREE DAYS
 HEATING
  TODAY           39                        32      7       25
  MONTH TO DATE  110                        96     14       80
  SINCE MAR 1    110                        96     14       80
  SINCE JUL 1   4354                      5433  -1079     5099

 COOLING
  TODAY            0                         0      0        0
  MONTH TO DATE    0                         0      0        0
  SINCE MAR 1      0                         0      0        0
  SINCE JAN 1      0                         0      0        0
..................................................................


WIND (MPH)
  HIGHEST WIND SPEED    23   HIGHEST WIND DIRECTION    NW (310)
  HIGHEST GUST SPEED    30   HIGHEST GUST DIRECTION    NW (310)



WEATHER CONDITIONS
 THE FOLLOWING WEATHER WAS RECORDED TODAY.
  SNOW
  LIGHT SNOW
  FOG


RELATIVE HUMIDITY (PERCENT)
 HIGHEST   100           300 AM
 LOWEST     47           100 PM
 AVERAGE    74

..........................................................


THE ELY AIRPORT NV CLIMATE NORMALS FOR TOMORROW
                         NORMAL    RECORD    YEAR
 MAXIMUM TEMPERATURE (F)   47        65      1950
 MINIMUM TEMPERATURE (F)   20       -12      1896


SUNRISE AND SUNSET
MARCH  3 2015.........SUNRISE   609 AM PST   SUNSET   534 PM PST
MARCH  4 2015.........SUNRISE   608 AM PST   SUNSET   535 PM PST


-  INDICATES NEGATIVE NUMBERS.
R  INDICATES RECORD WAS SET OR TIED.
MM INDICATES DATA IS MISSING.
T  INDICATES TRACE AMOUNT.




$$
