000
CDUS43 KTOP 280634
CLIEMP


CLIMATE REPORT
NATIONAL WEATHER SERVICE TOPEKA KS
133 AM CDT SAT MAR 28 2015


...................................

...THE EMPORIA KS CLIMATE SUMMARY FOR MARCH 27 2015...

CLIMATE NORMAL PERIOD 1981 TO 2010
CLIMATE RECORD PERIOD 9999 TO 9999


WEATHER ITEM   OBSERVED NORMAL DEPARTURE LAST
                VALUE   VALUE  FROM      YEAR
                               NORMAL
...............................................
TEMPERATURE (F)
 YESTERDAY
  MAXIMUM         49     62    -13       75
  MINIMUM         33     37     -4       34
  AVERAGE         41     49     -8       55

PRECIPITATION (IN)
  YESTERDAY        0.00   0.07  -0.07      T
  MONTH TO DATE    0.58   2.21  -1.63     0.41
  SINCE MAR 1      0.58   2.21  -1.63     0.41
  SINCE JAN 1      1.98   4.07  -2.09     0.90

DEGREE DAYS
 HEATING
  YESTERDAY       24     16      8       10
  MONTH TO DATE  491    549    -58      677
  SINCE MAR 1    491    549    -58      677
  SINCE JUL 1   4492   4371    121     5002

 COOLING
  YESTERDAY        0      0      0        0
  MONTH TO DATE    1      0      1        0
  SINCE MAR 1      1      0      1        0
  SINCE JAN 1      1      0      1        0
...............................................


WIND (MPH)
  HIGHEST WIND SPEED    21   HIGHEST WIND DIRECTION     N (10)
  HIGHEST GUST SPEED    25   HIGHEST GUST DIRECTION     N (10)
  AVERAGE WIND SPEED     8.8


SKY COVER
  AVERAGE SKY COVER 0.7


WEATHER CONDITIONS
 THE FOLLOWING WEATHER WAS RECORDED YESTERDAY.
  FOG
  HAZE


RELATIVE HUMIDITY (PERCENT)
 HIGHEST    92
 LOWEST     31
 AVERAGE    62

..........................................................


THE EMPORIA KS CLIMATE NORMALS FOR TODAY
                         NORMAL
 MAXIMUM TEMPERATURE (F)   62
 MINIMUM TEMPERATURE (F)   37


SUNRISE AND SUNSET
MARCH 28 2015.........SUNRISE   716 AM CDT   SUNSET   744 PM CDT
MARCH 29 2015.........SUNRISE   715 AM CDT   SUNSET   745 PM CDT


-  INDICATES NEGATIVE NUMBERS.
R  INDICATES RECORD WAS SET OR TIED.
MM INDICATES DATA IS MISSING.
T  INDICATES TRACE AMOUNT.




$$
