000
CDUS43 KTOP 052136
CLIEMP


CLIMATE REPORT
NATIONAL WEATHER SERVICE TOPEKA KS
435 PM CDT THU MAY 5 2016


...................................

...THE EMPORIA KS CLIMATE SUMMARY FOR MAY 5 2016...
VALID TODAY AS OF 430 PM LOCAL TIME.

CLIMATE NORMAL PERIOD 1981 TO 2010
CLIMATE RECORD PERIOD 9999 TO 9999


WEATHER ITEM   OBSERVED NORMAL DEPARTURE LAST
                VALUE   VALUE  FROM      YEAR
                               NORMAL
...............................................
TEMPERATURE (F)
 TODAY
  MAXIMUM         77     73      4       79
  MINIMUM         44     51     -7       58
  AVERAGE         61     62     -1       69

PRECIPITATION (IN)
  TODAY            0.00   0.16  -0.16     0.22
  MONTH TO DATE    T      0.85  -0.85     0.22
  SINCE MAR 1      8.15   6.76   1.39     5.11
  SINCE JAN 1      9.32   8.62   0.70     6.51

DEGREE DAYS
 HEATING
  TODAY            4      4      0        0
  MONTH TO DATE   40     23     17        5
  SINCE MAR 1    705    930   -225      765
  SINCE JUL 1   3818   4752   -934     4766

 COOLING
  TODAY            0      1     -1        4
  MONTH TO DATE    0      5     -5       20
  SINCE MAR 1     20     28     -8       26
  SINCE JAN 1     20     28     -8       26
...............................................


WIND (MPH)
  HIGHEST WIND SPEED    12   HIGHEST WIND DIRECTION    NE (40)
  HIGHEST GUST SPEED    16   HIGHEST GUST DIRECTION     N (340)
  AVERAGE WIND SPEED     5.3



WEATHER CONDITIONS
 THE FOLLOWING WEATHER WAS RECORDED TODAY.
  NO SIGNIFICANT WEATHER WAS OBSERVED.


RELATIVE HUMIDITY (PERCENT)
 HIGHEST    83
 LOWEST     27
 AVERAGE    55

..........................................................


THE EMPORIA KS CLIMATE NORMALS FOR TOMORROW
                         NORMAL
 MAXIMUM TEMPERATURE (F)   74
 MINIMUM TEMPERATURE (F)   52


SUNRISE AND SUNSET
MAY  5 2016...........SUNRISE   623 AM CDT   SUNSET   821 PM CDT
MAY  6 2016...........SUNRISE   622 AM CDT   SUNSET   821 PM CDT


-  INDICATES NEGATIVE NUMBERS.
R  INDICATES RECORD WAS SET OR TIED.
MM INDICATES DATA IS MISSING.
T  INDICATES TRACE AMOUNT.




$$
