000
CDUS43 KTOP 210631
CLIEMP


CLIMATE REPORT
NATIONAL WEATHER SERVICE TOPEKA KS
1231 AM CST SUN JAN 21 2018


...................................

...THE EMPORIA KS CLIMATE SUMMARY FOR JANUARY 20 2018...

CLIMATE NORMAL PERIOD 1981 TO 2010
CLIMATE RECORD PERIOD 9999 TO 9999


WEATHER ITEM   OBSERVED NORMAL DEPARTURE LAST
                VALUE   VALUE  FROM      YEAR
                               NORMAL
...............................................
TEMPERATURE (F)
 YESTERDAY
  MAXIMUM         58     41     17       52
  MINIMUM         38     21     17       32
  AVERAGE         48     31     17       42

PRECIPITATION (IN)
  YESTERDAY        0.00   0.02  -0.02      T
  MONTH TO DATE    0.64   0.29   0.35     1.02
  SINCE DEC 1      0.88   1.64  -0.76     1.79
  SINCE JAN 1      0.64   0.29   0.35     1.02

DEGREE DAYS
 HEATING
  YESTERDAY       17     34    -17       23
  MONTH TO DATE  780    680    100      660
  SINCE DEC 1   1735   1673     62     1706
  SINCE JUL 1   2554   2613    -59     2256

 COOLING
  YESTERDAY        0      0      0        0
  MONTH TO DATE    0      0      0        0
  SINCE DEC 1      0      0      0        0
  SINCE JAN 1      0      0      0        0
...............................................


WIND (MPH)
  HIGHEST WIND SPEED    22   HIGHEST WIND DIRECTION     S (180)
  HIGHEST GUST SPEED    30   HIGHEST GUST DIRECTION     S (170)
  AVERAGE WIND SPEED    11.0


SKY COVER
  AVERAGE SKY COVER 0.5


WEATHER CONDITIONS
 THE FOLLOWING WEATHER WAS RECORDED YESTERDAY.
  FOG


RELATIVE HUMIDITY (PERCENT)
 HIGHEST   100
 LOWEST     61
 AVERAGE    81

..........................................................


THE EMPORIA KS CLIMATE NORMALS FOR TODAY
                         NORMAL
 MAXIMUM TEMPERATURE (F)   41
 MINIMUM TEMPERATURE (F)   21


SUNRISE AND SUNSET
JANUARY 21 2018.......SUNRISE   738 AM CST   SUNSET   535 PM CST
JANUARY 22 2018.......SUNRISE   737 AM CST   SUNSET   536 PM CST


-  INDICATES NEGATIVE NUMBERS.
R  INDICATES RECORD WAS SET OR TIED.
MM INDICATES DATA IS MISSING.
T  INDICATES TRACE AMOUNT.




$$
