000
CDUS43 KTOP 202134
CLIEMP


CLIMATE REPORT
NATIONAL WEATHER SERVICE TOPEKA KS
432 PM CDT SAT SEP 20 2014


...................................

...THE EMPORIA KS CLIMATE SUMMARY FOR SEPTEMBER 20 2014...
VALID TODAY AS OF 0400 PM LOCAL TIME.

CLIMATE NORMAL PERIOD 1981 TO 2010
CLIMATE RECORD PERIOD 9999 TO 9999


WEATHER ITEM   OBSERVED NORMAL DEPARTURE LAST
                VALUE   VALUE  FROM      YEAR
                               NORMAL
...............................................
TEMPERATURE (F)
 TODAY
  MAXIMUM         87     79      8       73
  MINIMUM         67     55     12       54
  AVERAGE         77     67     10       64

PRECIPITATION (IN)
  TODAY            0.00   0.08  -0.08     0.00
  MONTH TO DATE    3.64   2.39   1.25     2.48
  SINCE SEP 1      3.64   2.39   1.25     2.48
  SINCE JAN 1     22.40  29.00  -6.60    26.57

DEGREE DAYS
 HEATING
  TODAY            0      2     -2        1
  MONTH TO DATE   42     14     28        3
  SINCE SEP 1     42     14     28        3
  SINCE JUL 1     44     15     29        5

 COOLING
  TODAY           12      4      8        0
  MONTH TO DATE  115    133    -18      197
  SINCE SEP 1    115    133    -18      197
  SINCE JAN 1   1318   1341    -23     1326
...............................................


WIND (MPH)
  HIGHEST WIND SPEED    20   HIGHEST WIND DIRECTION     S (200)
  HIGHEST GUST SPEED    26   HIGHEST GUST DIRECTION     S (190)
  AVERAGE WIND SPEED    12.4



WEATHER CONDITIONS
 THE FOLLOWING WEATHER WAS RECORDED TODAY.
  FOG
  HAZE


RELATIVE HUMIDITY (PERCENT)
 HIGHEST    97
 LOWEST     50
 AVERAGE    74

..........................................................


THE EMPORIA KS CLIMATE NORMALS FOR TOMORROW
                         NORMAL
 MAXIMUM TEMPERATURE (F)   79
 MINIMUM TEMPERATURE (F)   55


SUNRISE AND SUNSET
SEPTEMBER 20 2014.....SUNRISE   711 AM CDT   SUNSET   725 PM CDT
SEPTEMBER 21 2014.....SUNRISE   712 AM CDT   SUNSET   723 PM CDT


-  INDICATES NEGATIVE NUMBERS.
R  INDICATES RECORD WAS SET OR TIED.
MM INDICATES DATA IS MISSING.
T  INDICATES TRACE AMOUNT.




$$
