000
CDUS43 KTOP 300631
CLIEMP


CLIMATE REPORT
NATIONAL WEATHER SERVICE TOPEKA KS
131 AM CDT SAT JUL 30 2016


...................................

...THE EMPORIA KS CLIMATE SUMMARY FOR JULY 29 2016...

CLIMATE NORMAL PERIOD 1981 TO 2010
CLIMATE RECORD PERIOD 9999 TO 9999


WEATHER ITEM   OBSERVED NORMAL DEPARTURE LAST
                VALUE   VALUE  FROM      YEAR
                               NORMAL
...............................................
TEMPERATURE (F)
 YESTERDAY
  MAXIMUM         86     91     -5       84
  MINIMUM         67     68     -1       69
  AVERAGE         77     80     -3       77

PRECIPITATION (IN)
  YESTERDAY        T      0.11  -0.11     1.27
  MONTH TO DATE    4.54   4.07   0.47     4.48
  SINCE JUN 1      5.80   9.91  -4.11     7.00
  SINCE JAN 1     21.53  22.59  -1.06    22.04

DEGREE DAYS
 HEATING
  YESTERDAY        0      0      0        0
  MONTH TO DATE    0      0      0        0
  SINCE JUN 1      0      8     -8        3
  SINCE JUL 1      0      0      0        0

 COOLING
  YESTERDAY       12     15     -3       12
  MONTH TO DATE  439    407     32      438
  SINCE JUN 1    841    670    171      794
  SINCE JAN 1    917    789    128      862
...............................................


WIND (MPH)
  HIGHEST WIND SPEED    13   HIGHEST WIND DIRECTION    NE (50)
  HIGHEST GUST SPEED    16   HIGHEST GUST DIRECTION    NE (50)
  AVERAGE WIND SPEED     4.0


SKY COVER
  AVERAGE SKY COVER 0.5


WEATHER CONDITIONS
 THE FOLLOWING WEATHER WAS RECORDED YESTERDAY.
  THUNDERSTORM


RELATIVE HUMIDITY (PERCENT)
 HIGHEST   100
 LOWEST     51
 AVERAGE    76

..........................................................


THE EMPORIA KS CLIMATE NORMALS FOR TODAY
                         NORMAL
 MAXIMUM TEMPERATURE (F)   91
 MINIMUM TEMPERATURE (F)   68


SUNRISE AND SUNSET
JULY 30 2016..........SUNRISE   626 AM CDT   SUNSET   836 PM CDT
JULY 31 2016..........SUNRISE   627 AM CDT   SUNSET   835 PM CDT


-  INDICATES NEGATIVE NUMBERS.
R  INDICATES RECORD WAS SET OR TIED.
MM INDICATES DATA IS MISSING.
T  INDICATES TRACE AMOUNT.




$$
