000
CDUS43 KTOP 012133
CLIEMP


CLIMATE REPORT
NATIONAL WEATHER SERVICE TOPEKA KS
433 PM CDT WED JUL 1 2015


...................................

...THE EMPORIA KS CLIMATE SUMMARY FOR JULY 1 2015...
VALID TODAY AS OF 0400 PM LOCAL TIME.

CLIMATE NORMAL PERIOD 1981 TO 2010
CLIMATE RECORD PERIOD 9999 TO 9999


WEATHER ITEM   OBSERVED NORMAL DEPARTURE LAST
                VALUE   VALUE  FROM      YEAR
                               NORMAL
...............................................
TEMPERATURE (F)
 TODAY
  MAXIMUM         89     88      1       83
  MINIMUM         76     67      9       64
  AVERAGE         83     77      6       74

PRECIPITATION (IN)
  TODAY            T      0.16  -0.16     0.23
  MONTH TO DATE    T      0.16  -0.16     0.23
  SINCE JUN 1      2.52   6.00  -3.48     7.12
  SINCE JAN 1     17.56  18.68  -1.12    12.73

DEGREE DAYS
 HEATING
  TODAY            0      0      0        0
  MONTH TO DATE    0      0      0        0
  SINCE JUN 1      3      8     -5        4
  SINCE JUL 1      0      0      0        0

 COOLING
  TODAY           18     12      6        9
  MONTH TO DATE   18     12      6        9
  SINCE JUN 1    374    275     99      281
  SINCE JAN 1    442    394     48      457
...............................................


WIND (MPH)
  HIGHEST WIND SPEED    21   HIGHEST WIND DIRECTION     S (180)
  HIGHEST GUST SPEED    29   HIGHEST GUST DIRECTION     S (180)
  AVERAGE WIND SPEED     9.2



WEATHER CONDITIONS
 THE FOLLOWING WEATHER WAS RECORDED TODAY.
  LIGHT RAIN


RELATIVE HUMIDITY (PERCENT)
 HIGHEST    74
 LOWEST     57
 AVERAGE    66

..........................................................


THE EMPORIA KS CLIMATE NORMALS FOR TOMORROW
                         NORMAL
 MAXIMUM TEMPERATURE (F)   88
 MINIMUM TEMPERATURE (F)   67


SUNRISE AND SUNSET
JULY  1 2015..........SUNRISE   605 AM CDT   SUNSET   852 PM CDT
JULY  2 2015..........SUNRISE   605 AM CDT   SUNSET   852 PM CDT


-  INDICATES NEGATIVE NUMBERS.
R  INDICATES RECORD WAS SET OR TIED.
MM INDICATES DATA IS MISSING.
T  INDICATES TRACE AMOUNT.




$$
