000
CDUS43 KTOP 290632
CLIEMP


CLIMATE REPORT
NATIONAL WEATHER SERVICE TOPEKA KS
132 AM CDT WED MAR 29 2017


...................................

...THE EMPORIA KS CLIMATE SUMMARY FOR MARCH 28 2017...

CLIMATE NORMAL PERIOD 1981 TO 2010
CLIMATE RECORD PERIOD 9999 TO 9999


WEATHER ITEM   OBSERVED NORMAL DEPARTURE LAST
                VALUE   VALUE  FROM      YEAR
                               NORMAL
...............................................
TEMPERATURE (F)
 YESTERDAY
  MAXIMUM         55     62     -7       66
  MINIMUM         49     37     12       31
  AVERAGE         52     50      2       49

PRECIPITATION (IN)
  YESTERDAY        0.85   0.08   0.77     0.00
  MONTH TO DATE    2.59   2.29   0.30     1.53
  SINCE MAR 1      2.59   2.29   0.30     1.53
  SINCE JAN 1      4.33   4.15   0.18     2.70

DEGREE DAYS
 HEATING
  YESTERDAY       13     15     -2       16
  MONTH TO DATE  433    564   -131      417
  SINCE MAR 1    433    564   -131      417
  SINCE JUL 1   3524   4386   -862     3530

 COOLING
  YESTERDAY        0      0      0        0
  MONTH TO DATE   12      0     12        1
  SINCE MAR 1     12      0     12        1
  SINCE JAN 1     12      0     12        1
...............................................


WIND (MPH)
  HIGHEST WIND SPEED    30   HIGHEST WIND DIRECTION    NE (40)
  HIGHEST GUST SPEED    37   HIGHEST GUST DIRECTION    NE (40)
  AVERAGE WIND SPEED    11.5


SKY COVER
  AVERAGE SKY COVER 1.0


WEATHER CONDITIONS
 THE FOLLOWING WEATHER WAS RECORDED YESTERDAY.
  THUNDERSTORM
  HEAVY RAIN
  RAIN
  LIGHT RAIN
  FOG


RELATIVE HUMIDITY (PERCENT)
 HIGHEST   100
 LOWEST     83
 AVERAGE    92

..........................................................


THE EMPORIA KS CLIMATE NORMALS FOR TODAY
                         NORMAL
 MAXIMUM TEMPERATURE (F)   63
 MINIMUM TEMPERATURE (F)   38


SUNRISE AND SUNSET
MARCH 29 2017.........SUNRISE   714 AM CDT   SUNSET   746 PM CDT
MARCH 30 2017.........SUNRISE   712 AM CDT   SUNSET   746 PM CDT


-  INDICATES NEGATIVE NUMBERS.
R  INDICATES RECORD WAS SET OR TIED.
MM INDICATES DATA IS MISSING.
T  INDICATES TRACE AMOUNT.




$$
