000
CDUS43 KTOP 250632
CLIEMP


CLIMATE REPORT
NATIONAL WEATHER SERVICE TOPEKA KS
131 AM CDT THU MAY 25 2017


...................................

...THE EMPORIA KS CLIMATE SUMMARY FOR MAY 24 2017...

CLIMATE NORMAL PERIOD 1981 TO 2010
CLIMATE RECORD PERIOD 9999 TO 9999


WEATHER ITEM   OBSERVED NORMAL DEPARTURE LAST
                VALUE   VALUE  FROM      YEAR
                               NORMAL
...............................................
TEMPERATURE (F)
 YESTERDAY
  MAXIMUM         68     78    -10       81
  MINIMUM         47     57    -10       60
  AVERAGE         58     68    -10       71

PRECIPITATION (IN)
  YESTERDAY        0.00   0.16  -0.16     0.48
  MONTH TO DATE    2.77   3.66  -0.89     3.19
  SINCE MAR 1     13.24   9.57   3.67    11.34
  SINCE JAN 1     14.98  11.43   3.55    12.51

DEGREE DAYS
 HEATING
  YESTERDAY        7      2      5        0
  MONTH TO DATE   91     75     16      124
  SINCE MAR 1    822    982   -160      789
  SINCE JUL 1   3913   4804   -891     3902

 COOLING
  YESTERDAY        0      4     -4        6
  MONTH TO DATE   60     61     -1       23
  SINCE MAR 1    102     84     18       43
  SINCE JAN 1    102     84     18       43
...............................................


WIND (MPH)
  HIGHEST WIND SPEED    17   HIGHEST WIND DIRECTION    NW (330)
  HIGHEST GUST SPEED    22   HIGHEST GUST DIRECTION    NW (320)
  AVERAGE WIND SPEED     8.2


SKY COVER
  AVERAGE SKY COVER 0.4


WEATHER CONDITIONS
 THE FOLLOWING WEATHER WAS RECORDED YESTERDAY.
  NO SIGNIFICANT WEATHER WAS OBSERVED.


RELATIVE HUMIDITY (PERCENT)
 HIGHEST    93
 LOWEST     45
 AVERAGE    69

..........................................................


THE EMPORIA KS CLIMATE NORMALS FOR TODAY
                         NORMAL
 MAXIMUM TEMPERATURE (F)   78
 MINIMUM TEMPERATURE (F)   58


SUNRISE AND SUNSET
MAY 25 2017...........SUNRISE   606 AM CDT   SUNSET   838 PM CDT
MAY 26 2017...........SUNRISE   606 AM CDT   SUNSET   839 PM CDT


-  INDICATES NEGATIVE NUMBERS.
R  INDICATES RECORD WAS SET OR TIED.
MM INDICATES DATA IS MISSING.
T  INDICATES TRACE AMOUNT.




$$
