000
CDUS43 KTOP 180631
CLIEMP


CLIMATE REPORT
NATIONAL WEATHER SERVICE TOPEKA KS
131 AM CDT FRI APR 18 2014


...................................

...THE EMPORIA KS CLIMATE SUMMARY FOR APRIL 17 2014...

CLIMATE NORMAL PERIOD 1981 TO 2010
CLIMATE RECORD PERIOD 9999 TO 9999


WEATHER ITEM   OBSERVED NORMAL DEPARTURE LAST
                VALUE   VALUE  FROM      YEAR
                               NORMAL
...............................................
TEMPERATURE (F)
 YESTERDAY
  MAXIMUM         48     68    -20       48
  MINIMUM         35     44     -9       43
  AVERAGE         42     56    -14       46

PRECIPITATION (IN)
  YESTERDAY        T      0.13  -0.13     0.57
  MONTH TO DATE    0.51   1.53  -1.02     1.89
  SINCE MAR 1      0.92   4.06  -3.14     3.57
  SINCE JAN 1      1.41   5.92  -4.51     6.35

DEGREE DAYS
 HEATING
  YESTERDAY       23      9     14       19
  MONTH TO DATE  236    202     34      269
  SINCE MAR 1    975    812    163     1055
  SINCE JUL 1   5300   4634    666     4651

 COOLING
  YESTERDAY        0      1     -1        0
  MONTH TO DATE    5     11     -6        0
  SINCE MAR 1      5     13     -8        0
  SINCE JAN 1      5     13     -8        0
...............................................


WIND (MPH)
  HIGHEST WIND SPEED    16   HIGHEST WIND DIRECTION     N (10)
  HIGHEST GUST SPEED    22   HIGHEST GUST DIRECTION     N (10)
  AVERAGE WIND SPEED     7.8


SKY COVER
  AVERAGE SKY COVER 0.6


WEATHER CONDITIONS
 THE FOLLOWING WEATHER WAS RECORDED YESTERDAY.
  LIGHT RAIN
  FOG
  HAZE


RELATIVE HUMIDITY (PERCENT)
 HIGHEST    76
 LOWEST     58
 AVERAGE    67

..........................................................


THE EMPORIA KS CLIMATE NORMALS FOR TODAY
                         NORMAL
 MAXIMUM TEMPERATURE (F)   69
 MINIMUM TEMPERATURE (F)   45


SUNRISE AND SUNSET
APRIL 18 2014.........SUNRISE   645 AM CDT   SUNSET   804 PM CDT
APRIL 19 2014.........SUNRISE   643 AM CDT   SUNSET   805 PM CDT


-  INDICATES NEGATIVE NUMBERS.
R  INDICATES RECORD WAS SET OR TIED.
MM INDICATES DATA IS MISSING.
T  INDICATES TRACE AMOUNT.




$$
