000
CDUS43 KTOP 180633
CLIEMP


CLIMATE REPORT
NATIONAL WEATHER SERVICE TOPEKA KS
1233 AM CST SAT NOV 18 2017


...................................

...THE EMPORIA KS CLIMATE SUMMARY FOR NOVEMBER 17 2017...

CLIMATE NORMAL PERIOD 1981 TO 2010
CLIMATE RECORD PERIOD 9999 TO 9999


WEATHER ITEM   OBSERVED NORMAL DEPARTURE LAST
                VALUE   VALUE  FROM      YEAR
                               NORMAL
...............................................
TEMPERATURE (F)
 YESTERDAY
  MAXIMUM         76     55     21       78
  MINIMUM         54     33     21       60
  AVERAGE         65     44     21       69

PRECIPITATION (IN)
  YESTERDAY        0.00   0.07  -0.07     0.00
  MONTH TO DATE    0.04   1.47  -1.43     0.14
  SINCE SEP 1      6.38   7.74  -1.36     9.20
  SINCE JAN 1     32.83  34.35  -1.52    37.79

DEGREE DAYS
 HEATING
  YESTERDAY        0     21    -21        0
  MONTH TO DATE  341    296     45      145
  SINCE SEP 1    603    622    -19      291
  SINCE JUL 1    603    623    -20      291

 COOLING
  YESTERDAY        0      0      0        4
  MONTH TO DATE    0      0      0       13
  SINCE SEP 1    265    194     71      293
  SINCE JAN 1   1355   1402    -47     1629
...............................................


WIND (MPH)
  HIGHEST WIND SPEED    29   HIGHEST WIND DIRECTION     S (190)
  HIGHEST GUST SPEED    37   HIGHEST GUST DIRECTION     S (200)
  AVERAGE WIND SPEED    15.5


SKY COVER
  AVERAGE SKY COVER 0.5


WEATHER CONDITIONS
 THE FOLLOWING WEATHER WAS RECORDED YESTERDAY.
  FOG


RELATIVE HUMIDITY (PERCENT)
 HIGHEST   100
 LOWEST     46
 AVERAGE    73

..........................................................


THE EMPORIA KS CLIMATE NORMALS FOR TODAY
                         NORMAL
 MAXIMUM TEMPERATURE (F)   55
 MINIMUM TEMPERATURE (F)   32


SUNRISE AND SUNSET
NOVEMBER 18 2017......SUNRISE   710 AM CST   SUNSET   510 PM CST
NOVEMBER 19 2017......SUNRISE   711 AM CST   SUNSET   509 PM CST


-  INDICATES NEGATIVE NUMBERS.
R  INDICATES RECORD WAS SET OR TIED.
MM INDICATES DATA IS MISSING.
T  INDICATES TRACE AMOUNT.




$$
