000
CDUS46 KOTX 130857
CLIEPH


CLIMATE REPORT
NATIONAL WEATHER SERVICE SPOKANE, WA
1257 AM PST WED DEC 13 2017


...................................

...THE EPHRATA WA AIRPORT CLIMATE SUMMARY FOR DECEMBER 12 2017...

CLIMATE NORMAL PERIOD 1981 TO 2010
CLIMATE RECORD PERIOD 9999 TO 9999


WEATHER ITEM   OBSERVED TIME   RECORD YEAR NORMAL DEPARTURE LAST
                VALUE   (LST)  VALUE       VALUE  FROM      YEAR
                                                  NORMAL
..................................................................
TEMPERATURE (F)
 YESTERDAY
  MAXIMUM         30    935 PM  55    1999  34     -4       29
  MINIMUM         29   1159 PM  -5    1972  21      8       17
  AVERAGE         30                        27      3       23

PRECIPITATION (IN)
  YESTERDAY        0.00          0.49 1995   0.04  -0.04     0.00
  MONTH TO DATE    0.01                      0.49  -0.48     0.21
  SINCE OCT 1      2.18                      2.08   0.10     3.49
  SINCE JAN 1      8.08                      7.10   0.98     9.85

SNOWFALL (IN)
  YESTERDAY       MM

DEGREE DAYS
 HEATING
  YESTERDAY       35                        38     -3       42
  MONTH TO DATE  396                       433    -37      461
  SINCE DEC 1    396                       433    -37      461
  SINCE JUL 1   1776                      1852    -76     1584

 COOLING
  YESTERDAY        0                         0      0        0
  MONTH TO DATE    0                         0      0        0
  SINCE DEC 1      0                         0      0        0
  SINCE JAN 1   1072                       772    300      751
..................................................................


WIND (MPH)
  HIGHEST WIND SPEED     7   HIGHEST WIND DIRECTION    NW (330)
  HIGHEST GUST SPEED     9   HIGHEST GUST DIRECTION    NW (310)
  AVERAGE WIND SPEED     1.3


SKY COVER
  POSSIBLE SUNSHINE  MM
  AVERAGE SKY COVER 1.0


WEATHER CONDITIONS
 THE FOLLOWING WEATHER WAS RECORDED YESTERDAY.
  NO SIGNIFICANT WEATHER WAS OBSERVED.


RELATIVE HUMIDITY (PERCENT)
 HIGHEST    75          1200 AM
 LOWEST     69           400 AM
 AVERAGE    72

..........................................................


THE EPHRATA WA AIRPORT CLIMATE NORMALS FOR TODAY
                         NORMAL    RECORD    YEAR
 MAXIMUM TEMPERATURE (F)   33        52      2014
 MINIMUM TEMPERATURE (F)   21        -4      1972


SUNRISE AND SUNSET
DECEMBER 13 2017......SUNRISE   737 AM PST   SUNSET   408 PM PST
DECEMBER 14 2017......SUNRISE   738 AM PST   SUNSET   408 PM PST


-  INDICATES NEGATIVE NUMBERS.
R  INDICATES RECORD WAS SET OR TIED.
MM INDICATES DATA IS MISSING.
T  INDICATES TRACE AMOUNT.




$$
