000
CDUS46 KOTX 061717
CLIEPH


CLIMATE REPORT
NATIONAL WEATHER SERVICE SPOKANE, WA
1230 AM PST TUE DEC 6 2016


...................................

...THE EPHRATA WA AIRPORT CLIMATE SUMMARY FOR DECEMBER 5 2016...

CLIMATE NORMAL PERIOD 1981 TO 2010


WEATHER ITEM   OBSERVED TIME   RECORD YEAR NORMAL DEPARTURE LAST
                VALUE   (LST)  VALUE       VALUE  FROM      YEAR
                                                  NORMAL
..................................................................
TEMPERATURE (F)
 YESTERDAY
  MAXIMUM         31    841 PM  52    1953  36     -5       39
  MINIMUM         20    718 AM   5    1984  23     -3       33
  AVERAGE         26                        29     -3       36

PRECIPITATION (IN)
  YESTERDAY        0.11          0.42 1963   0.04   0.07     0.18
  MONTH TO DATE    0.13                      0.21  -0.08     0.50
  SINCE OCT 1      3.41                      1.80   1.61     0.97
  SINCE JAN 1      9.77                      6.82   2.95     5.33

SNOWFALL (IN)
  YESTERDAY       MM

DEGREE DAYS
 HEATING
  YESTERDAY       39                        36      3       29
  MONTH TO DATE  156                       175    -19      162
  SINCE DEC 1    156                       175    -19      162
  SINCE JUL 1   1279                      1594   -315     1318

 COOLING
  YESTERDAY        0                         0      0        0
  MONTH TO DATE    0                         0      0        0
  SINCE DEC 1      0                         0      0        0
  SINCE JAN 1    751                       772    -21     1277
..................................................................


WIND (MPH)
  HIGHEST WIND SPEED    15   HIGHEST WIND DIRECTION     W (260)
  HIGHEST GUST SPEED    16   HIGHEST GUST DIRECTION     W (260)
  AVERAGE WIND SPEED     7.1


SKY COVER
  POSSIBLE SUNSHINE  MM
  AVERAGE SKY COVER 0.6


WEATHER CONDITIONS
 THE FOLLOWING WEATHER WAS RECORDED YESTERDAY.
  LIGHT SNOW
  FOG
  HAZE


RELATIVE HUMIDITY (PERCENT)
 HIGHEST    85           600 PM
 LOWEST     47          1200 AM
 AVERAGE    66

..........................................................


THE EPHRATA WA AIRPORT CLIMATE NORMALS FOR TODAY
                         NORMAL    RECORD    YEAR
 MAXIMUM TEMPERATURE (F)   35        54      1999
 MINIMUM TEMPERATURE (F)   23         3      1956


SUNRISE AND SUNSET
DECEMBER  6 2016......SUNRISE   731 AM PST   SUNSET   408 PM PST
DECEMBER  7 2016......SUNRISE   732 AM PST   SUNSET   408 PM PST


-  INDICATES NEGATIVE NUMBERS.
R  INDICATES RECORD WAS SET OR TIED.
MM INDICATES DATA IS MISSING.
T  INDICATES TRACE AMOUNT.




$$
