000
CDUS46 KOTX 230825
CLIEPH


CLIMATE REPORT
NATIONAL WEATHER SERVICE SPOKANE, WA
125 AM PDT SUN APR 23 2017


...................................

...THE EPHRATA WA AIRPORT CLIMATE SUMMARY FOR APRIL 22 2017...

CLIMATE NORMAL PERIOD 1981 TO 2010
CLIMATE RECORD PERIOD 9999 TO 9999


WEATHER ITEM   OBSERVED TIME   RECORD YEAR NORMAL DEPARTURE LAST
                VALUE   (LST)  VALUE       VALUE  FROM      YEAR
                                                  NORMAL
..................................................................
TEMPERATURE (F)
 YESTERDAY
  MAXIMUM         66    344 PM  83    2012  65      1       78
  MINIMUM         44    530 AM  28    2008  39      5       53
                                      1985
  AVERAGE         55                        52      3       66

PRECIPITATION (IN)
  YESTERDAY        0.00          0.32 2014   0.01  -0.01     0.00
  MONTH TO DATE    1.35                      0.37   0.98     0.25
  SINCE OCT 1      8.34                      5.53   2.81     6.59
  SINCE JAN 1      4.74                      2.70   2.04     3.87

SNOWFALL (IN)
  YESTERDAY       MM

DEGREE DAYS
 HEATING
  YESTERDAY       10                        13     -3        0
  MONTH TO DATE  350                       343      7      155
  SINCE MAR 1   1032                      1027      5      756
  SINCE JUL 1   5810                      5600    210     4709

 COOLING
  YESTERDAY        0                         0      0        1
  MONTH TO DATE    0                         0      0        5
  SINCE MAR 1      0                         0      0        5
  SINCE JAN 1      0                         0      0        5
..................................................................


WIND (MPH)
  HIGHEST WIND SPEED    23   HIGHEST WIND DIRECTION    SW (230)
  HIGHEST GUST SPEED    28   HIGHEST GUST DIRECTION    SW (240)
  AVERAGE WIND SPEED     9.8


SKY COVER
  POSSIBLE SUNSHINE  MM
  AVERAGE SKY COVER 0.1


WEATHER CONDITIONS
 THE FOLLOWING WEATHER WAS RECORDED YESTERDAY.
  NO SIGNIFICANT WEATHER WAS OBSERVED.


RELATIVE HUMIDITY (PERCENT)
 HIGHEST    65          1200 AM
 LOWEST     31           500 PM
 AVERAGE    48

..........................................................


THE EPHRATA WA AIRPORT CLIMATE NORMALS FOR TODAY
                         NORMAL    RECORD    YEAR
 MAXIMUM TEMPERATURE (F)   65        87      2012
                                             1977
 MINIMUM TEMPERATURE (F)   39        30      2013
                                             2011
                                             2000


SUNRISE AND SUNSET
APRIL 23 2017.........SUNRISE   555 AM PDT   SUNSET   759 PM PDT
APRIL 24 2017.........SUNRISE   553 AM PDT   SUNSET   800 PM PDT


-  INDICATES NEGATIVE NUMBERS.
R  INDICATES RECORD WAS SET OR TIED.
MM INDICATES DATA IS MISSING.
T  INDICATES TRACE AMOUNT.




$$
