000
CDUS46 KOTX 090835
CLIEPH


CLIMATE REPORT
NATIONAL WEATHER SERVICE SPOKANE, WA
1234 AM PST TUE FEB 9 2016


...................................

...THE EPHRATA WA AIRPORT CLIMATE SUMMARY FOR FEBRUARY 8 2016...

CLIMATE NORMAL PERIOD 1981 TO 2010
CLIMATE RECORD PERIOD 9999 TO 9999


WEATHER ITEM   OBSERVED TIME   RECORD YEAR NORMAL DEPARTURE LAST
                VALUE   (LST)  VALUE       VALUE  FROM      YEAR
                                                  NORMAL
..................................................................
TEMPERATURE (F)
 YESTERDAY
  MAXIMUM         48    207 PM  56    1995  40      8       52
  MINIMUM         32    720 AM   4    1994  25      7       33
  AVERAGE         40                        32      8       43

PRECIPITATION (IN)
  YESTERDAY        0.00          0.16 1960   0.02  -0.02     0.01
  MONTH TO DATE    0.09                      0.20  -0.11     0.58
  SINCE OCT 1      4.45                      3.94   0.51     4.08
  SINCE JAN 1      1.73                      1.11   0.62     1.29

SNOWFALL (IN)
  YESTERDAY       MM

DEGREE DAYS
 HEATING
  YESTERDAY       25                        32     -7       22
  MONTH TO DATE  254                       264    -10      187
  SINCE DEC 1   2324                      2553   -229     2107
  SINCE JUL 1   3480                      3972   -492     3254

 COOLING
  YESTERDAY        0                         0      0        0
  MONTH TO DATE    0                         0      0        0
  SINCE DEC 1      0                         0      0        0
  SINCE JAN 1      0                         0      0        0
..................................................................


WIND (MPH)
  HIGHEST WIND SPEED    14   HIGHEST WIND DIRECTION    NW (320)
  HIGHEST GUST SPEED    16   HIGHEST GUST DIRECTION    NW (310)
  AVERAGE WIND SPEED     8.9


SKY COVER
  POSSIBLE SUNSHINE  MM
  AVERAGE SKY COVER 0.0


WEATHER CONDITIONS
 THE FOLLOWING WEATHER WAS RECORDED YESTERDAY.
  HAZE


RELATIVE HUMIDITY (PERCENT)
 HIGHEST    89          1200 AM
 LOWEST     58          1100 AM
 AVERAGE    74

..........................................................


THE EPHRATA WA AIRPORT CLIMATE NORMALS FOR TODAY
                         NORMAL    RECORD    YEAR
 MAXIMUM TEMPERATURE (F)   41        55      1967
 MINIMUM TEMPERATURE (F)   25        -3      1985


SUNRISE AND SUNSET
FEBRUARY  9 2016......SUNRISE   713 AM PST   SUNSET   512 PM PST
FEBRUARY 10 2016......SUNRISE   712 AM PST   SUNSET   514 PM PST


-  INDICATES NEGATIVE NUMBERS.
R  INDICATES RECORD WAS SET OR TIED.
MM INDICATES DATA IS MISSING.
T  INDICATES TRACE AMOUNT.




$$
