990
CDUS46 KOTX 261245
CLIEPH


CLIMATE REPORT
NATIONAL WEATHER SERVICE SPOKANE, WA
545 AM PDT FRI AUG 26 2016


...................................

...THE EPHRATA WA AIRPORT CLIMATE SUMMARY FOR AUGUST 25 2016...

CLIMATE NORMAL PERIOD 1981 TO 2010
CLIMATE RECORD PERIOD 9999 TO 9999


WEATHER ITEM   OBSERVED TIME   RECORD YEAR NORMAL DEPARTURE LAST
                VALUE   (LST)  VALUE       VALUE  FROM      YEAR
                                                  NORMAL
..................................................................
TEMPERATURE (F)
 YESTERDAY
  MAXIMUM         90    314 PM 102    1996  85      5       89
  MINIMUM         60    355 AM  45    1960  57      3       52
  AVERAGE         75                        71      4       71

PRECIPITATION (IN)
  YESTERDAY        0.00          0.30 1976   0.00   0.00     0.00
  MONTH TO DATE    T                         0.16  -0.16      T
  SINCE OCT 1      9.01                      7.46   1.55     6.90
  SINCE JAN 1      6.29                      4.63   1.66     4.11

SNOWFALL (IN)
  YESTERDAY       MM

DEGREE DAYS
 HEATING
  YESTERDAY        0                         0      0        0
  MONTH TO DATE    2                         0      2        0
  SINCE JUN 1     72                        68      4        4
  SINCE JUL 1      2                         8     -6        0

 COOLING
  YESTERDAY       10                         6      4        6
  MONTH TO DATE  229                       221      8      290
  SINCE JUN 1    656                       624     32     1115
  SINCE JAN 1    688                       661     27     1200
..................................................................


WIND (MPH)
  HIGHEST WIND SPEED    14   HIGHEST WIND DIRECTION     W (250)
  HIGHEST GUST SPEED    17   HIGHEST GUST DIRECTION    SW (240)
  AVERAGE WIND SPEED     5.6


SKY COVER
  POSSIBLE SUNSHINE  MM
  AVERAGE SKY COVER 0.0


WEATHER CONDITIONS
 THE FOLLOWING WEATHER WAS RECORDED YESTERDAY.
  NO SIGNIFICANT WEATHER WAS OBSERVED.


RELATIVE HUMIDITY (PERCENT)
 HIGHEST    46           400 AM
 LOWEST     16           200 PM
 AVERAGE    31

..........................................................


THE EPHRATA WA AIRPORT CLIMATE NORMALS FOR TODAY
                         NORMAL    RECORD    YEAR
 MAXIMUM TEMPERATURE (F)   85        97      1972
 MINIMUM TEMPERATURE (F)   56        46      1991


SUNRISE AND SUNSET
AUGUST 26 2016........SUNRISE   610 AM PDT   SUNSET   749 PM PDT
AUGUST 27 2016........SUNRISE   611 AM PDT   SUNSET   747 PM PDT


-  INDICATES NEGATIVE NUMBERS.
R  INDICATES RECORD WAS SET OR TIED.
MM INDICATES DATA IS MISSING.
T  INDICATES TRACE AMOUNT.




$$
