000
CDUS46 KOTX 260831
CLIEPH


CLIMATE REPORT
NATIONAL WEATHER SERVICE SPOKANE, WA
128 AM PDT TUE MAY 26 2015


...................................

...THE EPHRATA WA AIRPORT CLIMATE SUMMARY FOR MAY 25 2015...

CLIMATE NORMAL PERIOD 1981 TO 2010
CLIMATE RECORD PERIOD 9999 TO 9999


WEATHER ITEM   OBSERVED TIME   RECORD YEAR NORMAL DEPARTURE LAST
                VALUE   (LST)  VALUE       VALUE  FROM      YEAR
                                                  NORMAL
..................................................................
TEMPERATURE (F)
 YESTERDAY
  MAXIMUM         79    157 PM  96    1958  75      4       74
  MINIMUM         57    516 AM  35    1984  49      8       53
  AVERAGE         68                        62      6       64

PRECIPITATION (IN)
  YESTERDAY        0.01          0.44 1981   0.03  -0.02     0.01
  MONTH TO DATE    0.92                      0.49   0.43     0.09
  SINCE OCT 1      6.59                      6.13   0.46     3.55
  SINCE JAN 1      3.80                      3.30   0.50     2.80

SNOWFALL (IN)
  YESTERDAY       MM

DEGREE DAYS
 HEATING
  YESTERDAY        0                         5     -5        1
  MONTH TO DATE   74                       188   -114       94
  SINCE MAR 1    983                      1312   -329     1135
  SINCE JUL 1   4677                      5885  -1208     5717

 COOLING
  YESTERDAY        3                         2      1        0
  MONTH TO DATE   45                        24     21       37
  SINCE MAR 1     45                        26     19       37
  SINCE JAN 1     45                        26     19       37
..................................................................


WIND (MPH)
  HIGHEST WIND SPEED    22   HIGHEST WIND DIRECTION    NW (300)
  HIGHEST GUST SPEED    30   HIGHEST GUST DIRECTION    NW (300)
  AVERAGE WIND SPEED    10.0


SKY COVER
  POSSIBLE SUNSHINE  MM
  AVERAGE SKY COVER 0.5


WEATHER CONDITIONS
 THE FOLLOWING WEATHER WAS RECORDED YESTERDAY.
  THUNDERSTORM
  LIGHT RAIN


RELATIVE HUMIDITY (PERCENT)
 HIGHEST    72          1000 PM
 LOWEST     25           200 PM
 AVERAGE    49

..........................................................


THE EPHRATA WA AIRPORT CLIMATE NORMALS FOR TODAY
                         NORMAL    RECORD    YEAR
 MAXIMUM TEMPERATURE (F)   75        98      1958
 MINIMUM TEMPERATURE (F)   49        38      1978


SUNRISE AND SUNSET
MAY 26 2015...........SUNRISE   510 AM PDT   SUNSET   841 PM PDT
MAY 27 2015...........SUNRISE   509 AM PDT   SUNSET   842 PM PDT


-  INDICATES NEGATIVE NUMBERS.
R  INDICATES RECORD WAS SET OR TIED.
MM INDICATES DATA IS MISSING.
T  INDICATES TRACE AMOUNT.




$$
