000
CDUS46 KOTX 280825
CLIEPH


CLIMATE REPORT
NATIONAL WEATHER SERVICE SPOKANE, WA
130 AM PDT SAT MAR 28 2015


...................................

...THE EPHRATA WA AIRPORT CLIMATE SUMMARY FOR MARCH 27 2015...

CLIMATE NORMAL PERIOD 1981 TO 2010
CLIMATE RECORD PERIOD 9999 TO 9999


WEATHER ITEM   OBSERVED TIME   RECORD YEAR NORMAL DEPARTURE LAST
                VALUE   (LST)  VALUE       VALUE  FROM      YEAR
                                                  NORMAL
..................................................................
TEMPERATURE (F)
 YESTERDAY
  MAXIMUM         71    304 PM  72    1994  58     13       61
  MINIMUM         43    532 AM  20    1965  35      8       33
  AVERAGE         57                        46     11       47

PRECIPITATION (IN)
  YESTERDAY        T             0.31 1963   0.02  -0.02     0.03
  MONTH TO DATE    1.01                      0.60   0.41     0.56
  SINCE OCT 1      5.10                      5.08   0.02     2.28
  SINCE JAN 1      2.31                      2.25   0.06     1.53

DEGREE DAYS
 HEATING
  YESTERDAY        8                        19    -11       18
  MONTH TO DATE  453                       611   -158      575
  SINCE MAR 1    453                       611   -158      575
  SINCE JUL 1   4147                      5184  -1037     5157

 COOLING
  YESTERDAY        0                         0      0        0
  MONTH TO DATE    0                         0      0        0
  SINCE MAR 1      0                         0      0        0
  SINCE JAN 1      0                         0      0        0
..................................................................


WIND (MPH)
  HIGHEST WIND SPEED    14   HIGHEST WIND DIRECTION    SW (210)
  HIGHEST GUST SPEED    17   HIGHEST GUST DIRECTION     W (250)
  AVERAGE WIND SPEED     5.8


SKY COVER
  POSSIBLE SUNSHINE  MM
  AVERAGE SKY COVER 0.1


WEATHER CONDITIONS
 THE FOLLOWING WEATHER WAS RECORDED YESTERDAY.
  LIGHT RAIN


RELATIVE HUMIDITY (PERCENT)
 HIGHEST    93           200 AM
 LOWEST     53           200 PM
 AVERAGE    73

..........................................................


THE EPHRATA WA AIRPORT CLIMATE NORMALS FOR TODAY
                         NORMAL    RECORD    YEAR
 MAXIMUM TEMPERATURE (F)   58        74      1994
 MINIMUM TEMPERATURE (F)   35        21      1954


SUNRISE AND SUNSET
MARCH 28 2015.........SUNRISE   645 AM PDT   SUNSET   722 PM PDT
MARCH 29 2015.........SUNRISE   643 AM PDT   SUNSET   723 PM PDT


-  INDICATES NEGATIVE NUMBERS.
R  INDICATES RECORD WAS SET OR TIED.
MM INDICATES DATA IS MISSING.
T  INDICATES TRACE AMOUNT.




$$
