000
CDUS46 KOTX 280825
CLIEPH


CLIMATE REPORT
NATIONAL WEATHER SERVICE SPOKANE, WA
125 AM PDT WED JUN 28 2017


...................................

...THE EPHRATA WA AIRPORT CLIMATE SUMMARY FOR JUNE 27 2017...

CLIMATE NORMAL PERIOD 1981 TO 2010
CLIMATE RECORD PERIOD 9999 TO 9999


WEATHER ITEM   OBSERVED TIME   RECORD YEAR NORMAL DEPARTURE LAST
                VALUE   (LST)  VALUE       VALUE  FROM      YEAR
                                                  NORMAL
..................................................................
TEMPERATURE (F)
 YESTERDAY
  MAXIMUM         88    304 PM 107    2015  83      5       94
  MINIMUM         63    458 AM  44    2012  56      7       66
  AVERAGE         76                        69      7       80

PRECIPITATION (IN)
  YESTERDAY        0.00          0.43 2005   0.01  -0.01     0.00
  MONTH TO DATE    0.24                      0.57  -0.33     1.27
  SINCE OCT 1      9.35                      6.86   2.49     8.69
  SINCE JAN 1      5.75                      4.03   1.72     5.97

SNOWFALL (IN)
  YESTERDAY       MM

DEGREE DAYS
 HEATING
  YESTERDAY        0                         1     -1        0
  MONTH TO DATE   43                        56    -13       70
  SINCE JUN 1     43                        56    -13       70
  SINCE JUL 1   6141                      5965    176     4932

 COOLING
  YESTERDAY       11                         6      5       15
  MONTH TO DATE  130                        92     38      126
  SINCE JUN 1    130                        92     38      126
  SINCE JAN 1    188                       129     59      158
..................................................................


WIND (MPH)
  HIGHEST WIND SPEED    24   HIGHEST WIND DIRECTION    NW (300)
  HIGHEST GUST SPEED    29   HIGHEST GUST DIRECTION    NW (310)
  AVERAGE WIND SPEED    10.4


SKY COVER
  POSSIBLE SUNSHINE  MM
  AVERAGE SKY COVER 0.0


WEATHER CONDITIONS
 THE FOLLOWING WEATHER WAS RECORDED YESTERDAY.
  NO SIGNIFICANT WEATHER WAS OBSERVED.


RELATIVE HUMIDITY (PERCENT)
 HIGHEST    33          1200 AM
 LOWEST     11          1200 PM
 AVERAGE    22

..........................................................


THE EPHRATA WA AIRPORT CLIMATE NORMALS FOR TODAY
                         NORMAL    RECORD    YEAR
 MAXIMUM TEMPERATURE (F)   83       110      2015
 MINIMUM TEMPERATURE (F)   56        33      1976


SUNRISE AND SUNSET
JUNE 28 2017..........SUNRISE   504 AM PDT   SUNSET   858 PM PDT
JUNE 29 2017..........SUNRISE   505 AM PDT   SUNSET   858 PM PDT


-  INDICATES NEGATIVE NUMBERS.
R  INDICATES RECORD WAS SET OR TIED.
MM INDICATES DATA IS MISSING.
T  INDICATES TRACE AMOUNT.




$$
