000
CDUS46 KOTX 240831
CLIEPH


CLIMATE REPORT
NATIONAL WEATHER SERVICE SPOKANE, WA
130 AM PDT THU JUL 24 2014


...................................

...THE EPHRATA WA AIRPORT CLIMATE SUMMARY FOR JULY 23 2014...

CLIMATE NORMAL PERIOD 1981 TO 2010
CLIMATE RECORD PERIOD 9999 TO 9999


WEATHER ITEM   OBSERVED TIME   RECORD YEAR NORMAL DEPARTURE LAST
                VALUE   (LST)  VALUE       VALUE  FROM      YEAR
                                                  NORMAL
..................................................................
TEMPERATURE (F)
 YESTERDAY
  MAXIMUM         83    112 PM 107    2006  90     -7       97
  MINIMUM         53   1158 PM  51    1963  62     -9       72
  AVERAGE         68                        76     -8       85

PRECIPITATION (IN)
  YESTERDAY        T             1.56 1992   0.01  -0.01     0.00
  MONTH TO DATE    T                         0.30  -0.30      T
  SINCE OCT 1      3.81                      7.20  -3.39     7.41
  SINCE JAN 1      3.06                      4.37  -1.31     3.61

SNOWFALL (IN)
  YESTERDAY       MM            MM      MM   0.0   MM       MM
  MONTH TO DATE   MM                         0.0   MM       MM
  SINCE JUN 1     MM                         0.0   MM       MM
  SINCE JUL 1     MM                         0.0   MM       MM
  SNOW DEPTH      MM

DEGREE DAYS
 HEATING
  YESTERDAY        0                         0      0        0
  MONTH TO DATE    0                         4     -4        0
  SINCE JUN 1     23                        64    -41       58
  SINCE JUL 1      0                         4     -4        0

 COOLING
  YESTERDAY        3                        11     -8       20
  MONTH TO DATE  361                       206    155      329
  SINCE JUN 1    507                       316    191      441
  SINCE JAN 1    551                       353    198      498
..................................................................


WIND (MPH)
  HIGHEST WIND SPEED    38   HIGHEST WIND DIRECTION    SW (240)
  HIGHEST GUST SPEED    48   HIGHEST GUST DIRECTION    SW (240)
  AVERAGE WIND SPEED    10.9


SKY COVER
  POSSIBLE SUNSHINE  MM
  AVERAGE SKY COVER 0.2


WEATHER CONDITIONS
 THE FOLLOWING WEATHER WAS RECORDED YESTERDAY.
  THUNDERSTORM
  LIGHT RAIN
  HAZE


RELATIVE HUMIDITY (PERCENT)
 HIGHEST    68           400 PM
 LOWEST     42           100 PM
 AVERAGE    55

..........................................................


THE EPHRATA WA AIRPORT CLIMATE NORMALS FOR TODAY
                         NORMAL    RECORD    YEAR
 MAXIMUM TEMPERATURE (F)   90       105      1994
 MINIMUM TEMPERATURE (F)   62        54      1973


SUNRISE AND SUNSET
JULY 24 2014..........SUNRISE   527 AM PDT   SUNSET   842 PM PDT
JULY 25 2014..........SUNRISE   528 AM PDT   SUNSET   840 PM PDT


-  INDICATES NEGATIVE NUMBERS.
R  INDICATES RECORD WAS SET OR TIED.
MM INDICATES DATA IS MISSING.
T  INDICATES TRACE AMOUNT.




$$
