000
CDUS41 KCLE 260530
CLIERI


CLIMATE REPORT
NATIONAL WEATHER SERVICE CLEVELAND OH
1229 AM EST FRI DEC 26 2014


...................................

...THE ERIE PA CLIMATE SUMMARY FOR DECEMBER 25 2014...

CLIMATE NORMAL PERIOD 1981 TO 2010
CLIMATE RECORD PERIOD 1873 TO 2014


WEATHER ITEM   OBSERVED TIME   RECORD YEAR NORMAL DEPARTURE LAST
                VALUE   (LST)  VALUE       VALUE  FROM      YEAR
                                                  NORMAL
..................................................................
TEMPERATURE (F)
 YESTERDAY
  MAXIMUM         43    216 AM  66    1964  36      7       27
  MINIMUM         38   1122 PM  -3    1983  24     14       16
  AVERAGE         41                        30     11       22

PRECIPITATION (IN)
  YESTERDAY        T                         0.12  -0.12     0.03
  MONTH TO DATE    2.00                      3.06  -1.06     5.34
  SINCE DEC 1      2.00                      3.06  -1.06     5.34
  SINCE JAN 1     40.23                     41.48  -1.25    53.84

SNOWFALL (IN)
  YESTERDAY        0.0                       1.0   -1.0      0.5
  MONTH TO DATE    3.8                      21.1  -17.3     38.4
  SINCE DEC 1      3.8                      21.1  -17.3     38.4
  SINCE JUL 1     28.8                      29.8   -1.0     54.0
  SNOW DEPTH       0

DEGREE DAYS
 HEATING
  YESTERDAY       24                        35    -11       43
  MONTH TO DATE  715                       796    -81      837
  SINCE DEC 1    715                       796    -81      837
  SINCE JUL 1   1929                      1952    -23     2036

 COOLING
  YESTERDAY        0                         0      0        0
  MONTH TO DATE    0                         0      0        0
  SINCE DEC 1      0                         0      0        0
  SINCE JAN 1    603                       638    -35      706
..................................................................


WIND (MPH)
  HIGHEST WIND SPEED    26   HIGHEST WIND DIRECTION    SW (240)
  HIGHEST GUST SPEED    40   HIGHEST GUST DIRECTION     W (260)
  AVERAGE WIND SPEED    15.7


SKY COVER
  POSSIBLE SUNSHINE  MM
  AVERAGE SKY COVER 1.0


WEATHER CONDITIONS
 THE FOLLOWING WEATHER WAS RECORDED YESTERDAY.
  LIGHT RAIN


RELATIVE HUMIDITY (PERCENT)
 HIGHEST    79           100 PM
 LOWEST     62           300 AM
 AVERAGE    71

..........................................................


THE ERIE PA CLIMATE NORMALS FOR TODAY
                         NORMAL    RECORD    YEAR
 MAXIMUM TEMPERATURE (F)   35        63      1889
 MINIMUM TEMPERATURE (F)   24        -6      1983


SUNRISE AND SUNSET
DECEMBER 26 2014......SUNRISE   748 AM EST   SUNSET   455 PM EST
DECEMBER 27 2014......SUNRISE   748 AM EST   SUNSET   456 PM EST


-  INDICATES NEGATIVE NUMBERS.
R  INDICATES RECORD WAS SET OR TIED.
MM INDICATES DATA IS MISSING.
T  INDICATES TRACE AMOUNT.




$$
