000
CDUS41 KCLE 282112
CLIERI


CLIMATE REPORT
NATIONAL WEATHER SERVICE CLEVELAND OH
511 PM EDT FRI AUG 28 2015


...................................

...THE ERIE PA CLIMATE SUMMARY FOR AUGUST 28 2015...
VALID TODAY AS OF 0500 PM LOCAL TIME.

CLIMATE NORMAL PERIOD 1981 TO 2010
CLIMATE RECORD PERIOD 1873 TO 2015


WEATHER ITEM   OBSERVED TIME   RECORD YEAR NORMAL DEPARTURE LAST
                VALUE   (LST)  VALUE       VALUE  FROM      YEAR
                                                  NORMAL
..................................................................
TEMPERATURE (F)
 TODAY
  MAXIMUM         73    359 PM  93    1926  77     -4       70
  MINIMUM         54    620 AM  47    1887  61     -7       56
  AVERAGE         64                        69     -5       63

PRECIPITATION (IN)
  TODAY            0.00                      0.11  -0.11     0.00
  MONTH TO DATE    1.37                      3.14  -1.77     2.68
  SINCE JUN 1      9.44                     10.44  -1.00    10.92
  SINCE JAN 1     23.63                     25.50  -1.87    27.07

SNOWFALL (IN)
  TODAY            0.0                       0.0    0.0      0.0
  MONTH TO DATE    0.0                       0.0    0.0      0.0
  SINCE JUN 1      0.0                       0.0    0.0      0.0
  SINCE JUL 1      0.0                       0.0    0.0      0.0
  SNOW DEPTH       0

DEGREE DAYS
 HEATING
  TODAY            1                         1      0        2
  MONTH TO DATE    6                         3      3       13
  SINCE JUN 1     55                        71    -16       48
  SINCE JUL 1     18                        10      8       18

 COOLING
  TODAY            0                         5     -5        0
  MONTH TO DATE  173                       170      3      141
  SINCE JUN 1    472                       506    -34      451
  SINCE JAN 1    584                       545     39      490
..................................................................


WIND (MPH)
  HIGHEST WIND SPEED     9   HIGHEST WIND DIRECTION    NW (330)
  HIGHEST GUST SPEED    14   HIGHEST GUST DIRECTION    NW (310)


SKY COVER
  POSSIBLE SUNSHINE  MM
  AVERAGE SKY COVER 0.0


WEATHER CONDITIONS
 THE FOLLOWING WEATHER WAS RECORDED TODAY.
  NO SIGNIFICANT WEATHER WAS OBSERVED.


RELATIVE HUMIDITY (PERCENT)
 HIGHEST    93           400 AM
 LOWEST     53           100 PM
 AVERAGE    73

..........................................................


THE ERIE PA CLIMATE NORMALS FOR TOMORROW
                         NORMAL    RECORD    YEAR
 MAXIMUM TEMPERATURE (F)   77        93      1953
 MINIMUM TEMPERATURE (F)   61        37      1982


SUNRISE AND SUNSET
AUGUST 28 2015........SUNRISE   642 AM EDT   SUNSET   801 PM EDT
AUGUST 29 2015........SUNRISE   643 AM EDT   SUNSET   800 PM EDT


-  INDICATES NEGATIVE NUMBERS.
R  INDICATES RECORD WAS SET OR TIED.
MM INDICATES DATA IS MISSING.
T  INDICATES TRACE AMOUNT.




$$
