000
CDUS41 KCLE 272124
CLIERI


CLIMATE REPORT
NATIONAL WEATHER SERVICE CLEVELAND OH
524 PM EDT SAT MAY 27 2017


...................................

...THE ERIE PA CLIMATE SUMMARY FOR MAY 27 2017...
VALID TODAY AS OF 0500 PM LOCAL TIME.

CLIMATE NORMAL PERIOD 1981 TO 2010
CLIMATE RECORD PERIOD 1873 TO 2017


WEATHER ITEM   OBSERVED TIME   RECORD YEAR NORMAL DEPARTURE LAST
                VALUE   (LST)  VALUE       VALUE  FROM      YEAR
                                                  NORMAL
..................................................................
TEMPERATURE (F)
 TODAY
  MAXIMUM         67    256 PM  87    1955  70     -3       80
  MINIMUM         51    430 AM  35    1969  52     -1       70
  AVERAGE         59                        61     -2       75

PRECIPITATION (IN)
  TODAY            0.00                      0.11  -0.11     0.00
  MONTH TO DATE    4.58                      2.98   1.60     1.56
  SINCE MAR 1     12.05                      9.26   2.79     6.55
  SINCE JAN 1     19.47                     14.60   4.87    12.76

SNOWFALL (IN)
  TODAY            0.0                       0.0    0.0      0.0
  MONTH TO DATE    0.0                       0.0    0.0       T
  SINCE MAR 1     10.3                      16.9   -6.6      4.0
  SINCE JUL 1     78.6                     100.9  -22.3     71.2
  SNOW DEPTH       0

DEGREE DAYS
 HEATING
  TODAY            6                         6      0        0
  MONTH TO DATE  275                       247     28      269
  SINCE MAR 1   1551                      1701   -150     1572
  SINCE JUL 1   5055                      6066  -1011     5170

 COOLING
  TODAY            0                         2     -2       10
  MONTH TO DATE   29                        25      4       34
  SINCE MAR 1     38                        32      6       34
  SINCE JAN 1     38                        32      6       34
..................................................................


WIND (MPH)
  HIGHEST WIND SPEED    10   HIGHEST WIND DIRECTION     N (350)
  HIGHEST GUST SPEED    13   HIGHEST GUST DIRECTION     N (340)


SKY COVER
  POSSIBLE SUNSHINE  MM
  AVERAGE SKY COVER 0.0


WEATHER CONDITIONS
 THE FOLLOWING WEATHER WAS RECORDED TODAY.
  NO SIGNIFICANT WEATHER WAS OBSERVED.


RELATIVE HUMIDITY (PERCENT)
 HIGHEST    96           200 AM
 LOWEST     63           200 PM
 AVERAGE    80

..........................................................


THE ERIE PA CLIMATE NORMALS FOR TOMORROW
                         NORMAL    RECORD    YEAR
 MAXIMUM TEMPERATURE (F)   70        90      2016
                                             1911
 MINIMUM TEMPERATURE (F)   52        39      1974
                                             1970
                                             1907


SUNRISE AND SUNSET
MAY 27 2017...........SUNRISE   550 AM EDT   SUNSET   846 PM EDT
MAY 28 2017...........SUNRISE   549 AM EDT   SUNSET   847 PM EDT


-  INDICATES NEGATIVE NUMBERS.
R  INDICATES RECORD WAS SET OR TIED.
MM INDICATES DATA IS MISSING.
T  INDICATES TRACE AMOUNT.




$$
