000
CDUS41 KCLE 310527
CLIERI


CLIMATE REPORT
NATIONAL WEATHER SERVICE CLEVELAND OH
126 AM EDT FRI OCT 31 2014


...................................

...THE ERIE PA CLIMATE SUMMARY FOR OCTOBER 30 2014...

CLIMATE NORMAL PERIOD 1981 TO 2010
CLIMATE RECORD PERIOD 1873 TO 2014


WEATHER ITEM   OBSERVED TIME   RECORD YEAR NORMAL DEPARTURE LAST
                VALUE   (LST)  VALUE       VALUE  FROM      YEAR
                                                  NORMAL
..................................................................
TEMPERATURE (F)
 YESTERDAY
  MAXIMUM         49    147 PM  79    1946  56     -7       62
  MINIMUM         40   1158 PM  25    1975  41     -1       37
  AVERAGE         45                        49     -4       50

PRECIPITATION (IN)
  YESTERDAY        0.01                      0.12  -0.11     0.00
  MONTH TO DATE    4.28                      3.93   0.35     5.60
  SINCE SEP 1      7.07                      8.54  -1.47     9.58
  SINCE JAN 1     34.78                     34.37   0.41    43.45

SNOWFALL (IN)
  YESTERDAY        0.0                       0.1   -0.1      0.0
  MONTH TO DATE    0.0                       0.2   -0.2      0.3
  SINCE SEP 1      0.0                       0.2   -0.2      0.3
  SINCE JUL 1      0.0                       0.2   -0.2      0.3
  SNOW DEPTH       0

DEGREE DAYS
 HEATING
  YESTERDAY       20                        16      4       15
  MONTH TO DATE  310                       363    -53      308
  SINCE SEP 1    409                       469    -60      428
  SINCE JUL 1    427                       487    -60      440

 COOLING
  YESTERDAY        0                         0      0        0
  MONTH TO DATE    7                         7      0       20
  SINCE SEP 1     87                        78      9       85
  SINCE JAN 1    603                       636    -33      706
..................................................................


WIND (MPH)
  HIGHEST WIND SPEED    13   HIGHEST WIND DIRECTION    NW (300)
  HIGHEST GUST SPEED    16   HIGHEST GUST DIRECTION     N (340)
  AVERAGE WIND SPEED     5.7


SKY COVER
  POSSIBLE SUNSHINE  MM
  AVERAGE SKY COVER 0.8


WEATHER CONDITIONS
 THE FOLLOWING WEATHER WAS RECORDED YESTERDAY.
  LIGHT RAIN


RELATIVE HUMIDITY (PERCENT)
 HIGHEST    83           700 PM
 LOWEST     65           400 AM
 AVERAGE    74

..........................................................


THE ERIE PA CLIMATE NORMALS FOR TODAY
                         NORMAL    RECORD    YEAR
 MAXIMUM TEMPERATURE (F)   56        76      1927
 MINIMUM TEMPERATURE (F)   41        24      1975


SUNRISE AND SUNSET
OCTOBER 31 2014.......SUNRISE   752 AM EDT   SUNSET   616 PM EDT
NOVEMBER  1 2014......SUNRISE   753 AM EDT   SUNSET   615 PM EDT


-  INDICATES NEGATIVE NUMBERS.
R  INDICATES RECORD WAS SET OR TIED.
MM INDICATES DATA IS MISSING.
T  INDICATES TRACE AMOUNT.




$$
