000
CDUS41 KCLE 260528
CLIERI


CLIMATE REPORT
NATIONAL WEATHER SERVICE CLEVELAND OH
127 AM EDT THU MAY 26 2016


...................................

...THE ERIE PA CLIMATE SUMMARY FOR MAY 25 2016...

CLIMATE NORMAL PERIOD 1981 TO 2010
CLIMATE RECORD PERIOD 1873 TO 2016


WEATHER ITEM   OBSERVED TIME   RECORD YEAR NORMAL DEPARTURE LAST
                VALUE   (LST)  VALUE       VALUE  FROM      YEAR
                                                  NORMAL
..................................................................
TEMPERATURE (F)
 YESTERDAY
  MAXIMUM         82    456 PM  89    1975  69     13       85
  MINIMUM         61   1257 AM  31    1956  51     10       66
  AVERAGE         72                        60     12       76

PRECIPITATION (IN)
  YESTERDAY        0.00                      0.12  -0.12     0.05
  MONTH TO DATE    1.56                      2.76  -1.20     1.60
  SINCE MAR 1      6.55                      9.04  -2.49     6.57
  SINCE JAN 1     12.76                     14.38  -1.62    12.33

SNOWFALL (IN)
  YESTERDAY        0.0                       0.0    0.0      0.0
  MONTH TO DATE    T                         0.0    0.0      0.0
  SINCE MAR 1      4.0                      16.9  -12.9     10.9
  SINCE JUL 1     71.2                     100.9  -29.7    110.3
  SNOW DEPTH       0

DEGREE DAYS
 HEATING
  YESTERDAY        0                         6     -6        0
  MONTH TO DATE  269                       235     34      154
  SINCE MAR 1   1572                      1689   -117     1730
  SINCE JUL 1   5170                      6054   -884     6606

 COOLING
  YESTERDAY        7                         2      5       11
  MONTH TO DATE   11                        21    -10       71
  SINCE MAR 1     11                        28    -17       71
  SINCE JAN 1     11                        28    -17       71
..................................................................


WIND (MPH)
  HIGHEST WIND SPEED    16   HIGHEST WIND DIRECTION     W (280)
  HIGHEST GUST SPEED    24   HIGHEST GUST DIRECTION     W (270)
  AVERAGE WIND SPEED     7.4


SKY COVER
  POSSIBLE SUNSHINE  MM
  AVERAGE SKY COVER 0.0


WEATHER CONDITIONS
 THE FOLLOWING WEATHER WAS RECORDED YESTERDAY.
  NO SIGNIFICANT WEATHER WAS OBSERVED.


RELATIVE HUMIDITY (PERCENT)
 HIGHEST    61           900 PM
 LOWEST     36           600 PM
 AVERAGE    49

..........................................................


THE ERIE PA CLIMATE NORMALS FOR TODAY
                         NORMAL    RECORD    YEAR
 MAXIMUM TEMPERATURE (F)   70        90      1944
 MINIMUM TEMPERATURE (F)   52        34      1969


SUNRISE AND SUNSET
MAY 26 2016...........SUNRISE   551 AM EDT   SUNSET   846 PM EDT
MAY 27 2016...........SUNRISE   550 AM EDT   SUNSET   846 PM EDT


-  INDICATES NEGATIVE NUMBERS.
R  INDICATES RECORD WAS SET OR TIED.
MM INDICATES DATA IS MISSING.
T  INDICATES TRACE AMOUNT.




$$
