000
CDUS46 KPQR 101144
CLIEUG


CLIMATE REPORT
NATIONAL WEATHER SERVICE PORTLAND OREGON
443 AM PDT THU JUL 10 2014


...................................

...THE EUGENE OR CLIMATE SUMMARY FOR JULY 9 2014...

CLIMATE NORMAL PERIOD 1981 TO 2010
CLIMATE RECORD PERIOD 1892 TO 2014


WEATHER ITEM   OBSERVED TIME   RECORD YEAR NORMAL DEPARTURE LAST
                VALUE   (LST)  VALUE       VALUE  FROM      YEAR
                                                  NORMAL
..................................................................
TEMPERATURE (F)
 YESTERDAY
  MAXIMUM         90    403 PM  97    1926  81      9       92
  MINIMUM         57    418 AM  40    1964  51      6       50
  AVERAGE         74                        66      8       71

PRECIPITATION (IN)
  YESTERDAY        0.00          0.61 1995   0.02  -0.02     0.00
  MONTH TO DATE    0.00                      0.21  -0.21     0.00
  SINCE OCT 1     26.63                     43.87 -17.24    29.01
  SINCE JAN 1     22.44                     25.07  -2.63     9.67

SNOWFALL (IN)
  YESTERDAY        0.0
  MONTH TO DATE    0.0
  SINCE JUN 1      0.0
  SINCE JUL 1      0.0

DEGREE DAYS
 HEATING
  YESTERDAY        0                         1     -1        0
  MONTH TO DATE    0                        18    -18        2
  SINCE JUN 1    107                       175    -68       94
  SINCE JUL 1      0                        18    -18        2

 COOLING
  YESTERDAY        9                         2      7        6
  MONTH TO DATE   61                        18     43       48
  SINCE JUN 1     67                        37     30       96
  SINCE JAN 1     70                        42     28      101
..................................................................


WIND (MPH)
  HIGHEST WIND SPEED    18   HIGHEST WIND DIRECTION     N (350)
  HIGHEST GUST SPEED    23   HIGHEST GUST DIRECTION     N (10)
  AVERAGE WIND SPEED     8.6


SKY COVER
  POSSIBLE SUNSHINE  MM
  AVERAGE SKY COVER 0.1


WEATHER CONDITIONS
 THE FOLLOWING WEATHER WAS RECORDED YESTERDAY.
  NO SIGNIFICANT WEATHER WAS OBSERVED.


RELATIVE HUMIDITY (PERCENT)
 HIGHEST    86           400 AM
 LOWEST     21           300 PM
 AVERAGE    54

..........................................................


THE EUGENE OR CLIMATE NORMALS FOR TODAY
                         NORMAL    RECORD    YEAR
 MAXIMUM TEMPERATURE (F)   81       104      1926
 MINIMUM TEMPERATURE (F)   51        42      1991
                                             1977
                                             1933


SUNRISE AND SUNSET
JULY 10 2014..........SUNRISE   540 AM PDT   SUNSET   857 PM PDT
JULY 11 2014..........SUNRISE   540 AM PDT   SUNSET   856 PM PDT


-  INDICATES NEGATIVE NUMBERS.
R  INDICATES RECORD WAS SET OR TIED.
MM INDICATES DATA IS MISSING.
T  INDICATES TRACE AMOUNT.




$$
