000
CDUS46 KPQR 292330
CLIEUG


CLIMATE REPORT
NATIONAL WEATHER SERVICE PORTLAND OREGON
429 PM PDT FRI AUG 29 2014


...................................

...THE EUGENE OR CLIMATE SUMMARY FOR AUGUST 29 2014...
VALID TODAY AS OF 0400 PM LOCAL TIME.

CLIMATE NORMAL PERIOD 1981 TO 2010
CLIMATE RECORD PERIOD 1892 TO 2014


WEATHER ITEM   OBSERVED TIME   RECORD YEAR NORMAL DEPARTURE LAST
                VALUE   (LST)  VALUE       VALUE  FROM      YEAR
                                                  NORMAL
..................................................................
TEMPERATURE (F)
 TODAY
  MAXIMUM         82    259 PM 100    1944  81      1       82
  MINIMUM         52    532 AM  38    1969  50      2       62
  AVERAGE         67                        66      1       72

PRECIPITATION (IN)
  TODAY            0.00          1.17 1983   0.03  -0.03     0.08
  MONTH TO DATE    0.19                      0.55  -0.36     0.24
  SINCE OCT 1     27.19                     44.75 -17.56    29.25
  SINCE JAN 1     23.00                     25.95  -2.95     9.91

SNOWFALL (IN)
  TODAY            0.0
  MONTH TO DATE    0.0
  SINCE JUN 1      0.0
  SINCE JUL 1      0.0

DEGREE DAYS
 HEATING
  TODAY            0                         2     -2        0
  MONTH TO DATE    0                        30    -30       12
  SINCE JUN 1    113                       223   -110      110
  SINCE JUL 1      6                        66    -60       18

 COOLING
  TODAY            2                         2      0        7
  MONTH TO DATE  206                        88    118      135
  SINCE JUN 1    405                       200    205      329
  SINCE JAN 1    408                       205    203      334
..................................................................


WIND (MPH)
  HIGHEST WIND SPEED    14   HIGHEST WIND DIRECTION     N (20)
  HIGHEST GUST SPEED    17   HIGHEST GUST DIRECTION     N (10)
  AVERAGE WIND SPEED     3.9


SKY COVER
  POSSIBLE SUNSHINE  MM
  AVERAGE SKY COVER 0.4


WEATHER CONDITIONS
 THE FOLLOWING WEATHER WAS RECORDED TODAY.
  NO SIGNIFICANT WEATHER WAS OBSERVED.


RELATIVE HUMIDITY (PERCENT)
 HIGHEST    93           600 AM
 LOWEST     37           300 PM
 AVERAGE    65

..........................................................


THE EUGENE OR CLIMATE NORMALS FOR TOMORROW
                         NORMAL    RECORD    YEAR
 MAXIMUM TEMPERATURE (F)   81        98      1918
 MINIMUM TEMPERATURE (F)   50        42      2006
                                             1966
                                             1920


SUNRISE AND SUNSET
AUGUST 29 2014........SUNRISE   633 AM PDT   SUNSET   754 PM PDT
AUGUST 30 2014........SUNRISE   634 AM PDT   SUNSET   752 PM PDT


-  INDICATES NEGATIVE NUMBERS.
R  INDICATES RECORD WAS SET OR TIED.
MM INDICATES DATA IS MISSING.
T  INDICATES TRACE AMOUNT.




$$
