000
CDUS46 KPQR 121141
CLIEUG


CLIMATE REPORT
NATIONAL WEATHER SERVICE PORTLAND OREGON
341 AM PST TUE DEC 12 2017


...................................

...THE EUGENE OR CLIMATE SUMMARY FOR DECEMBER 11 2017...

CLIMATE NORMAL PERIOD 1981 TO 2010
CLIMATE RECORD PERIOD 1892 TO 2017


WEATHER ITEM   OBSERVED TIME   RECORD YEAR NORMAL DEPARTURE LAST
                VALUE   (LST)  VALUE       VALUE  FROM      YEAR
                                                  NORMAL
..................................................................
TEMPERATURE (F)
 YESTERDAY
  MAXIMUM         39    316 PM  62    1955  46     -7       47
  MINIMUM         23   1159 PM  -5    1972  34    -11       42
  AVERAGE         31                        40     -9       45

PRECIPITATION (IN)
  YESTERDAY        0.00          2.57 1969   0.25  -0.25     0.71
  MONTH TO DATE    0.58                      3.07  -2.49     2.77
  SINCE OCT 1     12.12                     14.04  -1.92    17.26
  SINCE JAN 1     38.78                     41.34  -2.56    39.00

SNOWFALL (IN)
  YESTERDAY       MM
  MONTH TO DATE    0.0
  SINCE DEC 1      0.0
  SINCE JUL 1      0.0

DEGREE DAYS
 HEATING
  YESTERDAY       34                        25      9       20
  MONTH TO DATE  324                       269     55      277
  SINCE DEC 1    324                       269     55      277
  SINCE JUL 1   1453                      1442     11     1110

 COOLING
  YESTERDAY        0                         0      0        0
  MONTH TO DATE    0                         0      0        0
  SINCE DEC 1      0                         0      0        0
  SINCE JAN 1    376                       239    137      325
..................................................................


WIND (MPH)
  HIGHEST WIND SPEED     8   HIGHEST WIND DIRECTION    NE (50)
  HIGHEST GUST SPEED    10   HIGHEST GUST DIRECTION    NE (50)
  AVERAGE WIND SPEED     1.8


SKY COVER
  POSSIBLE SUNSHINE  MM
  AVERAGE SKY COVER 0.6


WEATHER CONDITIONS
 THE FOLLOWING WEATHER WAS RECORDED YESTERDAY.
  FOG
  FOG W/VISIBILITY <= 1/4 MILE


RELATIVE HUMIDITY (PERCENT)
 HIGHEST   100           700 PM
 LOWEST     76           200 PM
 AVERAGE    88

..........................................................


THE EUGENE OR CLIMATE NORMALS FOR TODAY
                         NORMAL    RECORD    YEAR
 MAXIMUM TEMPERATURE (F)   46        65      1952
 MINIMUM TEMPERATURE (F)   34         4      1919


SUNRISE AND SUNSET
DECEMBER 12 2017......SUNRISE   739 AM PST   SUNSET   435 PM PST
DECEMBER 13 2017......SUNRISE   740 AM PST   SUNSET   435 PM PST


-  INDICATES NEGATIVE NUMBERS.
R  INDICATES RECORD WAS SET OR TIED.
MM INDICATES DATA IS MISSING.
T  INDICATES TRACE AMOUNT.




$$
