785
CDUS46 KPQR 050020
CLIEUG


CLIMATE REPORT
NATIONAL WEATHER SERVICE PORTLAND OREGON
420 PM PST SUN DEC 4 2016


...................................

...THE EUGENE OR CLIMATE SUMMARY FOR DECEMBER 4 2016...
VALID TODAY AS OF 0400 PM LOCAL TIME.

CLIMATE NORMAL PERIOD 1981 TO 2010
CLIMATE RECORD PERIOD 1892 TO 2016


WEATHER ITEM   OBSERVED TIME   RECORD YEAR NORMAL DEPARTURE LAST
                VALUE   (LST)  VALUE       VALUE  FROM      YEAR
                                                  NORMAL
..................................................................
TEMPERATURE (F)
 TODAY
  MAXIMUM         46    156 PM  66    1989  47     -1       53
  MINIMUM         42    337 PM  18    2013  35      7       43
  AVERAGE         44                        41      3       48

PRECIPITATION (IN)
  TODAY            0.49          2.89 1968   0.29   0.20     0.15
  MONTH TO DATE    0.54                      1.20  -0.66     1.51
  SINCE OCT 1     15.03                     12.17   2.86     6.74
  SINCE JAN 1     36.77                     39.47  -2.70    20.14

SNOWFALL (IN)
  TODAY           MM
  MONTH TO DATE    0.0
  SINCE DEC 1      0.0
  SINCE JUL 1      0.0

DEGREE DAYS
 HEATING
  TODAY           21                        24     -3       17
  MONTH TO DATE   87                        96     -9       74
  SINCE DEC 1     87                        96     -9       74
  SINCE JUL 1    920                      1269   -349     1055

 COOLING
  TODAY            0                         0      0        0
  MONTH TO DATE    0                         0      0        0
  SINCE DEC 1      0                         0      0        0
  SINCE JAN 1    325                       239     86      529
..................................................................


WIND (MPH)
  HIGHEST WIND SPEED    16   HIGHEST WIND DIRECTION     S (170)
  HIGHEST GUST SPEED    19   HIGHEST GUST DIRECTION     S (170)
  AVERAGE WIND SPEED     5.1


SKY COVER
  POSSIBLE SUNSHINE  MM
  AVERAGE SKY COVER 0.5


WEATHER CONDITIONS
 THE FOLLOWING WEATHER WAS RECORDED TODAY.
  RAIN
  LIGHT RAIN
  FOG


RELATIVE HUMIDITY (PERCENT)
 HIGHEST    92           900 AM
 LOWEST     82           300 PM
 AVERAGE    87

..........................................................


THE EUGENE OR CLIMATE NORMALS FOR TOMORROW
                         NORMAL    RECORD    YEAR
 MAXIMUM TEMPERATURE (F)   47        60      1944
                                             1940
                                             1929
 MINIMUM TEMPERATURE (F)   35        14      2013


SUNRISE AND SUNSET
DECEMBER  4 2016......SUNRISE   732 AM PST   SUNSET   435 PM PST
DECEMBER  5 2016......SUNRISE   733 AM PST   SUNSET   435 PM PST


-  INDICATES NEGATIVE NUMBERS.
R  INDICATES RECORD WAS SET OR TIED.
MM INDICATES DATA IS MISSING.
T  INDICATES TRACE AMOUNT.




$$
