000
CDUS46 KPQR 250021
CLIEUG


CLIMATE REPORT
NATIONAL WEATHER SERVICE PORTLAND OREGON
421 PM PST SAT FEB 24 2018


...................................

...THE EUGENE OR CLIMATE SUMMARY FOR FEBRUARY 24 2018...
VALID TODAY AS OF 0400 PM LOCAL TIME.

CLIMATE NORMAL PERIOD 1981 TO 2010
CLIMATE RECORD PERIOD 1892 TO 2018


WEATHER ITEM   OBSERVED TIME   RECORD YEAR NORMAL DEPARTURE LAST
                VALUE   (LST)  VALUE       VALUE  FROM      YEAR
                                                  NORMAL
..................................................................
TEMPERATURE (F)
 TODAY
  MAXIMUM         48    358 PM  67    1992  53     -5       41
  MINIMUM         36    406 AM  23    1913  35      1       28
  AVERAGE         42                        44     -2       35

PRECIPITATION (IN)
  TODAY            0.26          1.76 1958   0.19   0.07     0.02
  MONTH TO DATE    1.61                      4.68  -3.07     8.80
  SINCE OCT 1     20.47                     30.35  -9.88    32.44
  SINCE JAN 1      6.46                     11.55  -5.09    12.85

SNOWFALL (IN)
  TODAY            0.0
  MONTH TO DATE    2.0
  SINCE DEC 1      2.0
  SINCE JUL 1      2.0

DEGREE DAYS
 HEATING
  TODAY           23                        21      2       30
  MONTH TO DATE  557                       534     23      506
  SINCE DEC 1   2089                      2071     18     2267
  SINCE JUL 1   3218                      3244    -26     3100

 COOLING
  TODAY            0                         0      0        0
  MONTH TO DATE    0                         0      0        0
  SINCE DEC 1      0                         0      0        0
  SINCE JAN 1      0                         0      0        0
..................................................................


WIND (MPH)
  HIGHEST WIND SPEED    24   HIGHEST WIND DIRECTION     W (260)
  HIGHEST GUST SPEED    27   HIGHEST GUST DIRECTION     W (270)
  AVERAGE WIND SPEED    12.1


SKY COVER
  POSSIBLE SUNSHINE  MM
  AVERAGE SKY COVER 0.9


WEATHER CONDITIONS
 THE FOLLOWING WEATHER WAS RECORDED TODAY.
  RAIN
  LIGHT RAIN
  FOG


RELATIVE HUMIDITY (PERCENT)
 HIGHEST   100           300 AM
 LOWEST     61           200 PM
 AVERAGE    81

..........................................................


THE EUGENE OR CLIMATE NORMALS FOR TOMORROW
                         NORMAL    RECORD    YEAR
 MAXIMUM TEMPERATURE (F)   53        68      1968
 MINIMUM TEMPERATURE (F)   35        23      1962


SUNRISE AND SUNSET
FEBRUARY 24 2018......SUNRISE   658 AM PST   SUNSET   555 PM PST
FEBRUARY 25 2018......SUNRISE   656 AM PST   SUNSET   556 PM PST


-  INDICATES NEGATIVE NUMBERS.
R  INDICATES RECORD WAS SET OR TIED.
MM INDICATES DATA IS MISSING.
T  INDICATES TRACE AMOUNT.




$$
