000
CDUS46 KPQR 291142
CLIEUG


CLIMATE REPORT
NATIONAL WEATHER SERVICE PORTLAND OREGON
341 AM PST THU JAN 29 2015


...................................

...THE EUGENE OR CLIMATE SUMMARY FOR JANUARY 28 2015...

CLIMATE NORMAL PERIOD 1981 TO 2010
CLIMATE RECORD PERIOD 1892 TO 2015


WEATHER ITEM   OBSERVED TIME   RECORD YEAR NORMAL DEPARTURE LAST
                VALUE   (LST)  VALUE       VALUE  FROM      YEAR
                                                  NORMAL
..................................................................
TEMPERATURE (F)
 YESTERDAY
  MAXIMUM         59    119 PM  63    1976  49     10       45
  MINIMUM         41    825 AM   1    1969  35      6       38
  AVERAGE         50                        42      8       42

PRECIPITATION (IN)
  YESTERDAY        0.00          1.57 1990   0.19  -0.19     0.60
  MONTH TO DATE    2.38                      6.28  -3.90     2.43
  SINCE OCT 1     19.43                     25.08  -5.65     6.62
  SINCE JAN 1      2.38                      6.28  -3.90     2.43

SNOWFALL (IN)
  YESTERDAY        0.0
  MONTH TO DATE    0.0
  SINCE DEC 1      0.0
  SINCE JUL 1      0.0

DEGREE DAYS
 HEATING
  YESTERDAY       15                        23     -8       23
  MONTH TO DATE  587                       683    -96      716
  SINCE DEC 1   1220                      1467   -247     1686
  SINCE JUL 1   2032                      2640   -608     2862

 COOLING
  YESTERDAY        0                         0      0        0
  MONTH TO DATE    0                         0      0        0
  SINCE DEC 1      0                         0      0        0
  SINCE JAN 1      0                         0      0        0
..................................................................


WIND (MPH)
  HIGHEST WIND SPEED    12   HIGHEST WIND DIRECTION    NE (30)
  HIGHEST GUST SPEED    13   HIGHEST GUST DIRECTION     N (20)
  AVERAGE WIND SPEED     3.0


SKY COVER
  POSSIBLE SUNSHINE  MM
  AVERAGE SKY COVER 0.8


WEATHER CONDITIONS
 THE FOLLOWING WEATHER WAS RECORDED YESTERDAY.
  FOG
  FOG W/VISIBILITY <= 1/4 MILE


RELATIVE HUMIDITY (PERCENT)
 HIGHEST    96           600 AM
 LOWEST     67           100 PM
 AVERAGE    82

..........................................................


THE EUGENE OR CLIMATE NORMALS FOR TODAY
                         NORMAL    RECORD    YEAR
 MAXIMUM TEMPERATURE (F)   49        64      1992
                                             1960
 MINIMUM TEMPERATURE (F)   35         2      1957


SUNRISE AND SUNSET
JANUARY 29 2015.......SUNRISE   734 AM PST   SUNSET   519 PM PST
JANUARY 30 2015.......SUNRISE   733 AM PST   SUNSET   520 PM PST


-  INDICATES NEGATIVE NUMBERS.
R  INDICATES RECORD WAS SET OR TIED.
MM INDICATES DATA IS MISSING.
T  INDICATES TRACE AMOUNT.




$$
