000
CDUS46 KPQR 221141
CLIEUG


CLIMATE REPORT
NATIONAL WEATHER SERVICE PORTLAND OREGON
440 AM PDT MON SEP 22 2014


...................................

...THE EUGENE OR CLIMATE SUMMARY FOR SEPTEMBER 21 2014...

CLIMATE NORMAL PERIOD 1981 TO 2010
CLIMATE RECORD PERIOD 1892 TO 2014


WEATHER ITEM   OBSERVED TIME   RECORD YEAR NORMAL DEPARTURE LAST
                VALUE   (LST)  VALUE       VALUE  FROM      YEAR
                                                  NORMAL
..................................................................
TEMPERATURE (F)
 YESTERDAY
  MAXIMUM         84    132 PM  95    1994  76      8       67
                                      1975
                                      1974
  MINIMUM         57    639 AM  34    1955  46     11       52
  AVERAGE         71                        61     10       60

PRECIPITATION (IN)
  YESTERDAY        0.00          1.12 1972   0.05  -0.05     0.43
  MONTH TO DATE    0.01                      0.81  -0.80     2.18
  SINCE OCT 1     27.20                     45.62 -18.42    31.44
  SINCE JAN 1     23.01                     26.82  -3.81    12.10

SNOWFALL (IN)
  YESTERDAY        0.0
  MONTH TO DATE    0.0
  SINCE SEP 1      0.0
  SINCE JUL 1      0.0

DEGREE DAYS
 HEATING
  YESTERDAY        0                         5     -5        5
  MONTH TO DATE    7                        65    -58       19
  SINCE SEP 1      7                        65    -58       19
  SINCE JUL 1     14                       132   -118       37

 COOLING
  YESTERDAY        6                         1      5        0
  MONTH TO DATE   59                        28     31       63
  SINCE SEP 1     59                        28     31       63
  SINCE JAN 1    467                       236    231      411
..................................................................


WIND (MPH)
  HIGHEST WIND SPEED    18   HIGHEST WIND DIRECTION     W (250)
  HIGHEST GUST SPEED    23   HIGHEST GUST DIRECTION     W (260)
  AVERAGE WIND SPEED     9.2


SKY COVER
  POSSIBLE SUNSHINE  MM
  AVERAGE SKY COVER 0.3


WEATHER CONDITIONS
 THE FOLLOWING WEATHER WAS RECORDED YESTERDAY.
  NO SIGNIFICANT WEATHER WAS OBSERVED.


RELATIVE HUMIDITY (PERCENT)
 HIGHEST    87           700 AM
 LOWEST     40           100 PM
 AVERAGE    64

..........................................................


THE EUGENE OR CLIMATE NORMALS FOR TODAY
                         NORMAL    RECORD    YEAR
 MAXIMUM TEMPERATURE (F)   75        95      1989
 MINIMUM TEMPERATURE (F)   46        34      1961


SUNRISE AND SUNSET
SEPTEMBER 22 2014.....SUNRISE   700 AM PDT   SUNSET   710 PM PDT
SEPTEMBER 23 2014.....SUNRISE   701 AM PDT   SUNSET   708 PM PDT


-  INDICATES NEGATIVE NUMBERS.
R  INDICATES RECORD WAS SET OR TIED.
MM INDICATES DATA IS MISSING.
T  INDICATES TRACE AMOUNT.




$$
