000
CDUS46 KPQR 290226
CLIEUG


CLIMATE REPORT
NATIONAL WEATHER SERVICE PORTLAND OREGON
726 PM PDT SAT MAR 28 2015


...................................

...THE EUGENE OR CLIMATE SUMMARY FOR MARCH 28 2015...
VALID TODAY AS OF 0700 PM LOCAL TIME.

CLIMATE NORMAL PERIOD 1981 TO 2010
CLIMATE RECORD PERIOD 1892 TO 2015


WEATHER ITEM   OBSERVED TIME   RECORD YEAR NORMAL DEPARTURE LAST
                VALUE   (LST)  VALUE       VALUE  FROM      YEAR
                                                  NORMAL
..................................................................
TEMPERATURE (F)
 TODAY
  MAXIMUM         64    217 PM  77    1930  58      6       54
  MINIMUM         42    528 AM  28    1975  38      4       47
  AVERAGE         53                        48      5       51

PRECIPITATION (IN)
  TODAY            0.00          1.32 1974   0.15  -0.15     1.01
  MONTH TO DATE    3.08                      4.54  -1.46     5.90
  SINCE OCT 1     26.67                     35.64  -8.97    20.64
  SINCE JAN 1      9.62                     16.84  -7.22    16.45

SNOWFALL (IN)
  TODAY            0.0
  MONTH TO DATE    0.0
  SINCE MAR 1      0.0
  SINCE JUL 1      0.0

DEGREE DAYS
 HEATING
  TODAY           12                        17     -5       14
  MONTH TO DATE  394                       517   -123      428
  SINCE MAR 1    394                       517   -123      428
  SINCE JUL 1   2956                      3844   -888     3995

 COOLING
  TODAY            0                         0      0        0
  MONTH TO DATE    0                         0      0        0
  SINCE MAR 1      0                         0      0        0
  SINCE JAN 1      0                         0      0        0
..................................................................


WIND (MPH)
  HIGHEST WIND SPEED    13   HIGHEST WIND DIRECTION     S (170)
  HIGHEST GUST SPEED    15   HIGHEST GUST DIRECTION     S (180)
  AVERAGE WIND SPEED     6.1


SKY COVER
  POSSIBLE SUNSHINE  MM
  AVERAGE SKY COVER 0.6


WEATHER CONDITIONS
 THE FOLLOWING WEATHER WAS RECORDED TODAY.
  NO SIGNIFICANT WEATHER WAS OBSERVED.


RELATIVE HUMIDITY (PERCENT)
 HIGHEST    93           100 AM
 LOWEST     43           200 PM
 AVERAGE    68

..........................................................


THE EUGENE OR CLIMATE NORMALS FOR TOMORROW
                         NORMAL    RECORD    YEAR
 MAXIMUM TEMPERATURE (F)   58        80      1923
 MINIMUM TEMPERATURE (F)   38        28      1954
                                             1936


SUNRISE AND SUNSET
MARCH 28 2015.........SUNRISE   702 AM PDT   SUNSET   735 PM PDT
MARCH 29 2015.........SUNRISE   700 AM PDT   SUNSET   736 PM PDT


-  INDICATES NEGATIVE NUMBERS.
R  INDICATES RECORD WAS SET OR TIED.
MM INDICATES DATA IS MISSING.
T  INDICATES TRACE AMOUNT.




$$
