000
CDUS46 KPQR 201143
CLIEUG


CLIMATE REPORT
NATIONAL WEATHER SERVICE PORTLAND OREGON
442 AM PDT MON OCT 20 2014


...................................

...THE EUGENE OR CLIMATE SUMMARY FOR OCTOBER 19 2014...

CLIMATE NORMAL PERIOD 1981 TO 2010
CLIMATE RECORD PERIOD 1892 TO 2014


WEATHER ITEM   OBSERVED TIME   RECORD YEAR NORMAL DEPARTURE LAST
                VALUE   (LST)  VALUE       VALUE  FROM      YEAR
                                                  NORMAL
..................................................................
TEMPERATURE (F)
 YESTERDAY
  MAXIMUM         79    209 PM  86    1940  63     16       68
  MINIMUM         54    713 AM  25    1949  41     13       35
  AVERAGE         67                        52     15       52

PRECIPITATION (IN)
  YESTERDAY        0.01          1.75 1947   0.12  -0.11     0.00
  MONTH TO DATE    0.96                      1.49  -0.53     0.50
  SINCE OCT 1      0.96                      1.49  -0.53     0.50
  SINCE JAN 1     25.21                     28.79  -3.58    17.50

SNOWFALL (IN)
  YESTERDAY        0.0
  MONTH TO DATE    0.0
  SINCE SEP 1      0.0
  SINCE JUL 1      0.0

DEGREE DAYS
 HEATING
  YESTERDAY        0                        13    -13       13
  MONTH TO DATE   73                       201   -128      265
  SINCE SEP 1    107                       322   -215      363
  SINCE JUL 1    114                       389   -275      381

 COOLING
  YESTERDAY        2                         0      2        0
  MONTH TO DATE    8                         0      8        0
  SINCE SEP 1     67                        30     37       63
  SINCE JAN 1    475                       238    237      411
..................................................................


WIND (MPH)
  HIGHEST WIND SPEED    18   HIGHEST WIND DIRECTION     S (200)
  HIGHEST GUST SPEED    27   HIGHEST GUST DIRECTION    SW (230)
  AVERAGE WIND SPEED     6.7


SKY COVER
  POSSIBLE SUNSHINE  MM
  AVERAGE SKY COVER 0.5


WEATHER CONDITIONS
 THE FOLLOWING WEATHER WAS RECORDED YESTERDAY.
  LIGHT RAIN
  HAZE


RELATIVE HUMIDITY (PERCENT)
 HIGHEST   100           100 AM
 LOWEST     39           200 PM
 AVERAGE    70

..........................................................


THE EUGENE OR CLIMATE NORMALS FOR TODAY
                         NORMAL    RECORD    YEAR
 MAXIMUM TEMPERATURE (F)   62        80      2003
 MINIMUM TEMPERATURE (F)   41        24      1949


SUNRISE AND SUNSET
OCTOBER 20 2014.......SUNRISE   734 AM PDT   SUNSET   621 PM PDT
OCTOBER 21 2014.......SUNRISE   735 AM PDT   SUNSET   619 PM PDT


-  INDICATES NEGATIVE NUMBERS.
R  INDICATES RECORD WAS SET OR TIED.
MM INDICATES DATA IS MISSING.
T  INDICATES TRACE AMOUNT.




$$
