062
CDUS46 KPQR 290222
CLIEUG


CLIMATE REPORT
NATIONAL WEATHER SERVICE PORTLAND OREGON
721 PM PDT THU JUL 28 2016


...................................

...THE EUGENE OR CLIMATE SUMMARY FOR JULY 28 2016...
VALID TODAY AS OF 0700 PM LOCAL TIME.

CLIMATE NORMAL PERIOD 1981 TO 2010
CLIMATE RECORD PERIOD 1892 TO 2016


WEATHER ITEM   OBSERVED TIME   RECORD YEAR NORMAL DEPARTURE LAST
                VALUE   (LST)  VALUE       VALUE  FROM      YEAR
                                                  NORMAL
..................................................................
TEMPERATURE (F)
 TODAY
  MAXIMUM         95    509 PM 106    2009  84     11       87
  MINIMUM         53    505 AM  43    2013  52      1       53
  AVERAGE         74                        68      6       70

PRECIPITATION (IN)
  TODAY            0.00          0.57 1975   0.02  -0.02     0.00
  MONTH TO DATE    0.25                      0.51  -0.26     0.05
  SINCE OCT 1     39.80                     44.17  -4.37    29.46
  SINCE JAN 1     20.96                     25.37  -4.41    12.41

SNOWFALL (IN)
  TODAY            0.0
  MONTH TO DATE    0.0
  SINCE JUN 1      0.0
  SINCE JUL 1      0.0

DEGREE DAYS
 HEATING
  TODAY            0                         1     -1        0
  MONTH TO DATE   10                        37    -27        5
  SINCE JUN 1    110                       194    -84       46
  SINCE JUL 1     10                        37    -27        5

 COOLING
  TODAY            9                         4      5        5
  MONTH TO DATE   68                        85    -17      169
  SINCE JUN 1    133                       104     29      282
  SINCE JAN 1    136                       109     27      287
..................................................................


WIND (MPH)
  HIGHEST WIND SPEED    23   HIGHEST WIND DIRECTION     N (20)
  HIGHEST GUST SPEED    30   HIGHEST GUST DIRECTION    NE (30)
  AVERAGE WIND SPEED     9.2


SKY COVER
  POSSIBLE SUNSHINE  MM
  AVERAGE SKY COVER 0.0


WEATHER CONDITIONS
 THE FOLLOWING WEATHER WAS RECORDED TODAY.
  FOG
  HAZE


RELATIVE HUMIDITY (PERCENT)
 HIGHEST    93           300 AM
 LOWEST     24           400 PM
 AVERAGE    59

..........................................................


THE EUGENE OR CLIMATE NORMALS FOR TOMORROW
                         NORMAL    RECORD    YEAR
 MAXIMUM TEMPERATURE (F)   84       105      2009
 MINIMUM TEMPERATURE (F)   52        42      1956


SUNRISE AND SUNSET
JULY 28 2016..........SUNRISE   557 AM PDT   SUNSET   841 PM PDT
JULY 29 2016..........SUNRISE   558 AM PDT   SUNSET   840 PM PDT


-  INDICATES NEGATIVE NUMBERS.
R  INDICATES RECORD WAS SET OR TIED.
MM INDICATES DATA IS MISSING.
T  INDICATES TRACE AMOUNT.




$$
