000
CDUS43 KPAH 020632
CLIEVV


CLIMATE REPORT
NATIONAL WEATHER SERVICE PADUCAH KY
129 AM CDT TUE JUN 2 2015


...................................

...THE EVANSVILLE IN CLIMATE SUMMARY FOR JUNE 1 2015...

CLIMATE NORMAL PERIOD 1981 TO 2010
CLIMATE RECORD PERIOD 1896 TO 2015


WEATHER ITEM   OBSERVED TIME   RECORD YEAR NORMAL DEPARTURE LAST
                VALUE   (LST)  VALUE       VALUE  FROM      YEAR
                                                  NORMAL
..................................................................
TEMPERATURE (F)
 YESTERDAY
  MAXIMUM         65    329 PM  97    1951  82    -17       89
  MINIMUM         58    929 AM  41    1966  60     -2       66
  AVERAGE         62                        71     -9       78

PRECIPITATION (IN)
  YESTERDAY        0.02          1.57 1920   0.16  -0.14      T
  MONTH TO DATE    0.02                      0.16  -0.14      T
  SINCE JUN 1      0.02                      0.16  -0.14      T
  SINCE JAN 1     22.46                     20.40   2.06    21.49

SNOWFALL (IN)
  YESTERDAY        0.0                       0.0    0.0      0.0
  MONTH TO DATE    0.0                       0.0    0.0      0.0
  SINCE JUN 1      0.0                       0.0    0.0      0.0
  SINCE JUL 1     18.5                      11.8    6.7     12.6
  SNOW DEPTH       0

DEGREE DAYS
 HEATING
  YESTERDAY        3                         1      2        0
  MONTH TO DATE    3                         1      2        0
  SINCE JUN 1      3                         1      2        0
  SINCE JUL 1   4709                      4542    167     4980

 COOLING
  YESTERDAY        0                         6     -6       13
  MONTH TO DATE    0                         6     -6       13
  SINCE JUN 1      0                         6     -6       13
  SINCE JAN 1    191                       141     50      224
..................................................................


WIND (MPH)
  HIGHEST WIND SPEED    15   HIGHEST WIND DIRECTION    NE (30)
  HIGHEST GUST SPEED    18   HIGHEST GUST DIRECTION    NE (30)
  AVERAGE WIND SPEED     8.0


SKY COVER
  AVERAGE SKY COVER 1.0


WEATHER CONDITIONS
 THE FOLLOWING WEATHER WAS RECORDED YESTERDAY.
  LIGHT RAIN
  FOG


RELATIVE HUMIDITY (PERCENT)
 HIGHEST    87
 LOWEST     67
 AVERAGE    77

..........................................................


THE EVANSVILLE IN CLIMATE NORMALS FOR TODAY
                         NORMAL    RECORD    YEAR
 MAXIMUM TEMPERATURE (F)   82        97      1951
 MINIMUM TEMPERATURE (F)   60        41      1956


SUNRISE AND SUNSET
JUNE  2 2015..........SUNRISE   529 AM CDT   SUNSET   808 PM CDT
JUNE  3 2015..........SUNRISE   529 AM CDT   SUNSET   808 PM CDT


-  INDICATES NEGATIVE NUMBERS.
R  INDICATES RECORD WAS SET OR TIED.
MM INDICATES DATA IS MISSING.
T  INDICATES TRACE AMOUNT.




$$
