000
CDUS43 KPAH 110627
CLIEVV


CLIMATE REPORT
NATIONAL WEATHER SERVICE PADUCAH KY
1225 AM CST SUN DEC 11 2016

...................................

...THE EVANSVILLE IN CLIMATE SUMMARY FOR DECEMBER 10 2016...

CLIMATE NORMAL PERIOD 1981 TO 2010
CLIMATE RECORD PERIOD 1896 TO 2016

WEATHER ITEM   OBSERVED TIME   RECORD YEAR NORMAL DEPARTURE LAST
                VALUE   (LST)  VALUE       VALUE  FROM      YEAR
                                                  NORMAL
..................................................................
TEMPERATURE (F)
 YESTERDAY
  MAXIMUM         36   1252 PM  70    1971  45     -9       61
  MINIMUM         18    120 AM  -4    1917  28    -10       38
  AVERAGE         27                        37    -10       50

PRECIPITATION (IN)
  YESTERDAY        0.00          1.20 1964   0.13  -0.13     0.00
  MONTH TO DATE    0.86                      1.32  -0.46     0.05
  SINCE DEC 1      0.86                      1.32  -0.46     0.05
  SINCE JAN 1     46.52                     42.87   3.65    46.79

SNOWFALL (IN)
  YESTERDAY        0.0           0.7  1962   0.1   -0.1      0.0
  MONTH TO DATE    T                         0.6   -0.6      0.0
  SINCE DEC 1      T                         0.6   -0.6      0.0
  SINCE JUL 1      T                         0.9   -0.9      0.0
  SNOW DEPTH       0

DEGREE DAYS
 HEATING
  YESTERDAY       38                        28     10       15
  MONTH TO DATE  291                       268     23      215
  SINCE DEC 1    291                       268     23      215
  SINCE JUL 1    821                      1129   -308      824

 COOLING
  YESTERDAY        0                         0      0        0
  MONTH TO DATE    0                         0      0        0
  SINCE DEC 1      0                         0      0        0
  SINCE JAN 1   1775                      1397    378     1576
..................................................................

WIND (MPH)
  HIGHEST WIND SPEED    13   HIGHEST WIND DIRECTION    SE (150)
  HIGHEST GUST SPEED    17   HIGHEST GUST DIRECTION    SE (130)
  AVERAGE WIND SPEED     3.0

SKY COVER
  AVERAGE SKY COVER 0.6

WEATHER CONDITIONS
 THE FOLLOWING WEATHER WAS RECORDED YESTERDAY.
  NO SIGNIFICANT WEATHER WAS OBSERVED.

RELATIVE HUMIDITY (PERCENT)
 HIGHEST    84
 LOWEST     43
 AVERAGE    64
..........................................................

THE EVANSVILLE IN CLIMATE NORMALS FOR TODAY
                         NORMAL    RECORD    YEAR
 MAXIMUM TEMPERATURE (F)   45        73      1931
 MINIMUM TEMPERATURE (F)   28        -2      1962

SUNRISE AND SUNSET
DECEMBER 11 2016......SUNRISE   657 AM CST   SUNSET   431 PM CST
DECEMBER 12 2016......SUNRISE   657 AM CST   SUNSET   431 PM CST

-  INDICATES NEGATIVE NUMBERS.
R  INDICATES RECORD WAS SET OR TIED.
MM INDICATES DATA IS MISSING.
T  INDICATES TRACE AMOUNT.

$$
