000
CDUS43 KPAH 260634
CLIEVV


CLIMATE REPORT
NATIONAL WEATHER SERVICE PADUCAH KY
1229 AM CST SUN FEB 26 2017


...................................

...THE EVANSVILLE IN CLIMATE SUMMARY FOR FEBRUARY 25 2017...

CLIMATE NORMAL PERIOD 1981 TO 2010
CLIMATE RECORD PERIOD 1896 TO 2017


WEATHER ITEM   OBSERVED TIME   RECORD YEAR NORMAL DEPARTURE LAST
                VALUE   (LST)  VALUE       VALUE  FROM      YEAR
                                                  NORMAL
..................................................................
TEMPERATURE (F)
 YESTERDAY
  MAXIMUM         45   1238 AM  76    2000  49     -4       39
  MINIMUM         30   1129 PM  -3    1967  30      0       34
  AVERAGE         38                        40     -2       37

PRECIPITATION (IN)
  YESTERDAY        T             1.56 1929   0.11  -0.11     0.01
  MONTH TO DATE    0.81                      2.83  -2.02     4.07
  SINCE DEC 1      7.00                      9.69  -2.69    11.27
  SINCE JAN 1      3.08                      5.93  -2.85     6.07

SNOWFALL (IN)
  YESTERDAY        T            10.9  1993   0.1   -0.1       T
  MONTH TO DATE    T                         3.5   -3.5      3.3
  SINCE DEC 1      0.4                      10.1   -9.7     14.2
  SINCE JUL 1      0.4                      10.4  -10.0     14.2
  SNOW DEPTH       0

DEGREE DAYS
 HEATING
  YESTERDAY       27                        25      2       28
  MONTH TO DATE  462                       721   -259      647
  SINCE DEC 1   2125                      2639   -514     2128
  SINCE JUL 1   2655                      3500   -845     2737

 COOLING
  YESTERDAY        0                         0      0        0
  MONTH TO DATE    0                         0      0        0
  SINCE DEC 1      0                         0      0        3
  SINCE JAN 1      0                         0      0        0
..................................................................


WIND (MPH)
  HIGHEST WIND SPEED    22   HIGHEST WIND DIRECTION     W (280)
  HIGHEST GUST SPEED    33   HIGHEST GUST DIRECTION     W (270)
  AVERAGE WIND SPEED    11.2


SKY COVER
  AVERAGE SKY COVER 0.5


WEATHER CONDITIONS
 THE FOLLOWING WEATHER WAS RECORDED YESTERDAY.
  NO SIGNIFICANT WEATHER WAS OBSERVED.


RELATIVE HUMIDITY (PERCENT)
 HIGHEST    63
 LOWEST     38
 AVERAGE    51

..........................................................


THE EVANSVILLE IN CLIMATE NORMALS FOR TODAY
                         NORMAL    RECORD    YEAR
 MAXIMUM TEMPERATURE (F)   50        72      1996
                                             1917
 MINIMUM TEMPERATURE (F)   30         4      1934


SUNRISE AND SUNSET
FEBRUARY 26 2017......SUNRISE   626 AM CST   SUNSET   541 PM CST
FEBRUARY 27 2017......SUNRISE   624 AM CST   SUNSET   542 PM CST


-  INDICATES NEGATIVE NUMBERS.
R  INDICATES RECORD WAS SET OR TIED.
MM INDICATES DATA IS MISSING.
T  INDICATES TRACE AMOUNT.




$$
