000
CDUS43 KPAH 240632
CLIEVV


CLIMATE REPORT
NATIONAL WEATHER SERVICE PADUCAH KY
131 AM CDT FRI OCT 24 2014


...................................

...THE EVANSVILLE IN CLIMATE SUMMARY FOR OCTOBER 23 2014...

CLIMATE NORMAL PERIOD 1981 TO 2010
CLIMATE RECORD PERIOD 1896 TO 2014


WEATHER ITEM   OBSERVED TIME   RECORD YEAR NORMAL DEPARTURE LAST
                VALUE   (LST)  VALUE       VALUE  FROM      YEAR
                                                  NORMAL
..................................................................
TEMPERATURE (F)
 YESTERDAY
  MAXIMUM         63    231 PM  88    1963  67     -4       51
  MINIMUM         38    602 AM  26    1952  44     -6       40
  AVERAGE         51                        56     -5       46

PRECIPITATION (IN)
  YESTERDAY        0.00          2.45 1976   0.11  -0.11     0.00
  MONTH TO DATE    3.66                      2.37   1.29     4.84
  SINCE SEP 1      6.21                      5.42   0.79     7.65
  SINCE JAN 1     40.39                     36.34   4.05    42.98

SNOWFALL (IN)
  YESTERDAY        0.0           0.0  2002   0.0    0.0      0.0
                                      2001
  MONTH TO DATE    0.0                       0.1   -0.1      0.0
  SINCE SEP 1      0.0                       0.1   -0.1      0.0
  SINCE JUL 1      0.0                       0.1   -0.1      0.0
  SNOW DEPTH       0

DEGREE DAYS
 HEATING
  YESTERDAY       14                        10      4       19
  MONTH TO DATE  154                       167    -13      131
  SINCE SEP 1    190                       213    -23      141
  SINCE JUL 1    190                       214    -24      141

 COOLING
  YESTERDAY        0                         0      0        0
  MONTH TO DATE   28                        28      0       55
  SINCE SEP 1    191                       195     -4      270
  SINCE JAN 1   1471                      1394     77     1462
..................................................................


WIND (MPH)
  HIGHEST WIND SPEED     9   HIGHEST WIND DIRECTION     S (180)
  HIGHEST GUST SPEED    11   HIGHEST GUST DIRECTION    SE (120)
  AVERAGE WIND SPEED     2.2


SKY COVER
  AVERAGE SKY COVER 0.0


WEATHER CONDITIONS
 THE FOLLOWING WEATHER WAS RECORDED YESTERDAY.
  FOG


RELATIVE HUMIDITY (PERCENT)
 HIGHEST    92
 LOWEST     46
 AVERAGE    69

..........................................................


THE EVANSVILLE IN CLIMATE NORMALS FOR TODAY
                         NORMAL    RECORD    YEAR
 MAXIMUM TEMPERATURE (F)   67        82      1934
 MINIMUM TEMPERATURE (F)   43        23      1981


SUNRISE AND SUNSET
OCTOBER 24 2014.......SUNRISE   708 AM CDT   SUNSET   600 PM CDT
OCTOBER 25 2014.......SUNRISE   709 AM CDT   SUNSET   559 PM CDT


-  INDICATES NEGATIVE NUMBERS.
R  INDICATES RECORD WAS SET OR TIED.
MM INDICATES DATA IS MISSING.
T  INDICATES TRACE AMOUNT.




$$
