752
CDUS45 KSLC 231226
CLIEVW


CLIMATE REPORT
NATIONAL WEATHER SERVICE SALT LAKE CITY UT
526 AM MST MON JAN 23 2017


...................................

...THE EVANSTON WY CLIMATE SUMMARY FOR JANUARY 22 2017...

CLIMATE NORMAL PERIOD 1981 TO 2010
CLIMATE RECORD PERIOD 9999 TO 9999


WEATHER ITEM   OBSERVED TIME   RECORD YEAR NORMAL DEPARTURE LAST
                VALUE   (LST)  VALUE       VALUE  FROM      YEAR
                                                  NORMAL
..................................................................
TEMPERATURE (F)
 YESTERDAY
  MAXIMUM         29    138 PM  MM      MM  29      0       36
  MINIMUM         12    858 AM  MM      MM  14     -2       15
  AVERAGE         21                        22     -1       26

PRECIPITATION (IN)
  YESTERDAY        0.22         MM      MM   0.02   0.20     0.00
  MONTH TO DATE    0.89                      0.40   0.49     0.10
  SINCE OCT 1      2.47                      3.19  -0.72     1.09
  SINCE JAN 1      0.89                      0.40   0.49     0.10

DEGREE DAYS
 HEATING
  YESTERDAY       44                        43      1       39
  MONTH TO DATE 1046                       956     90     1010
  SINCE DEC 1   2414                      2326     88     2370
  SINCE JUL 1   4065                      4435   -370     4059

 COOLING
  YESTERDAY        0                         0      0        0
  MONTH TO DATE    0                         0      0        0
  SINCE DEC 1      0                         0      0        0
  SINCE JAN 1      0                         0      0        0
..................................................................


WIND (MPH)
  RESULTANT WIND SPEED   3   RESULTANT WIND DIRECTION   S (170)
  HIGHEST WIND SPEED    15   HIGHEST WIND DIRECTION     E (80)
  HIGHEST GUST SPEED    16   HIGHEST GUST DIRECTION     E (80)
  AVERAGE WIND SPEED     7.5


SKY COVER
  POSSIBLE SUNSHINE  MM
  AVERAGE SKY COVER 0.7


WEATHER CONDITIONS
 THE FOLLOWING WEATHER WAS RECORDED YESTERDAY.
  HEAVY SNOW
  SNOW
  LIGHT SNOW
  FOG
  FOG W/VISIBILITY <= 1/4 MILE
  HAZE


RELATIVE HUMIDITY (PERCENT)
 HIGHEST    92           600 PM
 LOWEST     50           300 PM
 AVERAGE    71

..........................................................


THE EVANSTON WY CLIMATE NORMALS FOR TODAY
                         NORMAL    RECORD    YEAR
 MAXIMUM TEMPERATURE (F)   29        MM        MM
 MINIMUM TEMPERATURE (F)   14        MM        MM


SUNRISE AND SUNSET
JANUARY 23 2017.......SUNRISE   743 AM MST   SUNSET   530 PM MST
JANUARY 24 2017.......SUNRISE   742 AM MST   SUNSET   531 PM MST


-  INDICATES NEGATIVE NUMBERS.
R  INDICATES RECORD WAS SET OR TIED.
MM INDICATES DATA IS MISSING.
T  INDICATES TRACE AMOUNT.




$$
