000
CDUS42 KMHX 240527
CLIEWN


CLIMATE REPORT
NATIONAL WEATHER SERVICE NEWPORT/MOREHEAD CITY NC
1226 AM EST WED JAN 24 2018


...................................

...THE NEW BERN NC CLIMATE SUMMARY FOR JANUARY 23 2018...

CLIMATE NORMAL PERIOD 1981 TO 2010
CLIMATE RECORD PERIOD 1948 TO 2018


WEATHER ITEM   OBSERVED TIME   RECORD YEAR NORMAL DEPARTURE LAST
                VALUE   (LST)  VALUE       VALUE  FROM      YEAR
                                                  NORMAL
..................................................................
TEMPERATURE (F)
 YESTERDAY
  MAXIMUM         74    346 PM  77    1974  55     19       68
  MINIMUM         52   1159 PM  13    1985  34     18       50
  AVERAGE         63                        44     19       59

PRECIPITATION (IN)
  YESTERDAY        0.38          1.22 2002   0.12   0.26     1.01
  MONTH TO DATE    1.93                      2.99  -1.06     4.14
  SINCE DEC 1      6.16                      6.39  -0.23     7.64
  SINCE JAN 1      1.93                      2.99  -1.06     4.14

SNOWFALL (IN)
  YESTERDAY        0.0
  MONTH TO DATE    6.0
  SINCE NOV 1      6.0
  SINCE JUL 1      6.0
  SNOW DEPTH       0

DEGREE DAYS
 HEATING
  YESTERDAY        2                        21    -19        6
  MONTH TO DATE  640                       483    157      349
  SINCE DEC 1   1261                      1050    211      887
  SINCE JUL 1   1700                      1477    223     1282

 COOLING
  YESTERDAY        0                         0      0        0
  MONTH TO DATE    3                         0      3        0
  SINCE DEC 1      3                         3      0        0
  SINCE JAN 1      3                         0      3        0
..................................................................


WIND (MPH)
  HIGHEST WIND SPEED    26   HIGHEST WIND DIRECTION    SW (210)
  HIGHEST GUST SPEED    37   HIGHEST GUST DIRECTION    SW (210)
  AVERAGE WIND SPEED    11.6


SKY COVER
  POSSIBLE SUNSHINE  MM
  AVERAGE SKY COVER 0.3


WEATHER CONDITIONS
 THE FOLLOWING WEATHER WAS RECORDED YESTERDAY.
  HEAVY RAIN
  RAIN
  LIGHT RAIN
  FOG
  FOG W/VISIBILITY <= 1/4 MILE


RELATIVE HUMIDITY (PERCENT)
 HIGHEST    93          1200 AM
 LOWEST     36           900 PM
 AVERAGE    65

..........................................................


THE NEW BERN NC CLIMATE NORMALS FOR TODAY
                         NORMAL    RECORD    YEAR
 MAXIMUM TEMPERATURE (F)   55        76      2002
                                             1950
 MINIMUM TEMPERATURE (F)   34        12      2014


SUNRISE AND SUNSET
JANUARY 24 2018.......SUNRISE   712 AM EST   SUNSET   529 PM EST
JANUARY 25 2018.......SUNRISE   712 AM EST   SUNSET   530 PM EST


-  INDICATES NEGATIVE NUMBERS.
R  INDICATES RECORD WAS SET OR TIED.
MM INDICATES DATA IS MISSING.
T  INDICATES TRACE AMOUNT.




$$
