000
CDUS42 KMHX 200530
CLIEWN


CLIMATE REPORT
NATIONAL WEATHER SERVICE NEWPORT/MOREHEAD CITY NC
130 AM EDT MON OCT 20 2014


...................................

...THE NEW BERN NC CLIMATE SUMMARY FOR OCTOBER 19 2014...

CLIMATE NORMAL PERIOD 1981 TO 2010
CLIMATE RECORD PERIOD 1948 TO 2014


WEATHER ITEM   OBSERVED TIME   RECORD YEAR NORMAL DEPARTURE LAST
                VALUE   (LST)  VALUE       VALUE  FROM      YEAR
                                                  NORMAL
..................................................................
TEMPERATURE (F)
 YESTERDAY
  MAXIMUM         68        MM  87    2007  74     -6       75
  MINIMUM         49   1000 PM  33    1948  52     -3       68
  AVERAGE         59                        63     -4       72

PRECIPITATION (IN)
  YESTERDAY        T             1.81 1968   0.10  -0.10     0.05
  MONTH TO DATE    2.13                      2.14  -0.01     3.06
  SINCE SEP 1      9.71                      8.03   1.68     6.31
  SINCE JAN 1     46.72                     44.83   1.89    35.68

SNOWFALL (IN)
  YESTERDAY       MM
  MONTH TO DATE    0.0
  SINCE NOV 1     14.0
  SINCE JUL 1      0.0
  SNOW DEPTH       0

DEGREE DAYS
 HEATING
  YESTERDAY        6                         4      2        0
  MONTH TO DATE   16                        45    -29        2
  SINCE SEP 1     16                        52    -36        4
  SINCE JUL 1     16                        52    -36        4

 COOLING
  YESTERDAY        0                         2     -2        7
  MONTH TO DATE  105                        64     41      105
  SINCE SEP 1    455                       338    117      373
  SINCE JAN 1   2166                      1867    299     1990
..................................................................


WIND (MPH)
  HIGHEST WIND SPEED    15   HIGHEST WIND DIRECTION     N (340)
  HIGHEST GUST SPEED    22   HIGHEST GUST DIRECTION     N (340)
  AVERAGE WIND SPEED     7.7


SKY COVER
  POSSIBLE SUNSHINE  MM
  AVERAGE SKY COVER 0.2


WEATHER CONDITIONS
 THE FOLLOWING WEATHER WAS RECORDED YESTERDAY.
  NO SIGNIFICANT WEATHER WAS OBSERVED.


RELATIVE HUMIDITY (PERCENT)
 HIGHEST    86           900 PM
 LOWEST     37           200 PM
 AVERAGE    62

..........................................................


THE NEW BERN NC CLIMATE NORMALS FOR TODAY
                         NORMAL    RECORD    YEAR
 MAXIMUM TEMPERATURE (F)   74        88      1984
 MINIMUM TEMPERATURE (F)   52        33      1981


SUNRISE AND SUNSET
OCTOBER 20 2014.......SUNRISE   718 AM EDT   SUNSET   627 PM EDT
OCTOBER 21 2014.......SUNRISE   719 AM EDT   SUNSET   626 PM EDT


-  INDICATES NEGATIVE NUMBERS.
R  INDICATES RECORD WAS SET OR TIED.
MM INDICATES DATA IS MISSING.
T  INDICATES TRACE AMOUNT.




$$
