617
CDUS42 KMHX 210643
CLIEWN


CLIMATE REPORT
NATIONAL WEATHER SERVICE NEWPORT/MOREHEAD CITY NC
142 AM EST SAT JAN 21 2017


...................................

...THE NEW BERN NC CLIMATE SUMMARY FOR JANUARY 20 2017...

CLIMATE NORMAL PERIOD 1981 TO 2010
CLIMATE RECORD PERIOD 1948 TO 2017


WEATHER ITEM   OBSERVED TIME   RECORD YEAR NORMAL DEPARTURE LAST
                VALUE   (LST)  VALUE       VALUE  FROM      YEAR
                                                  NORMAL
..................................................................
TEMPERATURE (F)
 YESTERDAY
  MAXIMUM         73    345 PM  77    1988  55     18       37
  MINIMUM         40   1254 AM   7    1985  34      6       25
  AVERAGE         57                        44     13       31

PRECIPITATION (IN)
  YESTERDAY        0.00          1.45 1969   0.13  -0.13      T
  MONTH TO DATE    2.91                      2.63   0.28     1.62
  SINCE DEC 1      6.41                      6.03   0.38     8.04
  SINCE JAN 1      2.91                      2.63   0.28     1.62

SNOWFALL (IN)
  YESTERDAY        0.0
  MONTH TO DATE    T
  SINCE NOV 1      T
  SINCE JUL 1      T
  SNOW DEPTH       0

DEGREE DAYS
 HEATING
  YESTERDAY        8                        21    -13       34
  MONTH TO DATE  328                       420    -92      448
  SINCE DEC 1    866                       987   -121      652
  SINCE JUL 1   1261                      1414   -153      935

 COOLING
  YESTERDAY        0                         0      0        0
  MONTH TO DATE    0                         0      0        0
  SINCE DEC 1      0                         3     -3       49
  SINCE JAN 1      0                         0      0        0
..................................................................


WIND (MPH)
  HIGHEST WIND SPEED    13   HIGHEST WIND DIRECTION     W (260)
  HIGHEST GUST SPEED    16   HIGHEST GUST DIRECTION     W (260)
  AVERAGE WIND SPEED     3.2


SKY COVER
  POSSIBLE SUNSHINE  MM
  AVERAGE SKY COVER 0.5


WEATHER CONDITIONS
 THE FOLLOWING WEATHER WAS RECORDED YESTERDAY.
  FOG


RELATIVE HUMIDITY (PERCENT)
 HIGHEST   100           100 AM
 LOWEST     66           300 PM
 AVERAGE    83

..........................................................


THE NEW BERN NC CLIMATE NORMALS FOR TODAY
                         NORMAL    RECORD    YEAR
 MAXIMUM TEMPERATURE (F)   55        78      1954
 MINIMUM TEMPERATURE (F)   34         1      1985


SUNRISE AND SUNSET
JANUARY 21 2017.......SUNRISE   714 AM EST   SUNSET   526 PM EST
JANUARY 22 2017.......SUNRISE   713 AM EST   SUNSET   527 PM EST


-  INDICATES NEGATIVE NUMBERS.
R  INDICATES RECORD WAS SET OR TIED.
MM INDICATES DATA IS MISSING.
T  INDICATES TRACE AMOUNT.




$$
