000
CDUS42 KMHX 232125
CLIEWN


CLIMATE REPORT
NATIONAL WEATHER SERVICE NEWPORT/MOREHEAD CITY NC
525 PM EDT TUE AUG 23 2016


...................................

...THE NEW BERN NC CLIMATE SUMMARY FOR AUGUST 23 2016...
VALID TODAY AS OF 0500 PM LOCAL TIME.

CLIMATE NORMAL PERIOD 1981 TO 2010
CLIMATE RECORD PERIOD 1948 TO 2016


WEATHER ITEM   OBSERVED TIME   RECORD YEAR NORMAL DEPARTURE LAST
                VALUE   (LST)  VALUE       VALUE  FROM      YEAR
                                                  NORMAL
..................................................................
TEMPERATURE (F)
 TODAY
  MAXIMUM         87    138 PM  98    2002  87      0       88
  MINIMUM         70    325 AM  57    1969  70      0       68
  AVERAGE         79                        79      0       78

PRECIPITATION (IN)
  TODAY            0.00          1.61 1974   0.22  -0.22     0.00
  MONTH TO DATE    3.83                      5.04  -1.21     4.38
  SINCE JUN 1     19.35                     15.80   3.55    20.01
  SINCE JAN 1     42.06                     35.19   6.87    36.83

SNOWFALL (IN)
  TODAY            0.0
  MONTH TO DATE    0.0
  SINCE NOV 1      T
  SINCE JUL 1      0.0
  SNOW DEPTH       0

DEGREE DAYS
 HEATING
  TODAY            0                         0      0        0
  MONTH TO DATE    0                         0      0        0
  SINCE JUN 1      0                         1     -1        0
  SINCE JUL 1      0                         0      0        0

 COOLING
  TODAY           14                        14      0       13
  MONTH TO DATE  409                       335     74      336
  SINCE JUN 1   1367                      1182    185     1327
  SINCE JAN 1   1637                      1425    212     1625
..................................................................


WIND (MPH)
  HIGHEST WIND SPEED    14   HIGHEST WIND DIRECTION     E (80)
  HIGHEST GUST SPEED    22   HIGHEST GUST DIRECTION    NE (60)
  AVERAGE WIND SPEED     4.5


SKY COVER
  POSSIBLE SUNSHINE  MM
  AVERAGE SKY COVER 0.3


WEATHER CONDITIONS
 THE FOLLOWING WEATHER WAS RECORDED TODAY.
  NO SIGNIFICANT WEATHER WAS OBSERVED.


RELATIVE HUMIDITY (PERCENT)
 HIGHEST    93           100 AM
 LOWEST     42           100 PM
 AVERAGE    68

..........................................................


THE NEW BERN NC CLIMATE NORMALS FOR TOMORROW
                         NORMAL    RECORD    YEAR
 MAXIMUM TEMPERATURE (F)   87       100      2002
 MINIMUM TEMPERATURE (F)   70        56      1953


SUNRISE AND SUNSET
AUGUST 23 2016........SUNRISE   635 AM EDT   SUNSET   746 PM EDT
AUGUST 24 2016........SUNRISE   635 AM EDT   SUNSET   745 PM EDT


-  INDICATES NEGATIVE NUMBERS.
R  INDICATES RECORD WAS SET OR TIED.
MM INDICATES DATA IS MISSING.
T  INDICATES TRACE AMOUNT.




$$
