000
CDUS42 KMHX 202236
CLIEWN


CLIMATE REPORT
NATIONAL WEATHER SERVICE NEWPORT/MOREHEAD CITY NC
536 PM EST MON NOV 20 2017


...................................

...THE NEW BERN NC CLIMATE SUMMARY FOR NOVEMBER 20 2017...
VALID TODAY AS OF 0500 PM LOCAL TIME.

CLIMATE NORMAL PERIOD 1981 TO 2010
CLIMATE RECORD PERIOD 1948 TO 2017


WEATHER ITEM   OBSERVED TIME   RECORD YEAR NORMAL DEPARTURE LAST
                VALUE   (LST)  VALUE       VALUE  FROM      YEAR
                                                  NORMAL
..................................................................
TEMPERATURE (F)
 TODAY
  MAXIMUM         57    300 PM  82    1985  65     -8       51
  MINIMUM         32    706 AM  22    1951  43    -11       37
  AVERAGE         45                        54     -9       44

PRECIPITATION (IN)
  TODAY            0.00          2.06 1952   0.11  -0.11     0.00
  MONTH TO DATE    0.18                      2.23  -2.05     0.61
  SINCE SEP 1      8.16                     11.38  -3.22    18.31
  SINCE JAN 1     46.80                     48.18  -1.38    61.68

SNOWFALL (IN)
  TODAY            0.0
  MONTH TO DATE    0.0
  SINCE NOV 1      0.0
  SINCE JUL 1      0.0
  SNOW DEPTH       0

DEGREE DAYS
 HEATING
  TODAY           20                        11      9       21
  MONTH TO DATE  210                       180     30      199
  SINCE SEP 1    288                       297     -9      257
  SINCE JUL 1    288                       297     -9      257

 COOLING
  TODAY            0                         0      0        0
  MONTH TO DATE    6                        14     -8        6
  SINCE SEP 1    467                       370     97      500
  SINCE JAN 1   2150                      1899    251     2255
..................................................................


WIND (MPH)
  HIGHEST WIND SPEED    14   HIGHEST WIND DIRECTION     N (360)
  HIGHEST GUST SPEED    18   HIGHEST GUST DIRECTION     N (350)
  AVERAGE WIND SPEED     4.0


SKY COVER
  POSSIBLE SUNSHINE  MM
  AVERAGE SKY COVER 0.0


WEATHER CONDITIONS
 THE FOLLOWING WEATHER WAS RECORDED TODAY.
  NO SIGNIFICANT WEATHER WAS OBSERVED.


RELATIVE HUMIDITY (PERCENT)
 HIGHEST    82           600 AM
 LOWEST     35           200 PM
 AVERAGE    59

..........................................................


THE NEW BERN NC CLIMATE NORMALS FOR TOMORROW
                         NORMAL    RECORD    YEAR
 MAXIMUM TEMPERATURE (F)   65        79      1975
 MINIMUM TEMPERATURE (F)   42        20      1951


SUNRISE AND SUNSET
NOVEMBER 20 2017......SUNRISE   648 AM EST   SUNSET   500 PM EST
NOVEMBER 21 2017......SUNRISE   649 AM EST   SUNSET   459 PM EST


-  INDICATES NEGATIVE NUMBERS.
R  INDICATES RECORD WAS SET OR TIED.
MM INDICATES DATA IS MISSING.
T  INDICATES TRACE AMOUNT.




$$
