000
CDUS42 KMHX 262126
CLIEWN


CLIMATE REPORT
NATIONAL WEATHER SERVICE NEWPORT/MOREHEAD CITY NC
525 PM EDT WED JUL 26 2017


...................................

...THE NEW BERN NC CLIMATE SUMMARY FOR JULY 26 2017...
VALID TODAY AS OF 0500 PM LOCAL TIME.

CLIMATE NORMAL PERIOD 1981 TO 2010
CLIMATE RECORD PERIOD 1948 TO 2017


WEATHER ITEM   OBSERVED TIME   RECORD YEAR NORMAL DEPARTURE LAST
                VALUE   (LST)  VALUE       VALUE  FROM      YEAR
                                                  NORMAL
..................................................................
TEMPERATURE (F)
 TODAY
  MAXIMUM         87    316 PM  98    1949  89     -2       95
  MINIMUM         74    600 AM  62    2015  72      2       76
                                      1973
  AVERAGE         81                        81      0       86

PRECIPITATION (IN)
  TODAY            0.00          2.54 1950   0.22  -0.22     0.00
  MONTH TO DATE    4.74                      5.08  -0.34    10.33
  SINCE JUN 1     10.40                      9.67   0.73    13.75
  SINCE JAN 1     29.91                     29.06   0.85    36.46

SNOWFALL (IN)
  TODAY            0.0
  MONTH TO DATE    0.0
  SINCE NOV 1      T
  SINCE JUL 1      0.0
  SNOW DEPTH       0

DEGREE DAYS
 HEATING
  TODAY            0                         0      0        0
  MONTH TO DATE    0                         0      0        0
  SINCE JUN 1      2                         1      1        0
  SINCE JUL 1      0                         0      0        0

 COOLING
  TODAY           16                        16      0       21
  MONTH TO DATE  457                       409     48      463
  SINCE JUN 1    821                       774     47      856
  SINCE JAN 1   1193                      1017    176     1126
..................................................................


WIND (MPH)
  HIGHEST WIND SPEED    14   HIGHEST WIND DIRECTION    NE (40)
  HIGHEST GUST SPEED    19   HIGHEST GUST DIRECTION    NE (40)
  AVERAGE WIND SPEED     8.3


SKY COVER
  POSSIBLE SUNSHINE  MM
  AVERAGE SKY COVER 0.7


WEATHER CONDITIONS
 THE FOLLOWING WEATHER WAS RECORDED TODAY.
  NO SIGNIFICANT WEATHER WAS OBSERVED.


RELATIVE HUMIDITY (PERCENT)
 HIGHEST    87           600 AM
 LOWEST     51          1100 AM
 AVERAGE    69

..........................................................


THE NEW BERN NC CLIMATE NORMALS FOR TOMORROW
                         NORMAL    RECORD    YEAR
 MAXIMUM TEMPERATURE (F)   89        99      2005
                                             1949
 MINIMUM TEMPERATURE (F)   72        61      1962


SUNRISE AND SUNSET
JULY 26 2017..........SUNRISE   613 AM EDT   SUNSET   816 PM EDT
JULY 27 2017..........SUNRISE   614 AM EDT   SUNSET   815 PM EDT


-  INDICATES NEGATIVE NUMBERS.
R  INDICATES RECORD WAS SET OR TIED.
MM INDICATES DATA IS MISSING.
T  INDICATES TRACE AMOUNT.




$$
