000
CDUS41 KOKX 190623
CLIEWR


CLIMATE REPORT
NATIONAL WEATHER SERVICE NEW YORK NY
223 AM EDT SAT APR 19 2014


...................................

...THE NEWARK NJ CLIMATE SUMMARY FOR APRIL 18 2014...

CLIMATE NORMAL PERIOD 1981 TO 2010
CLIMATE RECORD PERIOD 1929 TO 2014


WEATHER ITEM   OBSERVED TIME   RECORD YEAR NORMAL DEPARTURE LAST
                VALUE   (LST)  VALUE       VALUE  FROM      YEAR
                                                  NORMAL
..................................................................
TEMPERATURE (F)
 YESTERDAY
  MAXIMUM         49    341 PM  93    2002  63    -14       57
                                      1976
  MINIMUM         36    622 AM  32    1943  45     -9       52
  AVERAGE         43                        54    -11       55

PRECIPITATION (IN)
  YESTERDAY        0.00          1.40 1938   0.14  -0.14     0.03
  MONTH TO DATE    1.96                      2.61  -0.65     1.21
  SINCE MAR 1      5.61                      6.79  -1.18     4.21
  SINCE JAN 1     13.33                     13.21   0.12    10.55

SNOWFALL (IN)
  YESTERDAY        0.0           T    1983   0.1   -0.1      0.0
  MONTH TO DATE    0.4                       0.8   -0.4      0.0
  SINCE OCT 1     61.1                      28.4   32.7     29.5
  SINCE JUL 1     61.1                      28.4   32.7     29.5
  SNOW DEPTH       0

DEGREE DAYS
 HEATING
  YESTERDAY       22                        12     10       10
  MONTH TO DATE  239                       262    -23      229
  SINCE MAR 1   1073                       971    102      988
  SINCE JUL 1   4948                      4606    342     4368

 COOLING
  YESTERDAY        0                         0      0        0
  MONTH TO DATE    8                         0      8        3
  SINCE MAR 1      8                         1      7        3
  SINCE JAN 1      8                         1      7        3
..................................................................


WIND (MPH)
  HIGHEST WIND SPEED    12   HIGHEST WIND DIRECTION     S (180)
  HIGHEST GUST SPEED    15   HIGHEST GUST DIRECTION     S (180)
  AVERAGE WIND SPEED     5.5


SKY COVER
  AVERAGE SKY COVER 0.9


WEATHER CONDITIONS
 THE FOLLOWING WEATHER WAS RECORDED YESTERDAY.
  NO SIGNIFICANT WEATHER WAS OBSERVED.


RELATIVE HUMIDITY (PERCENT)
 HIGHEST    70           400 AM
 LOWEST     49          1200 PM
 AVERAGE    60

..........................................................


THE NEWARK NJ CLIMATE NORMALS FOR TODAY
                         NORMAL    RECORD    YEAR
 MAXIMUM TEMPERATURE (F)   63        92      1976
 MINIMUM TEMPERATURE (F)   45        33      2001


SUNRISE AND SUNSET
APRIL 19 2014.........SUNRISE   612 AM EDT   SUNSET   740 PM EDT
APRIL 20 2014.........SUNRISE   611 AM EDT   SUNSET   741 PM EDT


-  INDICATES NEGATIVE NUMBERS.
R  INDICATES RECORD WAS SET OR TIED.
MM INDICATES DATA IS MISSING.
T  INDICATES TRACE AMOUNT.




$$
