000
CDUS41 KOKX 300623
CLIEWR


CLIMATE REPORT
NATIONAL WEATHER SERVICE NEW YORK NY
217 AM EDT THU OCT 30 2014


...................................

...THE NEWARK NJ CLIMATE SUMMARY FOR OCTOBER 29 2014...

CLIMATE NORMAL PERIOD 1981 TO 2010
CLIMATE RECORD PERIOD 1929 TO 2014


WEATHER ITEM   OBSERVED TIME   RECORD YEAR NORMAL DEPARTURE LAST
                VALUE   (LST)  VALUE       VALUE  FROM      YEAR
                                                  NORMAL
..................................................................
TEMPERATURE (F)
 YESTERDAY
  MAXIMUM         74   1205 PM  78    1971  61     13       57
                                      1946
  MINIMUM         49   1150 PM  30    1965  44      5       42
                                      1940
  AVERAGE         62                        52     10       50

PRECIPITATION (IN)
  YESTERDAY        0.02          3.04 1973   0.11  -0.09     0.00
  MONTH TO DATE    4.14                      3.37   0.77     0.43
  SINCE SEP 1      5.66                      7.19  -1.53     1.97
  SINCE JAN 1     40.28                     38.56   1.72    35.27

SNOWFALL (IN)
  YESTERDAY        0.0           5.2  2011   0.0    0.0      0.0
                                      1952
  MONTH TO DATE    T                         0.0    0.0      0.0
  SINCE OCT 1      T                         0.0    0.0      0.0
  SINCE JUL 1      T                         0.0    0.0      0.0
  SNOW DEPTH       0

DEGREE DAYS
 HEATING
  YESTERDAY        3                        13    -10       15
  MONTH TO DATE  159                       250    -91      192
  SINCE SEP 1    178                       294   -116      239
  SINCE JUL 1    178                       295   -117      239

 COOLING
  YESTERDAY        0                         0      0        0
  MONTH TO DATE   21                        14      7       47
  SINCE SEP 1    190                       154     36      166
  SINCE JAN 1   1175                      1188    -13     1337
..................................................................


WIND (MPH)
  HIGHEST WIND SPEED    22   HIGHEST WIND DIRECTION     W (260)
  HIGHEST GUST SPEED    29   HIGHEST GUST DIRECTION    NW (300)
  AVERAGE WIND SPEED     7.9


SKY COVER
  AVERAGE SKY COVER 0.9


WEATHER CONDITIONS
 THE FOLLOWING WEATHER WAS RECORDED YESTERDAY.
  LIGHT RAIN


RELATIVE HUMIDITY (PERCENT)
 HIGHEST    93           400 AM
 LOWEST     33           200 PM
 AVERAGE    63

..........................................................


THE NEWARK NJ CLIMATE NORMALS FOR TODAY
                         NORMAL    RECORD    YEAR
 MAXIMUM TEMPERATURE (F)   61        82      1946
 MINIMUM TEMPERATURE (F)   44        31      1952


SUNRISE AND SUNSET
OCTOBER 30 2014.......SUNRISE   725 AM EDT   SUNSET   556 PM EDT
OCTOBER 31 2014.......SUNRISE   726 AM EDT   SUNSET   554 PM EDT


-  INDICATES NEGATIVE NUMBERS.
R  INDICATES RECORD WAS SET OR TIED.
MM INDICATES DATA IS MISSING.
T  INDICATES TRACE AMOUNT.




$$
