000
CDUS43 KIND 300531
CLIEYE


CLIMATE REPORT
NATIONAL WEATHER SERVICE INDIANAPOLIS IN
131 AM EDT TUE JUN 30 2015


...................................

...THE INDIANAPOLIS EAGLE CREEK IN CLIMATE SUMMARY FOR JUNE 29 2015...

CLIMATE NORMAL PERIOD 1981 TO 2010
CLIMATE RECORD PERIOD 9999 TO 9999


WEATHER ITEM   OBSERVED TIME   NORMAL DEPARTURE LAST
                VALUE   (LST)  VALUE  FROM      YEAR
                                      NORMAL
......................................................
TEMPERATURE (F)
 YESTERDAY
  MAXIMUM         76    512 PM  84     -8       82
  MINIMUM         63    940 AM  67     -4       71
  AVERAGE         70            75     -5       77

PRECIPITATION (IN)
  YESTERDAY        0.13          0.14  -0.01     0.00
  MONTH TO DATE    5.16          4.27   0.89     5.98
  SINCE JUN 1      5.16          4.27   0.89     5.98
  SINCE JAN 1     17.51         21.08  -3.57    22.43

DEGREE DAYS
 HEATING
  YESTERDAY        0             0      0        0
  MONTH TO DATE   18            12      6        3
  SINCE JUN 1     18            12      6        3
  SINCE JUL 1   5940          5346    594     6229

 COOLING
  YESTERDAY        5            10     -5       12
  MONTH TO DATE  227           224      3      239
  SINCE JUN 1    227           224      3      239
  SINCE JAN 1    354           308     46      347
......................................................


WIND (MPH)
  HIGHEST WIND SPEED    12   HIGHEST WIND DIRECTION    NW (310)
  HIGHEST GUST SPEED    16   HIGHEST GUST DIRECTION    SE (150)
  AVERAGE WIND SPEED     5.1


SKY COVER
  AVERAGE SKY COVER 0.8


WEATHER CONDITIONS
 THE FOLLOWING WEATHER WAS RECORDED YESTERDAY.
  RAIN
  LIGHT RAIN
  FOG


RELATIVE HUMIDITY (PERCENT)
 HIGHEST    93           400 AM
 LOWEST     68          1200 AM
 AVERAGE    81

..........................................................


THE INDIANAPOLIS EAGLE CREEK IN CLIMATE NORMALS FOR TODAY
                         NORMAL
 MAXIMUM TEMPERATURE (F)   84
 MINIMUM TEMPERATURE (F)   67


SUNRISE AND SUNSET
JUNE 30 2015..........SUNRISE   620 AM EDT   SUNSET   917 PM EDT
JULY  1 2015..........SUNRISE   621 AM EDT   SUNSET   917 PM EDT


-  INDICATES NEGATIVE NUMBERS.
R  INDICATES RECORD WAS SET OR TIED.
MM INDICATES DATA IS MISSING.
T  INDICATES TRACE AMOUNT.




$$
