000
CDUS43 KIND 220532
CLIEYE


CLIMATE REPORT
NATIONAL WEATHER SERVICE INDIANAPOLIS IN
131 AM EDT FRI AUG 22 2014


...................................

...THE INDIANAPOLIS EAGLE CREEK IN CLIMATE SUMMARY FOR AUGUST 21 2014...

CLIMATE NORMAL PERIOD 1981 TO 2010
CLIMATE RECORD PERIOD 9999 TO 9999


WEATHER ITEM   OBSERVED TIME   NORMAL DEPARTURE LAST
                VALUE   (LST)  VALUE  FROM      YEAR
                                      NORMAL
......................................................
TEMPERATURE (F)
 YESTERDAY
  MAXIMUM         86    605 PM  83      3       87
  MINIMUM         69    748 AM  65      4       66
  AVERAGE         78            74      4       77

PRECIPITATION (IN)
  YESTERDAY        1.54          0.10   1.44     0.00
  MONTH TO DATE    2.20          2.04   0.16     1.01
  SINCE JUN 1     11.35         10.69   0.66     7.92
  SINCE JAN 1     27.80         27.50   0.30    26.76

DEGREE DAYS
 HEATING
  YESTERDAY        0             0      0        0
  MONTH TO DATE    3             0      3        8
  SINCE JUN 1     11            15     -4       25
  SINCE JUL 1      8             1      7       11

 COOLING
  YESTERDAY       13             9      4       12
  MONTH TO DATE  145           201    -56      144
  SINCE JUN 1    553           753   -200      594
  SINCE JAN 1    661           837   -176      705
......................................................


WIND (MPH)
  HIGHEST WIND SPEED    20   HIGHEST WIND DIRECTION    SW (220)
  HIGHEST GUST SPEED    34   HIGHEST GUST DIRECTION     W (250)
  AVERAGE WIND SPEED     4.1


SKY COVER
  AVERAGE SKY COVER 0.5


WEATHER CONDITIONS
 THE FOLLOWING WEATHER WAS RECORDED YESTERDAY.
  THUNDERSTORM
  HEAVY RAIN
  RAIN
  LIGHT RAIN
  FOG
  HAZE


RELATIVE HUMIDITY (PERCENT)
 HIGHEST    90           700 AM
 LOWEST     61           200 PM
 AVERAGE    76

..........................................................


THE INDIANAPOLIS EAGLE CREEK IN CLIMATE NORMALS FOR TODAY
                         NORMAL
 MAXIMUM TEMPERATURE (F)   83
 MINIMUM TEMPERATURE (F)   65


SUNRISE AND SUNSET
AUGUST 22 2014........SUNRISE   704 AM EDT   SUNSET   832 PM EDT
AUGUST 23 2014........SUNRISE   705 AM EDT   SUNSET   830 PM EDT


-  INDICATES NEGATIVE NUMBERS.
R  INDICATES RECORD WAS SET OR TIED.
MM INDICATES DATA IS MISSING.
T  INDICATES TRACE AMOUNT.




$$
