000
CDUS43 KIND 270531
CLIEYE


CLIMATE REPORT
NATIONAL WEATHER SERVICE INDIANAPOLIS IN
131 AM EDT THU APR 27 2017


...................................

...THE INDIANAPOLIS EAGLE CREEK IN CLIMATE SUMMARY FOR APRIL 26 2017...

CLIMATE NORMAL PERIOD 1981 TO 2010
CLIMATE RECORD PERIOD 9999 TO 9999


WEATHER ITEM   OBSERVED TIME   NORMAL DEPARTURE LAST
                VALUE   (LST)  VALUE  FROM      YEAR
                                      NORMAL
......................................................
TEMPERATURE (F)
 YESTERDAY
  MAXIMUM         84    305 PM  66     18       80
  MINIMUM         62    642 AM  47     15       60
  AVERAGE         73            56     17       70

PRECIPITATION (IN)
  YESTERDAY        T             0.16  -0.16     0.03
  MONTH TO DATE    1.47          3.18  -1.71     2.48
  SINCE MAR 1      5.92          6.48  -0.56     4.92
  SINCE JAN 1     11.08         10.82   0.26     6.88

DEGREE DAYS
 HEATING
  YESTERDAY        0             9     -9        0
  MONTH TO DATE  180           336   -156      323
  SINCE MAR 1    828          1036   -208      809
  SINCE JUL 1   4088          5161  -1073     4322

 COOLING
  YESTERDAY        8             1      7        5
  MONTH TO DATE   30            16     14       13
  SINCE MAR 1     32            17     15       13
  SINCE JAN 1     32            17     15       13
......................................................


WIND (MPH)
  HIGHEST WIND SPEED    31   HIGHEST WIND DIRECTION     W (290)
  HIGHEST GUST SPEED    39   HIGHEST GUST DIRECTION     W (290)
  AVERAGE WIND SPEED     8.1


SKY COVER
  AVERAGE SKY COVER 0.2


WEATHER CONDITIONS
 THE FOLLOWING WEATHER WAS RECORDED YESTERDAY.
  THUNDERSTORM
  LIGHT RAIN


RELATIVE HUMIDITY (PERCENT)
 HIGHEST    84           800 PM
 LOWEST     40           200 PM
 AVERAGE    62

..........................................................


THE INDIANAPOLIS EAGLE CREEK IN CLIMATE NORMALS FOR TODAY
                         NORMAL
 MAXIMUM TEMPERATURE (F)   67
 MINIMUM TEMPERATURE (F)   47


SUNRISE AND SUNSET
APRIL 27 2017.........SUNRISE   650 AM EDT   SUNSET   836 PM EDT
APRIL 28 2017.........SUNRISE   649 AM EDT   SUNSET   837 PM EDT


-  INDICATES NEGATIVE NUMBERS.
R  INDICATES RECORD WAS SET OR TIED.
MM INDICATES DATA IS MISSING.
T  INDICATES TRACE AMOUNT.




$$
