000
CDUS43 KIND 270552
CLIEYE


CLIMATE REPORT
NATIONAL WEATHER SERVICE INDIANAPOLIS IN
152 AM EDT TUE JUN 27 2017


...................................

...THE INDIANAPOLIS EAGLE CREEK IN CLIMATE SUMMARY FOR JUNE 26 2017...

CLIMATE NORMAL PERIOD 1981 TO 2010
CLIMATE RECORD PERIOD 9999 TO 9999


WEATHER ITEM   OBSERVED TIME   NORMAL DEPARTURE LAST
                VALUE   (LST)  VALUE  FROM      YEAR
                                      NORMAL
......................................................
TEMPERATURE (F)
 YESTERDAY
  MAXIMUM         73    142 PM  84    -11       92
  MINIMUM         55    545 AM  66    -11       73
  AVERAGE         64            75    -11       83

PRECIPITATION (IN)
  YESTERDAY        T             0.16  -0.16     0.23
  MONTH TO DATE    3.56          3.86  -0.30     8.86
  SINCE JUN 1      3.56          3.86  -0.30     8.86
  SINCE JAN 1     25.40         20.67   4.73    20.37

DEGREE DAYS
 HEATING
  YESTERDAY        1             0      1        0
  MONTH TO DATE    1            12    -11        0
  SINCE JUN 1      1            12    -11        0
  SINCE JUL 1   4243          5346  -1103     4505

 COOLING
  YESTERDAY        0            10    -10       18
  MONTH TO DATE  203           194      9      274
  SINCE JUN 1    203           194      9      274
  SINCE JAN 1    305           278     27      376
......................................................


WIND (MPH)
  HIGHEST WIND SPEED    25   HIGHEST WIND DIRECTION    NW (330)
  HIGHEST GUST SPEED    33   HIGHEST GUST DIRECTION    NW (330)
  AVERAGE WIND SPEED     7.9


SKY COVER
  AVERAGE SKY COVER 0.3


WEATHER CONDITIONS
 THE FOLLOWING WEATHER WAS RECORDED YESTERDAY.
  NO SIGNIFICANT WEATHER WAS OBSERVED.


RELATIVE HUMIDITY (PERCENT)
 HIGHEST    80           900 PM
 LOWEST     41           100 PM
 AVERAGE    61

..........................................................


THE INDIANAPOLIS EAGLE CREEK IN CLIMATE NORMALS FOR TODAY
                         NORMAL
 MAXIMUM TEMPERATURE (F)   84
 MINIMUM TEMPERATURE (F)   66


SUNRISE AND SUNSET
JUNE 27 2017..........SUNRISE   619 AM EDT   SUNSET   918 PM EDT
JUNE 28 2017..........SUNRISE   619 AM EDT   SUNSET   918 PM EDT


-  INDICATES NEGATIVE NUMBERS.
R  INDICATES RECORD WAS SET OR TIED.
MM INDICATES DATA IS MISSING.
T  INDICATES TRACE AMOUNT.




$$
