000
CDUS43 KIND 260537
CLIEYE


CLIMATE REPORT
NATIONAL WEATHER SERVICE INDIANAPOLIS IN
1237 AM EST FRI DEC 26 2014


...................................

...THE INDIANAPOLIS EAGLE CREEK IN CLIMATE SUMMARY FOR DECEMBER 25 2014...

CLIMATE NORMAL PERIOD 1981 TO 2010
CLIMATE RECORD PERIOD 9999 TO 9999


WEATHER ITEM   OBSERVED TIME   NORMAL DEPARTURE LAST
                VALUE   (LST)  VALUE  FROM      YEAR
                                      NORMAL
......................................................
TEMPERATURE (F)
 YESTERDAY
  MAXIMUM         41    401 PM  36      5       30
  MINIMUM         34   1159 PM  22     12       18
  AVERAGE         38            29      9       24

PRECIPITATION (IN)
  YESTERDAY        0.02          0.13  -0.11     0.00
  MONTH TO DATE    2.33          2.30   0.03     3.50
  SINCE DEC 1      2.33          2.30   0.03     3.50
  SINCE JAN 1     39.74         40.01  -0.27    41.68

DEGREE DAYS
 HEATING
  YESTERDAY       27            36     -9       41
  MONTH TO DATE  756           814    -58      876
  SINCE DEC 1    756           814    -58      876
  SINCE JUL 1   1995          1838    157     2054

 COOLING
  YESTERDAY        0             0      0        0
  MONTH TO DATE    0             0      0        0
  SINCE DEC 1      0             0      0        0
  SINCE JAN 1    893          1058   -165     1006
......................................................


WIND (MPH)
  HIGHEST WIND SPEED    17   HIGHEST WIND DIRECTION     W (270)
  HIGHEST GUST SPEED    24   HIGHEST GUST DIRECTION     W (270)
  AVERAGE WIND SPEED     7.8


SKY COVER
  AVERAGE SKY COVER 0.6


WEATHER CONDITIONS
 THE FOLLOWING WEATHER WAS RECORDED YESTERDAY.
  LIGHT RAIN


RELATIVE HUMIDITY (PERCENT)
 HIGHEST    92           300 AM
 LOWEST     65           400 PM
 AVERAGE    79

..........................................................


THE INDIANAPOLIS EAGLE CREEK IN CLIMATE NORMALS FOR TODAY
                         NORMAL
 MAXIMUM TEMPERATURE (F)   36
 MINIMUM TEMPERATURE (F)   22


SUNRISE AND SUNSET
DECEMBER 26 2014......SUNRISE   805 AM EST   SUNSET   527 PM EST
DECEMBER 27 2014......SUNRISE   805 AM EST   SUNSET   527 PM EST


-  INDICATES NEGATIVE NUMBERS.
R  INDICATES RECORD WAS SET OR TIED.
MM INDICATES DATA IS MISSING.
T  INDICATES TRACE AMOUNT.




$$
