000
CDUS43 KIND 230534
CLIEYE


CLIMATE REPORT
NATIONAL WEATHER SERVICE INDIANAPOLIS IN
1234 AM EST SUN NOV 23 2014


...................................

...THE INDIANAPOLIS EAGLE CREEK IN CLIMATE SUMMARY FOR NOVEMBER 22 2014...

CLIMATE NORMAL PERIOD 1981 TO 2010
CLIMATE RECORD PERIOD 9999 TO 9999


WEATHER ITEM   OBSERVED TIME   NORMAL DEPARTURE LAST
                VALUE   (LST)  VALUE  FROM      YEAR
                                      NORMAL
......................................................
TEMPERATURE (F)
 YESTERDAY
  MAXIMUM         57    251 PM  49      8       50
  MINIMUM         31   1255 AM  34     -3       32
  AVERAGE         44            41      3       41

PRECIPITATION (IN)
  YESTERDAY        0.01          0.13  -0.12     0.03
  MONTH TO DATE    0.66          2.74  -2.08     2.13
  SINCE SEP 1      6.52          8.10  -1.58    10.69
  SINCE JAN 1     35.34         36.75  -1.41    38.18

DEGREE DAYS
 HEATING
  YESTERDAY       21            24     -3       24
  MONTH TO DATE  643           424    219      470
  SINCE SEP 1   1021           813    208      872
  SINCE JUL 1   1029           816    213      883

 COOLING
  YESTERDAY        0             0      0        0
  MONTH TO DATE    0             0      0        0
  SINCE SEP 1    100           138    -38      171
  SINCE JAN 1    893          1058   -165     1006
......................................................


WIND (MPH)
  HIGHEST WIND SPEED    21   HIGHEST WIND DIRECTION    SW (210)
  HIGHEST GUST SPEED    28   HIGHEST GUST DIRECTION    SW (210)
  AVERAGE WIND SPEED     8.4


SKY COVER
  AVERAGE SKY COVER 1.0


WEATHER CONDITIONS
 THE FOLLOWING WEATHER WAS RECORDED YESTERDAY.
  LIGHT RAIN


RELATIVE HUMIDITY (PERCENT)
 HIGHEST    82           500 AM
 LOWEST     47          1200 AM
 AVERAGE    65

..........................................................


THE INDIANAPOLIS EAGLE CREEK IN CLIMATE NORMALS FOR TODAY
                         NORMAL
 MAXIMUM TEMPERATURE (F)   48
 MINIMUM TEMPERATURE (F)   33


SUNRISE AND SUNSET
NOVEMBER 23 2014......SUNRISE   739 AM EST   SUNSET   524 PM EST
NOVEMBER 24 2014......SUNRISE   740 AM EST   SUNSET   524 PM EST


-  INDICATES NEGATIVE NUMBERS.
R  INDICATES RECORD WAS SET OR TIED.
MM INDICATES DATA IS MISSING.
T  INDICATES TRACE AMOUNT.




$$
