000
CDUS42 KKEY 290528
CLIEYW

CLIMATE REPORT
NATIONAL WEATHER SERVICE KEY WEST, FL
127 AM EDT WED JUL 29 2015


...................................

...THE KEY WEST CLIMATE SUMMARY FOR JULY 28 2015...

CLIMATE NORMAL PERIOD 1981 TO 2010
CLIMATE RECORD PERIOD 1871 TO 2015


WEATHER ITEM   OBSERVED TIME   RECORD YEAR NORMAL DEPARTURE LAST
                VALUE   (LST)  VALUE       VALUE  FROM      YEAR
                                                  NORMAL
..................................................................
TEMPERATURE (F)
 YESTERDAY
  MAXIMUM         94    258 PM  95    1881  90      4       92
  MINIMUM         82   1244 AM  70    1916  80      2       84
  AVERAGE         88                        85      3       88

PRECIPITATION (IN)
  YESTERDAY        0.00          7.14 1916   0.11  -0.11      T
  MONTH TO DATE    0.67                      3.19  -2.52     1.96
  SINCE JUN 1      3.31                      7.30  -3.99     4.34
  SINCE JAN 1     15.74                     17.93  -2.19    17.19

SNOWFALL (IN)
  YESTERDAY        0.0
  MONTH TO DATE    0.0
  SINCE JUN 1      0.0
  SINCE JUL 1      0.0
  SNOW DEPTH       0

DEGREE DAYS
 HEATING
  YESTERDAY        0                         0      0        0
  MONTH TO DATE    0                         0      0        0
  SINCE JUN 1      0                         0      0        0
  SINCE JUL 1      0                         0      0        0

 COOLING
  YESTERDAY       23                        20      3       23
  MONTH TO DATE  590                       548     42      604
  SINCE JUN 1   1161                      1097     64     1162
  SINCE JAN 1   2878                      2527    351     2784
..................................................................


WIND (MPH)
  HIGHEST WIND SPEED     9   HIGHEST WIND DIRECTION    NW (310)
  HIGHEST GUST SPEED    13   HIGHEST GUST DIRECTION    NW (300)
  AVERAGE WIND SPEED     4.7


SKY COVER
  POSSIBLE SUNSHINE  MM
  AVERAGE SKY COVER 0.1


WEATHER CONDITIONS
 THE FOLLOWING WEATHER WAS RECORDED YESTERDAY.
  NO SIGNIFICANT WEATHER WAS OBSERVED.


RELATIVE HUMIDITY (PERCENT)
 HIGHEST    80
 LOWEST     46
 AVERAGE    63

..........................................................


THE KEY WEST CLIMATE NORMALS FOR TODAY
                         NORMAL    RECORD    YEAR
 MAXIMUM TEMPERATURE (F)   90        95      1880
                                             1872
 MINIMUM TEMPERATURE (F)   80        73      1996
                                             1983


SUNRISE AND SUNSET
JULY 29 2015..........SUNRISE   654 AM EDT   SUNSET   813 PM EDT
JULY 30 2015..........SUNRISE   654 AM EDT   SUNSET   812 PM EDT


-  INDICATES NEGATIVE NUMBERS.
R  INDICATES RECORD WAS SET OR TIED.
MM INDICATES DATA IS MISSING.
T  INDICATES TRACE AMOUNT.

$$

CLR
