000
CDUS42 KKEY 030528
CLIEYW

CLIMATE REPORT NATIONAL WEATHER SERVICE KEY WEST, FL

1226 AM EST TUE MAR 3 2015


...................................

...THE KEY WEST CLIMATE SUMMARY FOR MARCH 2 2015...

CLIMATE NORMAL PERIOD 1981 TO 2010
CLIMATE RECORD PERIOD 1871 TO 2015


WEATHER ITEM   OBSERVED TIME   RECORD YEAR NORMAL DEPARTURE LAST
                VALUE   (LST)  VALUE       VALUE  FROM      YEAR
                                                  NORMAL
..................................................................
TEMPERATURE (F)
 YESTERDAY
  MAXIMUM         81   1146 AM  85    1991  77      4       80
  MINIMUM         73   1159 PM  48    1890  67      6       69
  AVERAGE         77                        72      5       75

PRECIPITATION (IN)
  YESTERDAY        T             1.10 1987   0.07  -0.07     0.00
  MONTH TO DATE    T                         0.14  -0.14     0.00
  SINCE MAR 1      T                         0.14  -0.14     0.00
  SINCE JAN 1      3.23                      3.67  -0.44     7.60

SNOWFALL (IN)
  YESTERDAY        0.0
  MONTH TO DATE    0.0
  SINCE MAR 1      0.0
  SINCE JUL 1      0.0
  SNOW DEPTH       0

DEGREE DAYS
 HEATING
  YESTERDAY        0                         0      0        0
  MONTH TO DATE    0                         0      0        0
  SINCE MAR 1      0                         0      0        0
  SINCE JUL 1     27                        66    -39       22

 COOLING
  YESTERDAY       12                         8      4       10
  MONTH TO DATE   25                        15     10       15
  SINCE MAR 1     25                        15     10       15
  SINCE JAN 1    383                       363     20      441
..................................................................


WIND (MPH)
  HIGHEST WIND SPEED    17   HIGHEST WIND DIRECTION     E (100)
  HIGHEST GUST SPEED    22   HIGHEST GUST DIRECTION     E (100)
  AVERAGE WIND SPEED    10.4


SKY COVER
  POSSIBLE SUNSHINE  MM
  AVERAGE SKY COVER 0.2


WEATHER CONDITIONS
 THE FOLLOWING WEATHER WAS RECORDED YESTERDAY.
  LIGHT RAIN


RELATIVE HUMIDITY (PERCENT)
 HIGHEST    87
 LOWEST     74
 AVERAGE    81

..........................................................


THE KEY WEST CLIMATE NORMALS FOR TODAY
                         NORMAL    RECORD    YEAR
 MAXIMUM TEMPERATURE (F)   77        87      1875
 MINIMUM TEMPERATURE (F)   67        47      1986


SUNRISE AND SUNSET
MARCH  3 2015.........SUNRISE   648 AM EST   SUNSET   630 PM EST
MARCH  4 2015.........SUNRISE   647 AM EST   SUNSET   631 PM EST


-  INDICATES NEGATIVE NUMBERS.
R  INDICATES RECORD WAS SET OR TIED.
MM INDICATES DATA IS MISSING.
T  INDICATES TRACE AMOUNT.




$$
