000
CDAK49 PAFG 210941
CLIFAI

CLIMATE REPORT
NATIONAL WEATHER SERVICE FAIRBANKS AK
141 AM AKDT SUN SEP 21 2014

...................................

...THE FAIRBANKS AK CLIMATE SUMMARY FOR SEPTEMBER 20 2014...

CLIMATE NORMAL PERIOD 1981 TO 2010
CLIMATE RECORD PERIOD 1904 TO 2014


WEATHER ITEM   OBSERVED TIME   RECORD YEAR NORMAL DEPARTURE LAST
                VALUE   (LST)  VALUE       VALUE  FROM      YEAR
                                                  NORMAL
..................................................................
TEMPERATURE (F)
 YESTERDAY
  MAXIMUM         51    410 PM  73    1995  53     -2       36
  MINIMUM         45    917 AM  14    1947  33     12       24
  AVERAGE         48                        43      5       30

PRECIPITATION (IN)
  YESTERDAY        0.36          0.56 1942   0.03   0.33      T
  MONTH TO DATE    2.60                      0.80   1.80     1.66
  SINCE SEP 1      2.60                      0.80   1.80     1.66
  SINCE JAN 1     15.32                      8.37   6.95     7.46

SNOWFALL (IN)
  YESTERDAY        0.0           0.5  1989   0.0    0.0       T
  MONTH TO DATE    0.0                       0.7   -0.7      0.6
  SINCE SEP 1      0.0                       0.7   -0.7      0.6
  SINCE JUL 1      0.0                       0.7   -0.7      0.6
  SNOW DEPTH       0

DEGREE DAYS
 HEATING
  YESTERDAY       17                        22     -5       35
  MONTH TO DATE  277                       354    -77      366
  SINCE SEP 1    277                       354    -77      366
  SINCE JUL 1    598                       743   -145      625

 COOLING
  YESTERDAY        0                         0      0        0
  MONTH TO DATE    0                         0      0        0
  SINCE SEP 1      0                         0      0        0
  SINCE JAN 1     27                        61    -34      226
..................................................................


WIND (MPH)
  HIGHEST GUST SPEED     9   HIGHEST GUST DIRECTION    SW (220)


SKY COVER
  AVERAGE SKY COVER 1.0


WEATHER CONDITIONS
 THE FOLLOWING WEATHER WAS RECORDED YESTERDAY.
  LIGHT RAIN
  FOG


RELATIVE HUMIDITY (PERCENT)
 HIGHEST    93
 LOWEST     80
 AVERAGE    87

..........................................................


THE FAIRBANKS AK CLIMATE NORMALS FOR TODAY
                         NORMAL    RECORD    YEAR
 MAXIMUM TEMPERATURE (F)   52        78      1995
 MINIMUM TEMPERATURE (F)   33        12      1910


SUNRISE AND SUNSET
SEPTEMBER 21 2014..........SUNRISE  732 AM AKDT   SUNSET  756 PM AKDT
SEPTEMBER 22 2014..........SUNRISE  735 AM AKDT   SUNSET  752 PM AKDT


-  INDICATES NEGATIVE NUMBERS.
R  INDICATES RECORD WAS SET OR TIED.
MM INDICATES DATA IS MISSING.
T  INDICATES TRACE AMOUNT.

&&

SNOW DEPTH IS MEASURED AT 3AM AKST/4AM AKDT

----------------------------
AVAILABLE DAYLIGHT

AMOUNT OF DAYLIGHT TODAY  (HOUR:MIN)........12:24
LOSS SINCE YESTERDAY........................7 MINUTES
----------------------------

$$
CCC SEP 14
