000
CDAK49 PAFG 010032
CLIFAI

CLIMATE REPORT
NATIONAL WEATHER SERVICE FAIRBANKS AK
432 PM AKDT SUN AUG 31 2014

...................................

...THE FAIRBANKS AK CLIMATE SUMMARY FOR AUGUST 31 2014...
VALID TODAY AS OF 0400 PM LOCAL TIME.

CLIMATE NORMAL PERIOD 1981 TO 2010
CLIMATE RECORD PERIOD 1904 TO 2014


WEATHER ITEM   OBSERVED TIME   RECORD YEAR NORMAL DEPARTURE LAST
                VALUE   (LST)  VALUE       VALUE  FROM      YEAR
                                                  NORMAL
..................................................................
TEMPERATURE (F)
 TODAY
  MAXIMUM         52    252 PM  78    1916  62    -10       51
  MINIMUM         34    638 AM  25    1922  41     -7       37
  AVERAGE         43                        52     -9       44

PRECIPITATION (IN)
  TODAY            0.00          0.54 1937   0.05  -0.05     0.00
  MONTH TO DATE    2.29                      1.88   0.41     2.02
  SINCE JUN 1     11.63                      5.41   6.22     3.46
  SINCE JAN 1     12.72                      7.57   5.15     5.80

SNOWFALL (IN)
  TODAY            0.0           T    2005   0.0    0.0      0.0
                                      1922
  MONTH TO DATE    0.0                       T      0.0      0.0
  SINCE JUN 1      0.0                       T      0.0      0.0
  SINCE JUL 1      0.0                       T      0.0      0.0
  SNOW DEPTH       0

DEGREE DAYS
 HEATING
  TODAY           22                        13      9       21
  MONTH TO DATE  184                       279    -95      190
  SINCE JUN 1    513                       549    -36      330
  SINCE JUL 1    321                       389    -68      259

 COOLING
  TODAY            0                         0      0        0
  MONTH TO DATE    7                         6      1       24
  SINCE JUN 1     27                        60    -33      213
  SINCE JAN 1     27                        61    -34      226
..................................................................


WIND (MPH)
  HIGHEST GUST SPEED    14   HIGHEST GUST DIRECTION    SW (240)


SKY COVER
  AVERAGE SKY COVER 0.6


WEATHER CONDITIONS
 THE FOLLOWING WEATHER WAS RECORDED TODAY.
  NO SIGNIFICANT WEATHER WAS OBSERVED.


RELATIVE HUMIDITY (PERCENT)
 HIGHEST    82
 LOWEST     41
 AVERAGE    62

..........................................................


THE FAIRBANKS AK CLIMATE NORMALS FOR TOMORROW
                         NORMAL    RECORD    YEAR
 MAXIMUM TEMPERATURE (F)   62        80      1963
 MINIMUM TEMPERATURE (F)   41        17      1922


SUNRISE AND SUNSET
AUGUST 31 2014..........SUNRISE  629 AM AKDT   SUNSET  913 PM AKDT
SEPTEMBER 01 2014..........SUNRISE  633 AM AKDT   SUNSET  909 PM AKDT


-  INDICATES NEGATIVE NUMBERS.
R  INDICATES RECORD WAS SET OR TIED.
MM INDICATES DATA IS MISSING.
T  INDICATES TRACE AMOUNT.

&&

SNOW DEPTH IS MEASURED AT 3AM AKST/4AM AKDT

----------------------------
AVAILABLE DAYLIGHT

AMOUNT OF DAYLIGHT TODAY  (HOUR:MIN)........14:44
LOSS SINCE YESTERDAY........................7 MINUTES
----------------------------

$$
HFL AUG 14
