000
CDAK49 PAFG 260931
CLIFAI

CLIMATE REPORT
NATIONAL WEATHER SERVICE FAIRBANKS AK
131 AM AKDT THU MAY 26 2016

...................................

...THE FAIRBANKS AK CLIMATE SUMMARY FOR MAY 25 2016...

CLIMATE NORMAL PERIOD 1981 TO 2010
CLIMATE RECORD PERIOD 1904 TO 2016


WEATHER ITEM   OBSERVED TIME   RECORD YEAR NORMAL DEPARTURE LAST
                VALUE   (LST)  VALUE       VALUE  FROM      YEAR
                                                  NORMAL
..................................................................
TEMPERATURE (F)
 YESTERDAY
  MAXIMUM         57    447 PM  87    1960  65     -8       70
  MINIMUM         43    508 AM  29    1905  41      2       51
  AVERAGE         50                        53     -3       61

PRECIPITATION (IN)
  YESTERDAY        0.01          0.52 2012   0.03  -0.02     0.01
  MONTH TO DATE    0.69                      0.46   0.23     0.18
  SINCE MAR 1      1.74                      1.02   0.72     0.83
  SINCE JAN 1      1.80                      2.02  -0.22     1.46

SNOWFALL (IN)
  YESTERDAY        0.0           0.0  2001   0.0    0.0      0.0
                                      2000
  MONTH TO DATE    0.0                       0.9   -0.9      0.0
  SINCE MAR 1      7.4                       8.7   -1.3     10.2
  SINCE JUL 1     60.0                      65.0   -5.0     43.8
  SNOW DEPTH       0

DEGREE DAYS
 HEATING
  YESTERDAY       15                        12      3        4
  MONTH TO DATE  309                       421   -112      270
  SINCE MAR 1   2376                      3055   -679     2638
  SINCE JUL 1  11782                     13445  -1663    12105

 COOLING
  YESTERDAY        0                         0      0        0
  MONTH TO DATE    6                         0      6        2
  SINCE MAR 1      6                         0      6        2
  SINCE JAN 1      6                         0      6        2
..................................................................


WIND (MPH)
  HIGHEST GUST SPEED    21   HIGHEST GUST DIRECTION     W (260)


SKY COVER
  AVERAGE SKY COVER 0.8


WEATHER CONDITIONS
 THE FOLLOWING WEATHER WAS RECORDED YESTERDAY.
  LIGHT RAIN


RELATIVE HUMIDITY (PERCENT)
 HIGHEST    96
 LOWEST     51
 AVERAGE    74

..........................................................


THE FAIRBANKS AK CLIMATE NORMALS FOR TODAY
                         NORMAL    RECORD    YEAR
 MAXIMUM TEMPERATURE (F)   65        80      2011
                                             2010
                                             2002
 MINIMUM TEMPERATURE (F)   42        30      1920


SUNRISE AND SUNSET
MAY 26 2016..........SUNRISE  350 AM AKDT   SUNSET  1151 PM AKDT
MAY 27 2016..........SUNRISE  347 AM AKDT   SUNSET  1154 PM AKDT


-  INDICATES NEGATIVE NUMBERS.
R  INDICATES RECORD WAS SET OR TIED.
MM INDICATES DATA IS MISSING.
T  INDICATES TRACE AMOUNT.

&&

SNOW DEPTH IS MEASURED AT 3AM AKST/4AM AKDT

----------------------------
AVAILABLE DAYLIGHT

AMOUNT OF DAYLIGHT TODAY  (HOUR:MIN)........20:01
GAIN SINCE YESTERDAY........................7 MINUTES
----------------------------

$$
SDB MAY 16
