000
CDAK49 PAFG 220042
CLIFAI

CLIMATE REPORT
NATIONAL WEATHER SERVICE FAIRBANKS AK
442 PM AKDT SAT OCT 21 2017

...................................

...THE FAIRBANKS AK CLIMATE SUMMARY FOR OCTOBER 21 2017...
VALID TODAY AS OF 0400 PM LOCAL TIME.

CLIMATE NORMAL PERIOD 1981 TO 2010
CLIMATE RECORD PERIOD 1904 TO 2017


WEATHER ITEM   OBSERVED TIME   RECORD YEAR NORMAL DEPARTURE LAST
                VALUE   (LST)  VALUE       VALUE  FROM      YEAR
                                                  NORMAL
..................................................................
TEMPERATURE (F)
 TODAY
  MAXIMUM         25    258 PM  60    1938  27     -2       23
  MINIMUM          1    552 AM -17    1958  13    -12       19
  AVERAGE         13                        20     -7       21

PRECIPITATION (IN)
  TODAY            0.00          0.31 1935   0.03  -0.03      T
  MONTH TO DATE    2.05                      0.59   1.46     0.02
  SINCE SEP 1      3.47                      1.69   1.78     2.10
  SINCE JAN 1     12.34                      9.26   3.08    13.81

SNOWFALL (IN)
  TODAY            0.0           7.6  1975   0.5   -0.5      0.3
  MONTH TO DATE    4.6                       6.6   -2.0      0.8
  SINCE SEP 1      4.6                       8.4   -3.8      0.8
  SINCE JUL 1      4.6                       8.4   -3.8      0.8
  SNOW DEPTH       0

DEGREE DAYS
 HEATING
  TODAY           52                        45      7       44
  MONTH TO DATE  652                       766   -114      703
  SINCE SEP 1   1156                      1371   -215     1258
  SINCE JUL 1   1379                      1760   -381     1460

 COOLING
  TODAY            0                         0      0        0
  MONTH TO DATE    0                         0      0        0
  SINCE SEP 1      0                         0      0        0
  SINCE JAN 1    104                        61     43       76
..................................................................


WIND (MPH)
  HIGHEST GUST SPEED    10   HIGHEST GUST DIRECTION    NE (40)


SKY COVER
  AVERAGE SKY COVER 0.4


WEATHER CONDITIONS
 THE FOLLOWING WEATHER WAS RECORDED TODAY.
  NO SIGNIFICANT WEATHER WAS OBSERVED.


RELATIVE HUMIDITY (PERCENT)
 HIGHEST    95
 LOWEST     55
 AVERAGE    75

..........................................................


THE FAIRBANKS AK CLIMATE NORMALS FOR TOMORROW
                         NORMAL    RECORD    YEAR
 MAXIMUM TEMPERATURE (F)   27        50      1938
 MINIMUM TEMPERATURE (F)   12       -16      1958


SUNRISE AND SUNSET
OCTOBER 21 2017.......SUNRISE   904 AM AKDT  SUNSET   606 PM AKDT
OCTOBER 22 2017.......SUNRISE   907 AM AKDT  SUNSET   603 PM AKDT


-  INDICATES NEGATIVE NUMBERS.
R  INDICATES RECORD WAS SET OR TIED.
MM INDICATES DATA IS MISSING.
T  INDICATES TRACE AMOUNT.

&&

SNOW DEPTH IS MEASURED AT 3AM AKST/4AM AKDT

----------------------------
AVAILABLE DAYLIGHT

AMOUNT OF DAYLIGHT TODAY  (HOUR:MIN)........08:55
LOSS SINCE YESTERDAY........................7 MINUTES
----------------------------

$$
HFL OCT 17
