408
CDAK49 PAFG 251004
CLIFAI

CLIMATE REPORT
NATIONAL WEATHER SERVICE FAIRBANKS AK
204 AM AKDT SUN JUN 25 2017

...................................

...THE FAIRBANKS AK CLIMATE SUMMARY FOR JUNE 24 2017...

CLIMATE NORMAL PERIOD 1981 TO 2010
CLIMATE RECORD PERIOD 1904 TO 2017


WEATHER ITEM   OBSERVED TIME   RECORD YEAR NORMAL DEPARTURE LAST
                VALUE   (LST)  VALUE       VALUE  FROM      YEAR
                                                  NORMAL
..................................................................
TEMPERATURE (F)
 YESTERDAY
  MAXIMUM         74    535 PM  91    1942  74      0       80
  MINIMUM         54    414 AM  36    1957  52      2       56
                                      1928
  AVERAGE         64                        63      1       68

PRECIPITATION (IN)
  YESTERDAY        0.00          1.08 1953   0.05  -0.05     0.00
  MONTH TO DATE    1.73                      1.02   0.71     2.38
  SINCE JUN 1      1.73                      1.02   0.71     2.38
  SINCE JAN 1      4.78                      3.18   1.60     4.27

SNOWFALL (IN)
  YESTERDAY        0.0           0.0  2002   0.0    0.0      0.0
                                      2001
                                      2000
  MONTH TO DATE    0.0                       0.0    0.0      0.0
  SINCE JUN 1      0.0                       0.0    0.0      0.0
  SINCE JUL 1     83.1                      65.0   18.1     60.0
  SNOW DEPTH       0

DEGREE DAYS
 HEATING
  YESTERDAY        1                         3     -2        0
  MONTH TO DATE   88                       141    -53      155
  SINCE JUN 1     88                       141    -53      155
  SINCE JUL 1  13642                     13650     -8    11983

 COOLING
  YESTERDAY        0                         1     -1        3
  MONTH TO DATE   28                        11     17       10
  SINCE JUN 1     28                        11     17       10
  SINCE JAN 1     28                        12     16       16
..................................................................


WIND (MPH)
  HIGHEST GUST SPEED    16   HIGHEST GUST DIRECTION    NW (300)


SKY COVER
  AVERAGE SKY COVER 0.7


WEATHER CONDITIONS
 THE FOLLOWING WEATHER WAS RECORDED YESTERDAY.
  NO SIGNIFICANT WEATHER WAS OBSERVED.


RELATIVE HUMIDITY (PERCENT)
 HIGHEST    86
 LOWEST     29
 AVERAGE    58

..........................................................


THE FAIRBANKS AK CLIMATE NORMALS FOR TODAY
                         NORMAL    RECORD    YEAR
 MAXIMUM TEMPERATURE (F)   74        92      2013
                                             1916
 MINIMUM TEMPERATURE (F)   52        38      1949


SUNRISE AND SUNSET
JUNE 25 2017..........SUNRISE  302 AM AKDT   SUNSET  1245 AM AKDT
JUNE 26 2017..........SUNRISE  304 AM AKDT   SUNSET  1244 AM AKDT


-  INDICATES NEGATIVE NUMBERS.
R  INDICATES RECORD WAS SET OR TIED.
MM INDICATES DATA IS MISSING.
T  INDICATES TRACE AMOUNT.

&&

SNOW DEPTH IS MEASURED AT 3AM AKST/4AM AKDT

----------------------------
AVAILABLE DAYLIGHT

AMOUNT OF DAYLIGHT TODAY  (HOUR:MIN)........21:43
LOSS SINCE YESTERDAY........................2 MINUTES
----------------------------

$$
NTS JUN 17
