198
CDAK49 PAFG 280934
CLIFAI

CLIMATE REPORT
NATIONAL WEATHER SERVICE FAIRBANKS AK
134 AM AKDT THU JUL 28 2016

...................................

...THE FAIRBANKS AK CLIMATE SUMMARY FOR JULY 27 2016...

CLIMATE NORMAL PERIOD 1981 TO 2010
CLIMATE RECORD PERIOD 1904 TO 2016


WEATHER ITEM   OBSERVED TIME   RECORD YEAR NORMAL DEPARTURE LAST
                VALUE   (LST)  VALUE       VALUE  FROM      YEAR
                                                  NORMAL
..................................................................
TEMPERATURE (F)
 YESTERDAY
  MAXIMUM         78    452 PM  91    1919  71      7       64
  MINIMUM         55   1246 AM  35    1957  51      4       56
  AVERAGE         67                        61      6       60

PRECIPITATION (IN)
  YESTERDAY        T             2.27 2003   0.07  -0.07     0.81
  MONTH TO DATE    2.99                      1.87   1.12     1.63
  SINCE JUN 1      6.28                      3.24   3.04     2.66
  SINCE JAN 1      8.17                      5.40   2.77     4.23

SNOWFALL (IN)
  YESTERDAY        0.0           0.0  2002   0.0    0.0      0.0
                                      2001
                                      2000
  MONTH TO DATE    0.0                       0.0    0.0      0.0
  SINCE JUN 1      0.0                       0.0    0.0      0.0
  SINCE JUL 1      0.0                       0.0    0.0      0.0
  SNOW DEPTH       0

DEGREE DAYS
 HEATING
  YESTERDAY        0                         5     -5        5
  MONTH TO DATE   62                        90    -28       85
  SINCE JUN 1    223                       250    -27      266
  SINCE JUL 1     62                        90    -28       85

 COOLING
  YESTERDAY        2                         0      2        0
  MONTH TO DATE   43                        29     14       24
  SINCE JUN 1     62                        52     10       55
  SINCE JAN 1     68                        53     15       57
..................................................................


WIND (MPH)
  HIGHEST GUST SPEED    13   HIGHEST GUST DIRECTION     W (270)


SKY COVER
  AVERAGE SKY COVER 0.6


WEATHER CONDITIONS
 THE FOLLOWING WEATHER WAS RECORDED YESTERDAY.
  NO SIGNIFICANT WEATHER WAS OBSERVED.


RELATIVE HUMIDITY (PERCENT)
 HIGHEST    93
 LOWEST     36
 AVERAGE    65

..........................................................


THE FAIRBANKS AK CLIMATE NORMALS FOR TODAY
                         NORMAL    RECORD    YEAR
 MAXIMUM TEMPERATURE (F)   70        99      1919
 MINIMUM TEMPERATURE (F)   51        34      1943


SUNRISE AND SUNSET
JULY 28 2016..........SUNRISE  440 AM AKDT   SUNSET  1114 PM AKDT
JULY 29 2016..........SUNRISE  444 AM AKDT   SUNSET  1110 PM AKDT


-  INDICATES NEGATIVE NUMBERS.
R  INDICATES RECORD WAS SET OR TIED.
MM INDICATES DATA IS MISSING.
T  INDICATES TRACE AMOUNT.

&&

SNOW DEPTH IS MEASURED AT 3AM AKST/4AM AKDT

----------------------------
AVAILABLE DAYLIGHT

AMOUNT OF DAYLIGHT TODAY  (HOUR:MIN)........18:34
LOSS SINCE YESTERDAY........................7 MINUTES
----------------------------

$$
CCC JUL 16
