000
CDAK49 PAFG 020935
CLIFAI

CLIMATE REPORT
NATIONAL WEATHER SERVICE FAIRBANKS AK
135 AM AKDT SUN AUG 2 2015

...................................

...THE FAIRBANKS AK CLIMATE SUMMARY FOR AUGUST 1 2015...

CLIMATE NORMAL PERIOD 1981 TO 2010
CLIMATE RECORD PERIOD 1904 TO 2015


WEATHER ITEM   OBSERVED TIME   RECORD YEAR NORMAL DEPARTURE LAST
                VALUE   (LST)  VALUE       VALUE  FROM      YEAR
                                                  NORMAL
..................................................................
TEMPERATURE (F)
 YESTERDAY
  MAXIMUM         65   1159 AM  90    1976  70     -5       65
  MINIMUM         50    343 AM  38    1926  50      0       57
  AVERAGE         58                        60     -2       61

PRECIPITATION (IN)
  YESTERDAY        0.07          0.89 2014   0.07   0.00     0.89
  MONTH TO DATE    0.07                      0.07   0.00     0.89
  SINCE JUN 1      3.88                      3.60   0.28    10.23
  SINCE JAN 1      5.45                      5.76  -0.31    11.32

SNOWFALL (IN)
  YESTERDAY        0.0           0.0  2002   0.0    0.0      0.0
                                      2001
                                      2000
  MONTH TO DATE    0.0                       0.0    0.0      0.0
  SINCE JUN 1      0.0                       0.0    0.0      0.0
  SINCE JUL 1      0.0                       0.0    0.0      0.0
  SNOW DEPTH       0

DEGREE DAYS
 HEATING
  YESTERDAY        7                         5      2        4
  MONTH TO DATE    7                         5      2        4
  SINCE JUN 1    292                       273     19      333
  SINCE JUL 1    111                       113     -2      141

 COOLING
  YESTERDAY        0                         0      0        0
  MONTH TO DATE    0                         0      0        0
  SINCE JUN 1     55                        54      1       20
  SINCE JAN 1     57                        55      2       20
..................................................................


WIND (MPH)
  HIGHEST GUST SPEED    21   HIGHEST GUST DIRECTION     W (290)


SKY COVER
  AVERAGE SKY COVER 0.8


WEATHER CONDITIONS
 THE FOLLOWING WEATHER WAS RECORDED YESTERDAY.
  LIGHT RAIN
  FOG


RELATIVE HUMIDITY (PERCENT)
 HIGHEST    96
 LOWEST     52
 AVERAGE    74

..........................................................


THE FAIRBANKS AK CLIMATE NORMALS FOR TODAY
                         NORMAL    RECORD    YEAR
 MAXIMUM TEMPERATURE (F)   69        85      1919
 MINIMUM TEMPERATURE (F)   50        34      1910


SUNRISE AND SUNSET
AUGUST 02 2015..........SUNRISE  455 AM AKDT   SUNSET  1059 PM AKDT
AUGUST 03 2015..........SUNRISE  458 AM AKDT   SUNSET  1055 PM AKDT


-  INDICATES NEGATIVE NUMBERS.
R  INDICATES RECORD WAS SET OR TIED.
MM INDICATES DATA IS MISSING.
T  INDICATES TRACE AMOUNT.

&&

SNOW DEPTH IS MEASURED AT 3AM AKST/4AM AKDT

----------------------------
AVAILABLE DAYLIGHT

AMOUNT OF DAYLIGHT TODAY  (HOUR:MIN)........18:04
LOSS SINCE YESTERDAY........................7 MINUTES
----------------------------

$$
AUG 15
