808
CDUS43 KFGF 190646
CLIFAR


CLIMATE REPORT
NATIONAL WEATHER SERVICE EASTERN NORTH DAKOTA/GRAND FORKS
1245 AM CST FRI JAN 19 2018


...................................

...THE FARGO HECTOR INTL AP ND CLIMATE SUMMARY FOR JANUARY 18 2018...

CLIMATE NORMAL PERIOD 1981 TO 2010
CLIMATE RECORD PERIOD 1881 TO 2018


WEATHER ITEM   OBSERVED TIME   RECORD YEAR NORMAL DEPARTURE LAST
                VALUE   (LST)  VALUE       VALUE  FROM      YEAR
                                                  NORMAL
..................................................................
TEMPERATURE (F)
 YESTERDAY
  MAXIMUM         34    156 AM  48    1908  18     16       36
  MINIMUM         21   1121 AM -42    1887  -1     22       19
  AVERAGE         28                         9     19       28

PRECIPITATION (IN)
  YESTERDAY        0.00          0.25 1996   0.02  -0.02     0.00
  MONTH TO DATE    0.21                      0.44  -0.23     0.92
  SINCE DEC 1      0.98                      1.27  -0.29     2.19
  SINCE JAN 1      0.21                      0.44  -0.23     0.92

SNOWFALL (IN)
  YESTERDAY        0.0           4.0  1996   0.3   -0.3      0.0
  MONTH TO DATE    3.6                       7.0   -3.4     12.9
  SINCE DEC 1     11.6                      18.2   -6.6     21.2
  SINCE JUL 1     15.3                      26.8  -11.5     24.9
  SNOW DEPTH       4

DEGREE DAYS
 HEATING
  YESTERDAY       37                        56    -19       37
  MONTH TO DATE 1071                      1004     67     1094
  SINCE DEC 1   2652                      2582     70     2604
  SINCE JUL 1   4450                      4544    -94     3909

 COOLING
  YESTERDAY        0                         0      0        0
  MONTH TO DATE    0                         0      0        0
  SINCE DEC 1      0                         0      0        0
  SINCE JAN 1      0                         0      0        0
..................................................................


WIND (MPH)
  HIGHEST WIND SPEED    20   HIGHEST WIND DIRECTION    SW (240)
  HIGHEST GUST SPEED    26   HIGHEST GUST DIRECTION    SW (240)
  AVERAGE WIND SPEED    10.5


SKY COVER
  POSSIBLE SUNSHINE  MM
  AVERAGE SKY COVER 0.0


WEATHER CONDITIONS
 THE FOLLOWING WEATHER WAS RECORDED YESTERDAY.
  NO SIGNIFICANT WEATHER WAS OBSERVED.


RELATIVE HUMIDITY (PERCENT)
 HIGHEST    85           700 PM
 LOWEST     69           200 AM
 AVERAGE    77

..........................................................


THE FARGO HECTOR INTL AP ND CLIMATE NORMALS FOR TODAY
                         NORMAL    RECORD    YEAR
 MAXIMUM TEMPERATURE (F)   18        52      1900
 MINIMUM TEMPERATURE (F)   -1       -37      1892


SUNRISE AND SUNSET
JANUARY 19 2018.......SUNRISE   805 AM CST   SUNSET   511 PM CST
JANUARY 20 2018.......SUNRISE   804 AM CST   SUNSET   513 PM CST


-  INDICATES NEGATIVE NUMBERS.
R  INDICATES RECORD WAS SET OR TIED.
MM INDICATES DATA IS MISSING.
T  INDICATES TRACE AMOUNT.




$$
