000
CDUS43 KFGF 300636
CLIFAR


CLIMATE REPORT
NATIONAL WEATHER SERVICE EASTERN NORTH DAKOTA/GRAND FORKS
134 AM CDT WED JUL 30 2014


...................................

...THE FARGO HECTOR INTL AP ND CLIMATE SUMMARY FOR JULY 29 2014...

CLIMATE NORMAL PERIOD 1981 TO 2010
CLIMATE RECORD PERIOD 1881 TO 2014


WEATHER ITEM   OBSERVED TIME   RECORD YEAR NORMAL DEPARTURE LAST
                VALUE   (LST)  VALUE       VALUE  FROM      YEAR
                                                  NORMAL
..................................................................
TEMPERATURE (F)
 YESTERDAY
  MAXIMUM         81    256 PM 100    1975  83     -2       77
  MINIMUM         51    513 AM  44    1899  60     -9       51
  AVERAGE         66                        71     -5       64

PRECIPITATION (IN)
  YESTERDAY        0.00          1.53 1926   0.08  -0.08     0.07
  MONTH TO DATE    1.64                      2.65  -1.01     0.90
  SINCE JUN 1      7.33                      6.55   0.78     8.63
  SINCE JAN 1     14.35                     13.36   0.99    21.53

SNOWFALL (IN)
  YESTERDAY        0.0           0.0    MM   0.0    0.0      0.0
  MONTH TO DATE    0.0                       0.0    0.0      0.0
  SINCE JUN 1      0.0                       0.0    0.0      0.0
  SINCE JUL 1      0.0                       0.0    0.0      0.0
  SNOW DEPTH       0

DEGREE DAYS
 HEATING
  YESTERDAY        0                         0      0        1
  MONTH TO DATE   20                        12      8       17
  SINCE JUN 1     50                        85    -35       79
  SINCE JUL 1     20                        12      8       17

 COOLING
  YESTERDAY        1                         7     -6        0
  MONTH TO DATE  155                       193    -38      227
  SINCE JUN 1    257                       300    -43      373
  SINCE JAN 1    336                       331      5      402
..................................................................


WIND (MPH)
  HIGHEST WIND SPEED    16   HIGHEST WIND DIRECTION    NW (330)
  HIGHEST GUST SPEED    23   HIGHEST GUST DIRECTION     N (10)
  AVERAGE WIND SPEED     4.6


SKY COVER
  POSSIBLE SUNSHINE  MM
  AVERAGE SKY COVER 0.1


WEATHER CONDITIONS
 THE FOLLOWING WEATHER WAS RECORDED YESTERDAY.
  NO SIGNIFICANT WEATHER WAS OBSERVED.


RELATIVE HUMIDITY (PERCENT)
 HIGHEST    93           300 AM
 LOWEST     35           200 PM
 AVERAGE    64

..........................................................


THE FARGO HECTOR INTL AP ND CLIMATE NORMALS FOR TODAY
                         NORMAL    RECORD    YEAR
 MAXIMUM TEMPERATURE (F)   83       102      2006
 MINIMUM TEMPERATURE (F)   60        39      1971
                                             1889


SUNRISE AND SUNSET
JULY 30 2014..........SUNRISE   604 AM CDT   SUNSET   902 PM CDT
JULY 31 2014..........SUNRISE   606 AM CDT   SUNSET   901 PM CDT


-  INDICATES NEGATIVE NUMBERS.
R  INDICATES RECORD WAS SET OR TIED.
MM INDICATES DATA IS MISSING.
T  INDICATES TRACE AMOUNT.




$$
