000
CDUS43 KFGF 250715
CLIFAR


CLIMATE REPORT
NATIONAL WEATHER SERVICE EASTERN NORTH DAKOTA/GRAND FORKS
215 AM CDT THU MAY 25 2017


...................................

...THE FARGO HECTOR INTL AP ND CLIMATE SUMMARY FOR MAY 24 2017...

CLIMATE NORMAL PERIOD 1981 TO 2010
CLIMATE RECORD PERIOD 1881 TO 2017


WEATHER ITEM   OBSERVED TIME   RECORD YEAR NORMAL DEPARTURE LAST
                VALUE   (LST)  VALUE       VALUE  FROM      YEAR
                                                  NORMAL
..................................................................
TEMPERATURE (F)
 YESTERDAY
  MAXIMUM         67    440 PM  90    2014  72     -5       85
                                      2010
  MINIMUM         36    451 AM  26    2002  48    -12       59
                                      1897
  AVERAGE         52                        60     -8       72

PRECIPITATION (IN)
  YESTERDAY        0.00          1.16 1981   0.09  -0.09      T
  MONTH TO DATE    1.01                      2.10  -1.09     0.10
  SINCE MAR 1      2.74                      4.79  -2.05     3.17
  SINCE JAN 1      4.51                      6.10  -1.59     4.16

SNOWFALL (IN)
  YESTERDAY        0.0           0.1  1918   0.0    0.0      0.0
  MONTH TO DATE    0.0                       0.0    0.0       T
  SINCE MAR 1      3.8                      12.4   -8.6      3.1
  SINCE JUL 1     33.1                      50.4  -17.3     27.4
  SNOW DEPTH       0

DEGREE DAYS
 HEATING
  YESTERDAY       13                         6      7        0
  MONTH TO DATE  217                       233    -16      171
  SINCE MAR 1   1885                      2011   -126     1617
  SINCE JUL 1   7383                      8689  -1306     7140

 COOLING
  YESTERDAY        0                         1     -1        7
  MONTH TO DATE   11                        20     -9       37
  SINCE MAR 1     11                        23    -12       37
  SINCE JAN 1     11                        23    -12       37
..................................................................


WIND (MPH)
  HIGHEST WIND SPEED    23   HIGHEST WIND DIRECTION     S (180)
  HIGHEST GUST SPEED    32   HIGHEST GUST DIRECTION    SE (130)
  AVERAGE WIND SPEED     9.8


SKY COVER
  POSSIBLE SUNSHINE  MM
  AVERAGE SKY COVER 0.4


WEATHER CONDITIONS
 THE FOLLOWING WEATHER WAS RECORDED YESTERDAY.
  FOG
  FOG W/VISIBILITY <= 1/4 MILE


RELATIVE HUMIDITY (PERCENT)
 HIGHEST   100           300 AM
 LOWEST     42           400 PM
 AVERAGE    71

..........................................................


THE FARGO HECTOR INTL AP ND CLIMATE NORMALS FOR TODAY
                         NORMAL    RECORD    YEAR
 MAXIMUM TEMPERATURE (F)   72        92      1959
 MINIMUM TEMPERATURE (F)   48        30      1983
                                             1891


SUNRISE AND SUNSET
MAY 25 2017...........SUNRISE   541 AM CDT   SUNSET   908 PM CDT
MAY 26 2017...........SUNRISE   541 AM CDT   SUNSET   909 PM CDT


-  INDICATES NEGATIVE NUMBERS.
R  INDICATES RECORD WAS SET OR TIED.
MM INDICATES DATA IS MISSING.
T  INDICATES TRACE AMOUNT.




$$
