000
CDUS43 KFGF 040639
CLIFAR


CLIMATE REPORT
NATIONAL WEATHER SERVICE EASTERN NORTH DAKOTA/GRAND FORKS
1238 AM CST SUN DEC 4 2016


...................................

...THE FARGO HECTOR INTL AP ND CLIMATE SUMMARY FOR DECEMBER 3 2016...

CLIMATE NORMAL PERIOD 1981 TO 2010
CLIMATE RECORD PERIOD 1881 TO 2016


WEATHER ITEM   OBSERVED TIME   RECORD YEAR NORMAL DEPARTURE LAST
                VALUE   (LST)  VALUE       VALUE  FROM      YEAR
                                                  NORMAL
..................................................................
TEMPERATURE (F)
 YESTERDAY
  MAXIMUM         35   1159 PM  55    1941  27      8       33
  MINIMUM         25    600 AM -33    1886  11     14       12
  AVERAGE         30                        19     11       23

PRECIPITATION (IN)
  YESTERDAY        T             0.70 1891   0.02  -0.02     0.00
  MONTH TO DATE    T                         0.08  -0.08     0.19
  SINCE DEC 1      T                         0.08  -0.08     0.19
  SINCE JAN 1     22.26                     21.86   0.40    20.86

SNOWFALL (IN)
  YESTERDAY        T             4.1  1927   0.3   -0.3      0.0
  MONTH TO DATE    T                         1.0   -1.0      2.1
  SINCE DEC 1      T                         1.0   -1.0      2.1
  SINCE JUL 1      3.7                       9.6   -5.9      5.0
  SNOW DEPTH       0

DEGREE DAYS
 HEATING
  YESTERDAY       35                        46    -11       42
  MONTH TO DATE  105                       137    -32      119
  SINCE DEC 1    105                       137    -32      119
  SINCE JUL 1   1410                      2099   -689     1560

 COOLING
  YESTERDAY        0                         0      0        0
  MONTH TO DATE    0                         0      0        0
  SINCE DEC 1      0                         0      0        0
  SINCE JAN 1    661                       551    110      677
..................................................................


WIND (MPH)
  HIGHEST WIND SPEED    23   HIGHEST WIND DIRECTION    SE (150)
  HIGHEST GUST SPEED    31   HIGHEST GUST DIRECTION     S (160)
  AVERAGE WIND SPEED    14.6


SKY COVER
  POSSIBLE SUNSHINE  MM
  AVERAGE SKY COVER 0.9


WEATHER CONDITIONS
 THE FOLLOWING WEATHER WAS RECORDED YESTERDAY.
  LIGHT SNOW
  FOG
  HAZE


RELATIVE HUMIDITY (PERCENT)
 HIGHEST    89           900 PM
 LOWEST     66           100 PM
 AVERAGE    78

..........................................................


THE FARGO HECTOR INTL AP ND CLIMATE NORMALS FOR TODAY
                         NORMAL    RECORD    YEAR
 MAXIMUM TEMPERATURE (F)   26        53      1916
 MINIMUM TEMPERATURE (F)   10       -35      1886


SUNRISE AND SUNSET
DECEMBER  4 2016......SUNRISE   756 AM CST   SUNSET   439 PM CST
DECEMBER  5 2016......SUNRISE   757 AM CST   SUNSET   439 PM CST


-  INDICATES NEGATIVE NUMBERS.
R  INDICATES RECORD WAS SET OR TIED.
MM INDICATES DATA IS MISSING.
T  INDICATES TRACE AMOUNT.




$$
