000
CDUS43 KFGF 200635
CLIFAR


CLIMATE REPORT
NATIONAL WEATHER SERVICE EASTERN NORTH DAKOTA/GRAND FORKS
1233 AM CST MON NOV 20 2017


...................................

...THE FARGO HECTOR INTL AP ND CLIMATE SUMMARY FOR NOVEMBER 19 2017...

CLIMATE NORMAL PERIOD 1981 TO 2010
CLIMATE RECORD PERIOD 1881 TO 2017


WEATHER ITEM   OBSERVED TIME   RECORD YEAR NORMAL DEPARTURE LAST
                VALUE   (LST)  VALUE       VALUE  FROM      YEAR
                                                  NORMAL
..................................................................
TEMPERATURE (F)
 YESTERDAY
  MAXIMUM         47    308 PM  67    1917  35     12       32
  MINIMUM         11    333 AM -17    1896  18     -7       19
  AVERAGE         29                        27      2       26

PRECIPITATION (IN)
  YESTERDAY        0.00          0.40 1983   0.03  -0.03     0.00
  MONTH TO DATE    0.35                      0.68  -0.33     0.24
  SINCE SEP 1      3.95                      5.40  -1.45     5.23
  SINCE JAN 1     14.45                     21.46  -7.01    20.70

SNOWFALL (IN)
  YESTERDAY        0.0           4.6  1992   0.3   -0.3      0.0
  MONTH TO DATE    3.3                       4.1   -0.8      2.8
  SINCE SEP 1      3.7                       4.8   -1.1      2.8
  SINCE JUL 1      3.7                       4.8   -1.1      2.8
  SNOW DEPTH       0

DEGREE DAYS
 HEATING
  YESTERDAY       36                        38     -2       39
  MONTH TO DATE  740                       624    116      363
  SINCE SEP 1   1429                      1450    -21      960
  SINCE JUL 1   1445                      1500    -55      977

 COOLING
  YESTERDAY        0                         0      0        0
  MONTH TO DATE    0                         0      0        0
  SINCE SEP 1     71                        46     25       58
  SINCE JAN 1    518                       551    -33      661
..................................................................


WIND (MPH)
  HIGHEST WIND SPEED    15   HIGHEST WIND DIRECTION    SW (220)
  HIGHEST GUST SPEED    19   HIGHEST GUST DIRECTION    SW (230)
  AVERAGE WIND SPEED     6.0


SKY COVER
  POSSIBLE SUNSHINE  MM
  AVERAGE SKY COVER 0.0


WEATHER CONDITIONS
 THE FOLLOWING WEATHER WAS RECORDED YESTERDAY.
  NO SIGNIFICANT WEATHER WAS OBSERVED.


RELATIVE HUMIDITY (PERCENT)
 HIGHEST    84           100 AM
 LOWEST     45           200 PM
 AVERAGE    65

..........................................................


THE FARGO HECTOR INTL AP ND CLIMATE NORMALS FOR TODAY
                         NORMAL    RECORD    YEAR
 MAXIMUM TEMPERATURE (F)   34        63      1890
 MINIMUM TEMPERATURE (F)   18       -16      1921


SUNRISE AND SUNSET
NOVEMBER 20 2017......SUNRISE   738 AM CST   SUNSET   448 PM CST
NOVEMBER 21 2017......SUNRISE   739 AM CST   SUNSET   447 PM CST


-  INDICATES NEGATIVE NUMBERS.
R  INDICATES RECORD WAS SET OR TIED.
MM INDICATES DATA IS MISSING.
T  INDICATES TRACE AMOUNT.




$$
