000
CDUS43 KFGF 310637
CLIFAR


CLIMATE REPORT
NATIONAL WEATHER SERVICE EASTERN NORTH DAKOTA/GRAND FORKS
134 AM CDT TUE MAY 31 2016


...................................

...THE FARGO HECTOR INTL AP ND CLIMATE SUMMARY FOR MAY 30 2016...

CLIMATE NORMAL PERIOD 1981 TO 2010
CLIMATE RECORD PERIOD 1881 TO 2016


WEATHER ITEM   OBSERVED TIME   RECORD YEAR NORMAL DEPARTURE LAST
                VALUE   (LST)  VALUE       VALUE  FROM      YEAR
                                                  NORMAL
..................................................................
TEMPERATURE (F)
 YESTERDAY
  MAXIMUM         87    446 PM 104    1934  73     14       59
  MINIMUM         54    506 AM  29    1947  50      4       35
  AVERAGE         71                        62      9       47

PRECIPITATION (IN)
  YESTERDAY        0.16          2.18 2004   0.10   0.06     0.00
  MONTH TO DATE    1.41                      2.70  -1.29     7.85
  SINCE MAR 1      4.48                      5.39  -0.91     9.13
  SINCE JAN 1      5.47                      6.70  -1.23    10.10

SNOWFALL (IN)
  YESTERDAY        0.0          MM      MM   0.0    0.0      0.0
  MONTH TO DATE    T                         0.0    0.0       T
  SINCE MAR 1      3.1                      12.4   -9.3      0.4
  SINCE JUL 1     27.4                      50.4  -23.0     16.0
  SNOW DEPTH       0

DEGREE DAYS
 HEATING
  YESTERDAY        0                         5     -5       18
  MONTH TO DATE  174                       267    -93      307
  SINCE MAR 1   1620                      2045   -425     1804
  SINCE JUL 1   7143                      8723  -1580     8220

 COOLING
  YESTERDAY        6                         2      4        0
  MONTH TO DATE   48                        28     20       15
  SINCE MAR 1     48                        31     17       15
  SINCE JAN 1     48                        31     17       15
..................................................................


WIND (MPH)
  HIGHEST WIND SPEED    28   HIGHEST WIND DIRECTION    NW (320)
  HIGHEST GUST SPEED    34   HIGHEST GUST DIRECTION     N (350)
  AVERAGE WIND SPEED    10.6


SKY COVER
  POSSIBLE SUNSHINE  MM
  AVERAGE SKY COVER 0.3


WEATHER CONDITIONS
 THE FOLLOWING WEATHER WAS RECORDED YESTERDAY.
  THUNDERSTORM
  RAIN
  LIGHT RAIN
  FOG


RELATIVE HUMIDITY (PERCENT)
 HIGHEST    78          1000 PM
 LOWEST     25           200 PM
 AVERAGE    52

..........................................................


THE FARGO HECTOR INTL AP ND CLIMATE NORMALS FOR TODAY
                         NORMAL    RECORD    YEAR
 MAXIMUM TEMPERATURE (F)   73        96      1939
 MINIMUM TEMPERATURE (F)   50        29      1897


SUNRISE AND SUNSET
MAY 31 2016...........SUNRISE   537 AM CDT   SUNSET   914 PM CDT
JUNE  1 2016..........SUNRISE   536 AM CDT   SUNSET   915 PM CDT


-  INDICATES NEGATIVE NUMBERS.
R  INDICATES RECORD WAS SET OR TIED.
MM INDICATES DATA IS MISSING.
T  INDICATES TRACE AMOUNT.




$$
