000
CDUS43 KFGF 290641
CLIFAR


CLIMATE REPORT
NATIONAL WEATHER SERVICE EASTERN NORTH DAKOTA/GRAND FORKS
140 AM CDT FRI MAY 29 2015


...................................

...THE FARGO HECTOR INTL AP ND CLIMATE SUMMARY FOR MAY 28 2015...

CLIMATE NORMAL PERIOD 1981 TO 2010
CLIMATE RECORD PERIOD 1881 TO 2015


WEATHER ITEM   OBSERVED TIME   RECORD YEAR NORMAL DEPARTURE LAST
                VALUE   (LST)  VALUE       VALUE  FROM      YEAR
                                                  NORMAL
..................................................................
TEMPERATURE (F)
 YESTERDAY
  MAXIMUM         86    221 PM  97    2006  73     13       89
                                      1934
  MINIMUM         61    722 AM  26    1947  49     12       65
  AVERAGE         74                        61     13       77

PRECIPITATION (IN)
  YESTERDAY        0.92          1.90 2002   0.10   0.82      T
  MONTH TO DATE    7.06                      2.50   4.56     1.65
  SINCE MAR 1      8.34                      5.19   3.15     5.80
  SINCE JAN 1      9.31                      6.50   2.81     6.68

SNOWFALL (IN)
  YESTERDAY        0.0          MM      MM   0.0    0.0      0.0
  MONTH TO DATE    T                         0.0    0.0      0.0
  SINCE MAR 1      0.4                      12.4  -12.0      7.3
  SINCE JUL 1     16.0                      50.4  -34.4     34.9
  SNOW DEPTH       0

DEGREE DAYS
 HEATING
  YESTERDAY        0                         6     -6        0
  MONTH TO DATE  277                       257     20      323
  SINCE MAR 1   1774                      2035   -261     2372
  SINCE JUL 1   8190                      8713   -523     9649

 COOLING
  YESTERDAY        9                         1      8       12
  MONTH TO DATE   15                        24     -9       49
  SINCE MAR 1     15                        27    -12       49
  SINCE JAN 1     15                        27    -12       49
..................................................................


WIND (MPH)
  HIGHEST WIND SPEED    40   HIGHEST WIND DIRECTION     S (190)
  HIGHEST GUST SPEED    53   HIGHEST GUST DIRECTION     S (180)
  AVERAGE WIND SPEED    11.7


SKY COVER
  POSSIBLE SUNSHINE  MM
  AVERAGE SKY COVER 0.6


WEATHER CONDITIONS
 THE FOLLOWING WEATHER WAS RECORDED YESTERDAY.
  HEAVY RAIN
  RAIN
  LIGHT RAIN
  FOG


RELATIVE HUMIDITY (PERCENT)
 HIGHEST    93          1100 PM
 LOWEST     43           300 PM
 AVERAGE    68

..........................................................


THE FARGO HECTOR INTL AP ND CLIMATE NORMALS FOR TODAY
                         NORMAL    RECORD    YEAR
 MAXIMUM TEMPERATURE (F)   73        95      2010
                                             1939
 MINIMUM TEMPERATURE (F)   50        32      1961
                                             1889


SUNRISE AND SUNSET
MAY 29 2015...........SUNRISE   539 AM CDT   SUNSET   911 PM CDT
MAY 30 2015...........SUNRISE   538 AM CDT   SUNSET   912 PM CDT


-  INDICATES NEGATIVE NUMBERS.
R  INDICATES RECORD WAS SET OR TIED.
MM INDICATES DATA IS MISSING.
T  INDICATES TRACE AMOUNT.




$$
