000
CDUS43 KFGF 200634
CLIFAR


CLIMATE REPORT
NATIONAL WEATHER SERVICE EASTERN NORTH DAKOTA/GRAND FORKS
133 AM CDT SUN APR 20 2014


...................................

...THE FARGO HECTOR INTL AP ND CLIMATE SUMMARY FOR APRIL 19 2014...

CLIMATE NORMAL PERIOD 1981 TO 2010
CLIMATE RECORD PERIOD 1881 TO 2014


WEATHER ITEM   OBSERVED TIME   RECORD YEAR NORMAL DEPARTURE LAST
                VALUE   (LST)  VALUE       VALUE  FROM      YEAR
                                                  NORMAL
..................................................................
TEMPERATURE (F)
 YESTERDAY
  MAXIMUM         69    515 PM  86    1987  58     11       36
  MINIMUM         39   1159 PM  11    1928  34      5       25
  AVERAGE         54                        46      8       31

PRECIPITATION (IN)
  YESTERDAY        T             1.02 1970   0.04  -0.04     0.00
  MONTH TO DATE    0.48                      0.76  -0.28     2.01
  SINCE MAR 1      1.20                      2.06  -0.86     3.45
  SINCE JAN 1      2.08                      3.37  -1.29     5.64

SNOWFALL (IN)
  YESTERDAY        0.0           8.6  1970   0.1   -0.1      0.0
  MONTH TO DATE    2.0                       2.2   -0.2     16.4
  SINCE MAR 1      7.3                      11.3   -4.0     31.0
  SINCE JUL 1     34.9                      49.3  -14.4     68.1
  SNOW DEPTH       0

DEGREE DAYS
 HEATING
  YESTERDAY       11                        19     -8       34
  MONTH TO DATE  510                       450     60      673
  SINCE MAR 1   1826                      1602    224     2143
  SINCE JUL 1   9103                      8280    823     8734

 COOLING
  YESTERDAY        0                         0      0        0
  MONTH TO DATE    0                         0      0        0
  SINCE MAR 1      0                         0      0        0
  SINCE JAN 1      0                         0      0        0
..................................................................


WIND (MPH)
  HIGHEST WIND SPEED    43   HIGHEST WIND DIRECTION    SE (150)
  HIGHEST GUST SPEED    62   HIGHEST GUST DIRECTION    SE (140)
  AVERAGE WIND SPEED    16.6


SKY COVER
  POSSIBLE SUNSHINE  MM
  AVERAGE SKY COVER 0.1


WEATHER CONDITIONS
 THE FOLLOWING WEATHER WAS RECORDED YESTERDAY.
  NO SIGNIFICANT WEATHER WAS OBSERVED.


RELATIVE HUMIDITY (PERCENT)
 HIGHEST    76          1100 PM
 LOWEST     22           200 PM
 AVERAGE    49

..........................................................


THE FARGO HECTOR INTL AP ND CLIMATE NORMALS FOR TODAY
                         NORMAL    RECORD    YEAR
 MAXIMUM TEMPERATURE (F)   59        94      1980
 MINIMUM TEMPERATURE (F)   35        11      1966


SUNRISE AND SUNSET
APRIL 20 2014.........SUNRISE   630 AM CDT   SUNSET   823 PM CDT
APRIL 21 2014.........SUNRISE   629 AM CDT   SUNSET   824 PM CDT


-  INDICATES NEGATIVE NUMBERS.
R  INDICATES RECORD WAS SET OR TIED.
MM INDICATES DATA IS MISSING.
T  INDICATES TRACE AMOUNT.




$$
