150
CDUS43 KFGF 240638
CLIFAR


CLIMATE REPORT
NATIONAL WEATHER SERVICE EASTERN NORTH DAKOTA/GRAND FORKS
1238 AM CST FRI FEB 24 2017


...................................

...THE FARGO HECTOR INTL AP ND CLIMATE SUMMARY FOR FEBRUARY 23 2017...

CLIMATE NORMAL PERIOD 1981 TO 2010
CLIMATE RECORD PERIOD 1881 TO 2017


WEATHER ITEM   OBSERVED TIME   RECORD YEAR NORMAL DEPARTURE LAST
                VALUE   (LST)  VALUE       VALUE  FROM      YEAR
                                                  NORMAL
..................................................................
TEMPERATURE (F)
 YESTERDAY
  MAXIMUM         31    203 PM  56    1958  26      5       36
  MINIMUM         22   1159 PM -35    1889   9     13       28
  AVERAGE         27                        18      9       32

PRECIPITATION (IN)
  YESTERDAY        T             0.73 1977   0.03  -0.03      T
  MONTH TO DATE    0.68                      0.46   0.22     0.30
  SINCE DEC 1      2.93                      1.99   0.94     1.63
  SINCE JAN 1      1.66                      1.16   0.50     0.99

SNOWFALL (IN)
  YESTERDAY        T             6.3  1991   0.3   -0.3       T
  MONTH TO DATE    1.4                       5.5   -4.1      5.3
  SINCE DEC 1     22.8                      27.9   -5.1     21.4
  SINCE JUL 1     26.5                      36.5  -10.0     24.3
  SNOW DEPTH       T

DEGREE DAYS
 HEATING
  YESTERDAY       38                        47     -9       33
  MONTH TO DATE  921                      1181   -260      991
  SINCE DEC 1   3979                      4487   -508     3878
  SINCE JUL 1   5284                      6449  -1165     5319

 COOLING
  YESTERDAY        0                         0      0        0
  MONTH TO DATE    0                         0      0        0
  SINCE DEC 1      0                         0      0        0
  SINCE JAN 1      0                         0      0        0
..................................................................


WIND (MPH)
  HIGHEST WIND SPEED    25   HIGHEST WIND DIRECTION     N (360)
  HIGHEST GUST SPEED    32   HIGHEST GUST DIRECTION     N (360)
  AVERAGE WIND SPEED    14.4


SKY COVER
  POSSIBLE SUNSHINE  MM
  AVERAGE SKY COVER 0.7


WEATHER CONDITIONS
 THE FOLLOWING WEATHER WAS RECORDED YESTERDAY.
  NO SIGNIFICANT WEATHER WAS OBSERVED.


RELATIVE HUMIDITY (PERCENT)
 HIGHEST    92           500 AM
 LOWEST     68           600 PM
 AVERAGE    80

..........................................................


THE FARGO HECTOR INTL AP ND CLIMATE NORMALS FOR TODAY
                         NORMAL    RECORD    YEAR
 MAXIMUM TEMPERATURE (F)   27        51      1976
 MINIMUM TEMPERATURE (F)   10       -28      1889


SUNRISE AND SUNSET
FEBRUARY 24 2017......SUNRISE   715 AM CST   SUNSET   606 PM CST
FEBRUARY 25 2017......SUNRISE   714 AM CST   SUNSET   607 PM CST


-  INDICATES NEGATIVE NUMBERS.
R  INDICATES RECORD WAS SET OR TIED.
MM INDICATES DATA IS MISSING.
T  INDICATES TRACE AMOUNT.




$$
