000
CDUS43 KFGF 300633
CLIFAR


CLIMATE REPORT
NATIONAL WEATHER SERVICE EASTERN NORTH DAKOTA/GRAND FORKS
132 AM CDT THU OCT 30 2014


...................................

...THE FARGO HECTOR INTL AP ND CLIMATE SUMMARY FOR OCTOBER 29 2014...

CLIMATE NORMAL PERIOD 1981 TO 2010
CLIMATE RECORD PERIOD 1881 TO 2014


WEATHER ITEM   OBSERVED TIME   RECORD YEAR NORMAL DEPARTURE LAST
                VALUE   (LST)  VALUE       VALUE  FROM      YEAR
                                                  NORMAL
..................................................................
TEMPERATURE (F)
 YESTERDAY
  MAXIMUM         43    551 PM  78    1950  49     -6       37
  MINIMUM         34    222 AM   3    1895  30      4       23
  AVERAGE         39                        39      0       30

PRECIPITATION (IN)
  YESTERDAY        0.00          1.56 2004   0.05  -0.05      T
  MONTH TO DATE    0.27                      2.06  -1.79     4.17
  SINCE SEP 1      2.72                      4.63  -1.91     8.56
  SINCE JAN 1     19.18                     20.69  -1.51    30.48

SNOWFALL (IN)
  YESTERDAY        0.0           4.5  1929   0.1   -0.1       T
  MONTH TO DATE    T                         0.6   -0.6       T
  SINCE SEP 1      T                         0.6   -0.6       T
  SINCE JUL 1      T                         0.6   -0.6       T
  SNOW DEPTH       0

DEGREE DAYS
 HEATING
  YESTERDAY       26                        26      0       35
  MONTH TO DATE  436                       554   -118      567
  SINCE SEP 1    596                       774   -178      658
  SINCE JUL 1    628                       824   -196      692

 COOLING
  YESTERDAY        0                         0      0        0
  MONTH TO DATE    0                         0      0        0
  SINCE SEP 1     43                        43      0       81
  SINCE JAN 1    544                       548     -4      699
..................................................................


WIND (MPH)
  HIGHEST WIND SPEED    20   HIGHEST WIND DIRECTION    NW (330)
  HIGHEST GUST SPEED    23   HIGHEST GUST DIRECTION    NW (330)
  AVERAGE WIND SPEED     8.0


SKY COVER
  POSSIBLE SUNSHINE  MM
  AVERAGE SKY COVER 0.8


WEATHER CONDITIONS
 THE FOLLOWING WEATHER WAS RECORDED YESTERDAY.
  NO SIGNIFICANT WEATHER WAS OBSERVED.


RELATIVE HUMIDITY (PERCENT)
 HIGHEST    79          1100 PM
 LOWEST     57           200 PM
 AVERAGE    68

..........................................................


THE FARGO HECTOR INTL AP ND CLIMATE NORMALS FOR TODAY
                         NORMAL    RECORD    YEAR
 MAXIMUM TEMPERATURE (F)   48        75      1950
 MINIMUM TEMPERATURE (F)   29        10      1991
                                             1925


SUNRISE AND SUNSET
OCTOBER 30 2014.......SUNRISE   807 AM CDT   SUNSET   614 PM CDT
OCTOBER 31 2014.......SUNRISE   808 AM CDT   SUNSET   613 PM CDT


-  INDICATES NEGATIVE NUMBERS.
R  INDICATES RECORD WAS SET OR TIED.
MM INDICATES DATA IS MISSING.
T  INDICATES TRACE AMOUNT.




$$
