000
CDUS46 KHNX 040822
CLIFAT


CLIMATE REPORT
NATIONAL WEATHER SERVICE SAN JOAQUIN VALLEY, CA
121 AM PDT FRI SEP 4 2015


...................................

...THE FRESNO CA CLIMATE SUMMARY FOR SEPTEMBER 3 2015...

CLIMATE NORMAL PERIOD 1981 TO 2010
CLIMATE RECORD PERIOD 1887 TO 2015


WEATHER ITEM   OBSERVED TIME   RECORD YEAR NORMAL DEPARTURE
                VALUE   (LST)  VALUE       VALUE  FROM
                                                  NORMAL
...............................................................
TEMPERATURE (F)
 YESTERDAY
  MAXIMUM         88    256 PM 111    1955  94     -6
  MINIMUM         63    619 AM  52    1964  64     -1
                                      1899
                                      1898
  AVERAGE         76                        79     -3

PRECIPITATION (IN)
  YESTERDAY        0.00          0.42 1985   0.00   0.00
  MONTH TO DATE    0.00                      0.00   0.00
  SINCE OCT 1      6.85                     11.33  -4.48
  SINCE JAN 1      3.66                      7.86  -4.20

SNOWFALL (IN)
  YESTERDAY        0.0
  MONTH TO DATE    0.0
  SINCE SEP 1      0.0
  SINCE JUL 1      0.0
  SNOW DEPTH       0

DEGREE DAYS
 HEATING
  YESTERDAY        0                                0
  MONTH TO DATE    0                                0
  SINCE SEP 1      0                                0
  SINCE JUL 1      0                                0

 COOLING
  YESTERDAY       11                               -3
  MONTH TO DATE   40                               -2
  SINCE SEP 1     40                               -2
  SINCE JAN 1   1939                              213
...............................................................


WIND (MPH)
  HIGHEST WIND SPEED    16   HIGHEST WIND DIRECTION    NW (310)
  HIGHEST GUST SPEED    21   HIGHEST GUST DIRECTION    NW (320)
  AVERAGE WIND SPEED     9.1




RELATIVE HUMIDITY (PERCENT)
 HIGHEST    72
 LOWEST     22
 AVERAGE    47

..........................................................


THE FRESNO CA CLIMATE NORMALS FOR TODAY
                         NORMAL    RECORD    YEAR
 MAXIMUM TEMPERATURE (F)   94       107      1988
                                             1955
 MINIMUM TEMPERATURE (F)   64        51      1912


SUNRISE AND SUNSET
SEPTEMBER  4 2015.....SUNRISE   632 AM PDT   SUNSET   723 PM PDT
SEPTEMBER  5 2015.....SUNRISE   633 AM PDT   SUNSET   722 PM PDT


-  INDICATES NEGATIVE NUMBERS.
R  INDICATES RECORD WAS SET OR TIED.
MM INDICATES DATA IS MISSING.
T  INDICATES TRACE AMOUNT.




$$
