000
CDUS46 KHNX 200824
CLIFAT


CLIMATE REPORT
NATIONAL WEATHER SERVICE SAN JOAQUIN VALLEY, CA
1223 AM PST MON NOV 20 2017


...................................

...THE FRESNO CA CLIMATE SUMMARY FOR NOVEMBER 19 2017...

CLIMATE NORMAL PERIOD 1981 TO 2010
CLIMATE RECORD PERIOD 1887 TO 2017


WEATHER ITEM   OBSERVED TIME   RECORD YEAR NORMAL DEPARTURE
                VALUE   (LST)  VALUE       VALUE  FROM
                                                  NORMAL
...............................................................
TEMPERATURE (F)
 YESTERDAY
  MAXIMUM         65    346 PM  83    1932  63      2
  MINIMUM         41    609 AM  29    1994  42     -1
                                      1964
                                      1961
  AVERAGE         53                        53      0

PRECIPITATION (IN)
  YESTERDAY        0.00          3.05 1885   0.03  -0.03
  MONTH TO DATE    0.22                      0.65  -0.43
  SINCE OCT 1      0.31                      1.28  -0.97
  SINCE JAN 1     13.11                      9.31   3.80

SNOWFALL (IN)
  YESTERDAY        0.0
  MONTH TO DATE    0.0
  SINCE SEP 1      0.0
  SINCE JUL 1      0.0
  SNOW DEPTH       0

DEGREE DAYS
 HEATING
  YESTERDAY       12                                0
  MONTH TO DATE  129                              -39
  SINCE SEP 1    178                              -53
  SINCE JUL 1    178                              -53

 COOLING
  YESTERDAY        0                                0
  MONTH TO DATE    2                                2
  SINCE SEP 1    449                               11
  SINCE JAN 1   2488                              366
...............................................................


WIND (MPH)
  HIGHEST WIND SPEED     9   HIGHEST WIND DIRECTION     W (280)
  HIGHEST GUST SPEED    10   HIGHEST GUST DIRECTION     W (290)
  AVERAGE WIND SPEED     1.8




RELATIVE HUMIDITY (PERCENT)
 HIGHEST    96
 LOWEST     44
 AVERAGE    70

..........................................................


THE FRESNO CA CLIMATE NORMALS FOR TODAY
                         NORMAL    RECORD    YEAR
 MAXIMUM TEMPERATURE (F)   63        80      1936
                                             1926
 MINIMUM TEMPERATURE (F)   42        27      1977


SUNRISE AND SUNSET
NOVEMBER 20 2017......SUNRISE   642 AM PST   SUNSET   446 PM PST
NOVEMBER 21 2017......SUNRISE   643 AM PST   SUNSET   446 PM PST


-  INDICATES NEGATIVE NUMBERS.
R  INDICATES RECORD WAS SET OR TIED.
MM INDICATES DATA IS MISSING.
T  INDICATES TRACE AMOUNT.




$$
