000
CDUS46 KHNX 290825
CLIFAT


CLIMATE REPORT
NATIONAL WEATHER SERVICE SAN JOAQUIN VALLEY, CA
123 AM PDT MON MAY 29 2017


...................................

...THE FRESNO CA CLIMATE SUMMARY FOR MAY 28 2017...

CLIMATE NORMAL PERIOD 1981 TO 2010
CLIMATE RECORD PERIOD 1887 TO 2017


WEATHER ITEM   OBSERVED TIME   RECORD YEAR NORMAL DEPARTURE
                VALUE   (LST)  VALUE       VALUE  FROM
                                                  NORMAL
...............................................................
TEMPERATURE (F)
 YESTERDAY
  MAXIMUM         90        MM 107    1984  87      3
  MINIMUM         60        MM  45    1927  59      1
  AVERAGE         75                        73      2

PRECIPITATION (IN)
  YESTERDAY        0.00          1.34 1906   0.01  -0.01
  MONTH TO DATE    0.12                      0.40  -0.28
  SINCE OCT 1     17.20                     11.07   6.13
  SINCE JAN 1     12.64                      7.60   5.04

SNOWFALL (IN)
  YESTERDAY        0.0
  MONTH TO DATE    0.0
  SINCE MAR 1      0.0
  SINCE JUL 1      0.0
  SNOW DEPTH       0

DEGREE DAYS
 HEATING
  YESTERDAY        0                                0
  MONTH TO DATE   26                               -3
  SINCE MAR 1    322                             -108
  SINCE JUL 1   1936                             -406

 COOLING
  YESTERDAY       10                                2
  MONTH TO DATE  193                               30
  SINCE MAR 1    223                                9
  SINCE JAN 1    223                                9
...............................................................


WIND (MPH)
  HIGHEST WIND SPEED    13   HIGHEST WIND DIRECTION    NW (310)
  HIGHEST GUST SPEED    MM   HIGHEST GUST DIRECTION    MM
  AVERAGE WIND SPEED     8.5




RELATIVE HUMIDITY (PERCENT)
 HIGHEST    78
 LOWEST     26
 AVERAGE    52

..........................................................


THE FRESNO CA CLIMATE NORMALS FOR TODAY
                         NORMAL    RECORD    YEAR
 MAXIMUM TEMPERATURE (F)   88       107      1984
 MINIMUM TEMPERATURE (F)   59        45      1906


SUNRISE AND SUNSET
MAY 29 2017...........SUNRISE   542 AM PDT   SUNSET   811 PM PDT
MAY 30 2017...........SUNRISE   542 AM PDT   SUNSET   811 PM PDT


-  INDICATES NEGATIVE NUMBERS.
R  INDICATES RECORD WAS SET OR TIED.
MM INDICATES DATA IS MISSING.
T  INDICATES TRACE AMOUNT.




$$
