000
CDUS46 KHNX 300827
CLIFAT


CLIMATE REPORT
NATIONAL WEATHER SERVICE SAN JOAQUIN VALLEY, CA
126 AM PDT WED JUL 30 2014


...................................

...THE FRESNO CA CLIMATE SUMMARY FOR JULY 29 2014...

CLIMATE NORMAL PERIOD 1981 TO 2010
CLIMATE RECORD PERIOD 1887 TO 2014


WEATHER ITEM   OBSERVED TIME   RECORD YEAR NORMAL DEPARTURE
                VALUE   (LST)  VALUE       VALUE  FROM
                                                  NORMAL
...............................................................
TEMPERATURE (F)
 YESTERDAY
  MAXIMUM        104    320 PM 113    1898  99      5
  MINIMUM         76    545 AM  57    1950  68      8
                                      1919
                                      1899
  AVERAGE         90                        84      6

PRECIPITATION (IN)
  YESTERDAY        0.00          T    2003   0.00   0.00
                                      1972
                                      1960
  MONTH TO DATE    0.01                      0.01   0.00
  SINCE JUL 1      0.01                      0.01   0.00
  SINCE JAN 1      4.09                      7.85  -3.76

SNOWFALL (IN)
  YESTERDAY        0.0
  MONTH TO DATE    0.0
  SINCE JUN 1      0.0
  SINCE JUL 1      0.0
  SNOW DEPTH       0

DEGREE DAYS
 HEATING
  YESTERDAY        0                                0
  MONTH TO DATE    0                                0
  SINCE JUN 1      0                               -3
  SINCE JUL 1      0                                0

 COOLING
  YESTERDAY       25                                6
  MONTH TO DATE  632                              108
  SINCE JUN 1   1117                              224
  SINCE JAN 1   1560                              426
...............................................................


WIND (MPH)
  HIGHEST WIND SPEED    14   HIGHEST WIND DIRECTION    NW (310)
  HIGHEST GUST SPEED    17   HIGHEST GUST DIRECTION    NW (320)
  AVERAGE WIND SPEED     6.4




RELATIVE HUMIDITY (PERCENT)
 HIGHEST    41
 LOWEST     12
 AVERAGE    27

..........................................................


THE FRESNO CA CLIMATE NORMALS FOR TODAY
                         NORMAL    RECORD    YEAR
 MAXIMUM TEMPERATURE (F)   99       114      1898
 MINIMUM TEMPERATURE (F)   68        57      1975
                                             1919


SUNRISE AND SUNSET
JULY 30 2014..........SUNRISE   603 AM PDT   SUNSET   807 PM PDT
JULY 31 2014..........SUNRISE   604 AM PDT   SUNSET   806 PM PDT


-  INDICATES NEGATIVE NUMBERS.
R  INDICATES RECORD WAS SET OR TIED.
MM INDICATES DATA IS MISSING.
T  INDICATES TRACE AMOUNT.




$$
