786
CDUS46 KHNX 130826
CLIFAT


CLIMATE REPORT
NATIONAL WEATHER SERVICE SAN JOAQUIN VALLEY, CA
1226 AM PST SAT FEB 13 2016


...................................

...THE FRESNO CA CLIMATE SUMMARY FOR FEBRUARY 12 2016...

CLIMATE NORMAL PERIOD 1981 TO 2010
CLIMATE RECORD PERIOD 1887 TO 2016


WEATHER ITEM   OBSERVED TIME   RECORD YEAR NORMAL DEPARTURE
                VALUE   (LST)  VALUE       VALUE  FROM
                                                  NORMAL
...............................................................
TEMPERATURE (F)
 YESTERDAY
  MAXIMUM         71    337 PM  76    1921  61     10
  MINIMUM         46    707 AM  27    1949  41      5
                                      1946
  AVERAGE         59                        51      8

PRECIPITATION (IN)
  YESTERDAY        0.00          1.65 1986   0.07  -0.07
  MONTH TO DATE    0.00                      0.87  -0.87
  SINCE OCT 1      9.62                      6.53   3.09
  SINCE JAN 1      4.42                      3.06   1.36

SNOWFALL (IN)
  YESTERDAY        0.0
  MONTH TO DATE    0.0
  SINCE DEC 1      0.0
  SINCE JUL 1      0.0
  SNOW DEPTH       0

DEGREE DAYS
 HEATING
  YESTERDAY        6                               -8
  MONTH TO DATE  150                              -31
  SINCE DEC 1   1193                             -135
  SINCE JUL 1   1583                             -133

 COOLING
  YESTERDAY        0                                0
  MONTH TO DATE    0                                0
  SINCE DEC 1      0                                0
  SINCE JAN 1      0                                0
...............................................................


WIND (MPH)
  HIGHEST WIND SPEED     9   HIGHEST WIND DIRECTION    NW (320)
  HIGHEST GUST SPEED    12   HIGHEST GUST DIRECTION    NW (300)
  AVERAGE WIND SPEED     2.5




RELATIVE HUMIDITY (PERCENT)
 HIGHEST   100
 LOWEST     51
 AVERAGE    76

..........................................................


THE FRESNO CA CLIMATE NORMALS FOR TODAY
                         NORMAL    RECORD    YEAR
 MAXIMUM TEMPERATURE (F)   61        79      1921
 MINIMUM TEMPERATURE (F)   41        24      1949


SUNRISE AND SUNSET
FEBRUARY 13 2016......SUNRISE   650 AM PST   SUNSET   537 PM PST
FEBRUARY 14 2016......SUNRISE   649 AM PST   SUNSET   538 PM PST


-  INDICATES NEGATIVE NUMBERS.
R  INDICATES RECORD WAS SET OR TIED.
MM INDICATES DATA IS MISSING.
T  INDICATES TRACE AMOUNT.




$$
