000
CDUS46 KHNX 260823
CLIFAT


CLIMATE REPORT
NATIONAL WEATHER SERVICE SAN JOAQUIN VALLEY, CA
122 AM PDT TUE SEP 26 2017


...................................

...THE FRESNO CA CLIMATE SUMMARY FOR SEPTEMBER 25 2017...

CLIMATE NORMAL PERIOD 1981 TO 2010
CLIMATE RECORD PERIOD 1887 TO 2017


WEATHER ITEM   OBSERVED TIME   RECORD YEAR NORMAL DEPARTURE
                VALUE   (LST)  VALUE       VALUE  FROM
                                                  NORMAL
...............................................................
TEMPERATURE (F)
 YESTERDAY
  MAXIMUM         84        MM 100    2009  88     -4
                                      1978
                                      1963
  MINIMUM         55        MM  43    1948  59     -4
  AVERAGE         70                        74     -4

PRECIPITATION (IN)
  YESTERDAY        0.00          0.85 1982   0.01  -0.01
  MONTH TO DATE    0.16                      0.12   0.04
  SINCE OCT 1     17.36                     11.45   5.91
  SINCE JAN 1     12.80                      7.98   4.82

SNOWFALL (IN)
  YESTERDAY        0.0
  MONTH TO DATE    0.0
  SINCE SEP 1      0.0
  SINCE JUL 1      0.0
  SNOW DEPTH       0

DEGREE DAYS
 HEATING
  YESTERDAY        0                                0
  MONTH TO DATE    4                                4
  SINCE SEP 1      4                                4
  SINCE JUL 1      4                                4

 COOLING
  YESTERDAY        5                               -4
  MONTH TO DATE  323                               25
  SINCE SEP 1    323                               25
  SINCE JAN 1   2362                              380
...............................................................


WIND (MPH)
  HIGHEST WIND SPEED     7   HIGHEST WIND DIRECTION    NW (320)
  HIGHEST GUST SPEED    MM   HIGHEST GUST DIRECTION    MM
  AVERAGE WIND SPEED     3.5




RELATIVE HUMIDITY (PERCENT)
 HIGHEST    61
 LOWEST     17
 AVERAGE    39

..........................................................


THE FRESNO CA CLIMATE NORMALS FOR TODAY
                         NORMAL    RECORD    YEAR
 MAXIMUM TEMPERATURE (F)   88       107      1963
 MINIMUM TEMPERATURE (F)   59        43      1948


SUNRISE AND SUNSET
SEPTEMBER 26 2017.....SUNRISE   650 AM PDT   SUNSET   649 PM PDT
SEPTEMBER 27 2017.....SUNRISE   651 AM PDT   SUNSET   648 PM PDT


-  INDICATES NEGATIVE NUMBERS.
R  INDICATES RECORD WAS SET OR TIED.
MM INDICATES DATA IS MISSING.
T  INDICATES TRACE AMOUNT.




$$
