000
CDUS46 KHNX 270830
CLIFAT


CLIMATE REPORT
NATIONAL WEATHER SERVICE SAN JOAQUIN VALLEY, CA
130 AM PDT WED AUG 27 2014


...................................

...THE FRESNO CA CLIMATE SUMMARY FOR AUGUST 26 2014...

CLIMATE NORMAL PERIOD 1981 TO 2010
CLIMATE RECORD PERIOD 1887 TO 2014


WEATHER ITEM   OBSERVED TIME   RECORD YEAR NORMAL DEPARTURE
                VALUE   (LST)  VALUE       VALUE  FROM
                                                  NORMAL
...............................................................
TEMPERATURE (F)
 YESTERDAY
  MAXIMUM         93    404 PM 108    1924  96     -3
  MINIMUM         65    615 AM  52    1968  65      0
  AVERAGE         79                        80     -1

PRECIPITATION (IN)
  YESTERDAY        0.00          0.04 2003   0.00   0.00
  MONTH TO DATE    T                         0.01  -0.01
  SINCE JUL 1      0.01                      0.02  -0.01
  SINCE JAN 1      4.09                      7.86  -3.77

SNOWFALL (IN)
  YESTERDAY        0.0
  MONTH TO DATE    0.0
  SINCE JUN 1      0.0
  SINCE JUL 1      0.0
  SNOW DEPTH       0

DEGREE DAYS
 HEATING
  YESTERDAY        0                                0
  MONTH TO DATE    0                                0
  SINCE JUN 1      0                               -3
  SINCE JUL 1      0                                0

 COOLING
  YESTERDAY       14                               -1
  MONTH TO DATE  505                               65
  SINCE JUN 1   1677                              310
  SINCE JAN 1   2120                              512
...............................................................


WIND (MPH)
  HIGHEST WIND SPEED    15   HIGHEST WIND DIRECTION    NW (310)
  HIGHEST GUST SPEED    MM   HIGHEST GUST DIRECTION    MM
  AVERAGE WIND SPEED     3.8




RELATIVE HUMIDITY (PERCENT)
 HIGHEST    73
 LOWEST     21
 AVERAGE    47

..........................................................


THE FRESNO CA CLIMATE NORMALS FOR TODAY
                         NORMAL    RECORD    YEAR
 MAXIMUM TEMPERATURE (F)   95       109      1924
                                             1894
 MINIMUM TEMPERATURE (F)   65        51      1895


SUNRISE AND SUNSET
AUGUST 27 2014........SUNRISE   626 AM PDT   SUNSET   734 PM PDT
AUGUST 28 2014........SUNRISE   627 AM PDT   SUNSET   733 PM PDT


-  INDICATES NEGATIVE NUMBERS.
R  INDICATES RECORD WAS SET OR TIED.
MM INDICATES DATA IS MISSING.
T  INDICATES TRACE AMOUNT.




$$
