000
CDUS46 KHNX 240824
CLIFAT


CLIMATE REPORT
NATIONAL WEATHER SERVICE SAN JOAQUIN VALLEY, CA
124 AM PDT TUE MAY 24 2016


...................................

...THE FRESNO CA CLIMATE SUMMARY FOR MAY 23 2016...

CLIMATE NORMAL PERIOD 1981 TO 2010
CLIMATE RECORD PERIOD 1887 TO 2016


WEATHER ITEM   OBSERVED TIME   RECORD YEAR NORMAL DEPARTURE
                VALUE   (LST)  VALUE       VALUE  FROM
                                                  NORMAL
...............................................................
TEMPERATURE (F)
 YESTERDAY
  MAXIMUM         78    326 PM 103    1967  86     -8
  MINIMUM         52    504 AM  44    1960  58     -6
                                      1909
  AVERAGE         65                        72     -7

PRECIPITATION (IN)
  YESTERDAY        T             0.23 1990   0.01  -0.01
  MONTH TO DATE    0.29                      0.34  -0.05
  SINCE OCT 1     14.23                     11.01   3.22
  SINCE JAN 1      9.03                      7.54   1.49

SNOWFALL (IN)
  YESTERDAY        0.0
  MONTH TO DATE    0.0
  SINCE MAR 1      0.0
  SINCE JUL 1      0.0
  SNOW DEPTH       0

DEGREE DAYS
 HEATING
  YESTERDAY        0                               -1
  MONTH TO DATE   10                              -19
  SINCE MAR 1    246                             -184
  SINCE JUL 1   1947                             -395

 COOLING
  YESTERDAY        0                               -7
  MONTH TO DATE  136                               13
  SINCE MAR 1    200                               26
  SINCE JAN 1    200                               26
...............................................................


WIND (MPH)
  HIGHEST WIND SPEED    22   HIGHEST WIND DIRECTION    NW (310)
  HIGHEST GUST SPEED    26   HIGHEST GUST DIRECTION    NW (300)
  AVERAGE WIND SPEED    10.5




RELATIVE HUMIDITY (PERCENT)
 HIGHEST    77
 LOWEST     19
 AVERAGE    48

..........................................................


THE FRESNO CA CLIMATE NORMALS FOR TODAY
                         NORMAL    RECORD    YEAR
 MAXIMUM TEMPERATURE (F)   86       103      1943
                                             1890
 MINIMUM TEMPERATURE (F)   58        41      1953


SUNRISE AND SUNSET
MAY 24 2016...........SUNRISE   545 AM PDT   SUNSET   807 PM PDT
MAY 25 2016...........SUNRISE   544 AM PDT   SUNSET   808 PM PDT


-  INDICATES NEGATIVE NUMBERS.
R  INDICATES RECORD WAS SET OR TIED.
MM INDICATES DATA IS MISSING.
T  INDICATES TRACE AMOUNT.




$$
