000
CDUS46 KHNX 240823
CLIFAT


CLIMATE REPORT
NATIONAL WEATHER SERVICE SAN JOAQUIN VALLEY, CA
123 AM PDT MON JUL 24 2017


...................................

...THE FRESNO CA CLIMATE SUMMARY FOR JULY 23 2017...

CLIMATE NORMAL PERIOD 1981 TO 2010
CLIMATE RECORD PERIOD 1887 TO 2017


WEATHER ITEM   OBSERVED TIME   RECORD YEAR NORMAL DEPARTURE
                VALUE   (LST)  VALUE       VALUE  FROM
                                                  NORMAL
...............................................................
TEMPERATURE (F)
 YESTERDAY
  MAXIMUM        105        MM 113    2006  99      6
  MINIMUM         73        MM  55    1897  68      5
  AVERAGE         89                        84      5

PRECIPITATION (IN)
  YESTERDAY        0.00          T    2007   0.00   0.00
                                      2001
                                      1997
  MONTH TO DATE    0.00                      0.01  -0.01
  SINCE OCT 1     17.20                     11.32   5.88
  SINCE JAN 1     12.64                      7.85   4.79

SNOWFALL (IN)
  YESTERDAY        0.0
  MONTH TO DATE    0.0
  SINCE JUN 1      0.0
  SINCE JUL 1      0.0
  SNOW DEPTH       0

DEGREE DAYS
 HEATING
  YESTERDAY        0                                0
  MONTH TO DATE    0                                0
  SINCE JUN 1      4                                1
  SINCE JUL 1      0                                0

 COOLING
  YESTERDAY       24                                5
  MONTH TO DATE  497                               87
  SINCE JUN 1    974                              195
  SINCE JAN 1   1225                              205
...............................................................


WIND (MPH)
  HIGHEST WIND SPEED    12   HIGHEST WIND DIRECTION     W (280)
  HIGHEST GUST SPEED    MM   HIGHEST GUST DIRECTION    MM
  AVERAGE WIND SPEED     5.2




RELATIVE HUMIDITY (PERCENT)
 HIGHEST    57
 LOWEST     14
 AVERAGE    36

..........................................................


THE FRESNO CA CLIMATE NORMALS FOR TODAY
                         NORMAL    RECORD    YEAR
 MAXIMUM TEMPERATURE (F)   99       113      2006
 MINIMUM TEMPERATURE (F)   68        55      1903
                                             1889


SUNRISE AND SUNSET
JULY 24 2017..........SUNRISE   559 AM PDT   SUNSET   812 PM PDT
JULY 25 2017..........SUNRISE   559 AM PDT   SUNSET   811 PM PDT


-  INDICATES NEGATIVE NUMBERS.
R  INDICATES RECORD WAS SET OR TIED.
MM INDICATES DATA IS MISSING.
T  INDICATES TRACE AMOUNT.




$$
