000
CDUS46 KHNX 180828
CLIFAT


CLIMATE REPORT
NATIONAL WEATHER SERVICE SAN JOAQUIN VALLEY, CA
127 AM PDT FRI APR 18 2014


...................................

...THE FRESNO CA CLIMATE SUMMARY FOR APRIL 17 2014...

CLIMATE NORMAL PERIOD 1981 TO 2010
CLIMATE RECORD PERIOD 1887 TO 2014


WEATHER ITEM   OBSERVED TIME   RECORD YEAR NORMAL DEPARTURE
                VALUE   (LST)  VALUE       VALUE  FROM
                                                  NORMAL
...............................................................
TEMPERATURE (F)
 YESTERDAY
  MAXIMUM         88    232 PM  94    1980  75     13
                                      1954
                                      1946
  MINIMUM         59    550 AM  34    1896  50      9
  AVERAGE         74                        62     12

PRECIPITATION (IN)
  YESTERDAY        0.00          0.97 2000   0.03  -0.03
  MONTH TO DATE    0.12                      0.60  -0.48
  SINCE JUL 1      4.15                     10.51  -6.36
  SINCE JAN 1      3.42                      6.85  -3.43

SNOWFALL (IN)
  YESTERDAY        0.0
  MONTH TO DATE    0.0
  SINCE MAR 1      0.0
  SINCE JUL 1      0.0
  SNOW DEPTH       0

DEGREE DAYS
 HEATING
  YESTERDAY        0                               -4
  MONTH TO DATE   44                              -53
  SINCE MAR 1    132                             -230
  SINCE JUL 1   1477                             -797

 COOLING
  YESTERDAY        9                                7
  MONTH TO DATE   90                               73
  SINCE MAR 1    102                               80
  SINCE JAN 1    102                               80
...............................................................


WIND (MPH)
  HIGHEST WIND SPEED    16   HIGHEST WIND DIRECTION    NW (310)
  HIGHEST GUST SPEED    21   HIGHEST GUST DIRECTION    NW (320)
  AVERAGE WIND SPEED     6.0




RELATIVE HUMIDITY (PERCENT)
 HIGHEST    60
 LOWEST     18
 AVERAGE    39

..........................................................


THE FRESNO CA CLIMATE NORMALS FOR TODAY
                         NORMAL    RECORD    YEAR
 MAXIMUM TEMPERATURE (F)   75        95      1910
 MINIMUM TEMPERATURE (F)   50        36      1941
                                             1933
                                             1892


SUNRISE AND SUNSET
APRIL 18 2014.........SUNRISE   621 AM PDT   SUNSET   736 PM PDT
APRIL 19 2014.........SUNRISE   620 AM PDT   SUNSET   737 PM PDT


-  INDICATES NEGATIVE NUMBERS.
R  INDICATES RECORD WAS SET OR TIED.
MM INDICATES DATA IS MISSING.
T  INDICATES TRACE AMOUNT.




$$
