000
CDUS46 KHNX 250821
CLIFAT


CLIMATE REPORT
NATIONAL WEATHER SERVICE SAN JOAQUIN VALLEY, CA
1221 AM PST SUN JAN 25 2015


...................................

...THE FRESNO CA CLIMATE SUMMARY FOR JANUARY 24 2015...

CLIMATE NORMAL PERIOD 1981 TO 2010
CLIMATE RECORD PERIOD 1887 TO 2015


WEATHER ITEM   OBSERVED TIME   RECORD YEAR NORMAL DEPARTURE
                VALUE   (LST)  VALUE       VALUE  FROM
                                                  NORMAL
...............................................................
TEMPERATURE (F)
 YESTERDAY
  MAXIMUM         53    301 PM  78    2014  56     -3
  MINIMUM         41   1007 AM  24    1898  39      2
  AVERAGE         47                        47      0

PRECIPITATION (IN)
  YESTERDAY        0.00          1.74 1952   0.06  -0.06
  MONTH TO DATE    T                         1.69  -1.69
  SINCE OCT 1      3.19                      5.16  -1.97
  SINCE JAN 1      T                         1.69  -1.69

SNOWFALL (IN)
  YESTERDAY        0.0
  MONTH TO DATE    0.0
  SINCE DEC 1      0.0
  SINCE JUL 1      0.0
  SNOW DEPTH       0

DEGREE DAYS
 HEATING
  YESTERDAY       18                                0
  MONTH TO DATE  399                              -54
  SINCE DEC 1    800                             -228
  SINCE JUL 1   1021                             -395

 COOLING
  YESTERDAY        0                                0
  MONTH TO DATE    0                                0
  SINCE DEC 1      0                                0
  SINCE JAN 1      0                                0
...............................................................


WIND (MPH)
  HIGHEST WIND SPEED     9   HIGHEST WIND DIRECTION     S (160)
  HIGHEST GUST SPEED    13   HIGHEST GUST DIRECTION    SE (150)
  AVERAGE WIND SPEED     3.3




RELATIVE HUMIDITY (PERCENT)
 HIGHEST   100
 LOWEST     71
 AVERAGE    86

..........................................................


THE FRESNO CA CLIMATE NORMALS FOR TODAY
                         NORMAL    RECORD    YEAR
 MAXIMUM TEMPERATURE (F)   56        75      2014
 MINIMUM TEMPERATURE (F)   39        24      1949


SUNRISE AND SUNSET
JANUARY 25 2015.......SUNRISE   706 AM PST   SUNSET   517 PM PST
JANUARY 26 2015.......SUNRISE   705 AM PST   SUNSET   518 PM PST


-  INDICATES NEGATIVE NUMBERS.
R  INDICATES RECORD WAS SET OR TIED.
MM INDICATES DATA IS MISSING.
T  INDICATES TRACE AMOUNT.




$$
