000
CDUS42 KRAH 140534
CLIFAY


CLIMATE REPORT
NATIONAL WEATHER SERVICE RALEIGH NC
133 AM EDT MON JUL 14 2014


...................................

...THE FAYETTEVILLE REGL AIRPORT NC CLIMATE SUMMARY FOR JULY 13 2014...

CLIMATE NORMAL PERIOD 1981 TO 2010
CLIMATE RECORD PERIOD 1910 TO 2014


WEATHER ITEM   OBSERVED TIME   RECORD YEAR NORMAL DEPARTURE LAST
                VALUE   (LST)  VALUE       VALUE  FROM      YEAR
                                                  NORMAL
..................................................................
TEMPERATURE (F)
 YESTERDAY
  MAXIMUM         93    302 PM 103    1932  91      2       79
  MINIMUM         71    543 AM  57    1978  72     -1       72
  AVERAGE         82                        82      0       76

PRECIPITATION (IN)
  YESTERDAY        0.00          3.55 2003   0.17  -0.17     0.43
  MONTH TO DATE    1.44                      2.24  -0.80     6.13
  SINCE JUN 1      4.13                      6.59  -2.46    14.71
  SINCE JAN 1     22.58                     22.26   0.32    28.05

DEGREE DAYS
 HEATING
  YESTERDAY        0                         0      0        0
  MONTH TO DATE    0                         0      0        0
  SINCE JUN 1      0                         0      0        0
  SINCE JUL 1      0                         0      0        0

 COOLING
  YESTERDAY       17                        17      0       11
  MONTH TO DATE  215                       210      5      194
  SINCE JUN 1    672                       606     66      589
  SINCE JAN 1   1038                       890    148      838
..................................................................


WIND (MPH)
  HIGHEST WIND SPEED    14   HIGHEST WIND DIRECTION     S (170)
  HIGHEST GUST SPEED    17   HIGHEST GUST DIRECTION    SW (210)
  AVERAGE WIND SPEED     5.9


SKY COVER
  POSSIBLE SUNSHINE  MM
  AVERAGE SKY COVER 0.1


WEATHER CONDITIONS
 THE FOLLOWING WEATHER WAS RECORDED YESTERDAY.
  FOG


RELATIVE HUMIDITY (PERCENT)
 HIGHEST    93           200 AM
 LOWEST     47           200 PM
 AVERAGE    70

..........................................................


THE FAYETTEVILLE REGL AIRPORT NC CLIMATE NORMALS FOR TODAY
                         NORMAL    RECORD    YEAR
 MAXIMUM TEMPERATURE (F)   91       106      1932
 MINIMUM TEMPERATURE (F)   72        57      1933


SUNRISE AND SUNSET
JULY 14 2014..........SUNRISE   612 AM EDT   SUNSET   830 PM EDT
JULY 15 2014..........SUNRISE   613 AM EDT   SUNSET   830 PM EDT


-  INDICATES NEGATIVE NUMBERS.
R  INDICATES RECORD WAS SET OR TIED.
MM INDICATES DATA IS MISSING.
T  INDICATES TRACE AMOUNT.




$$
