338
CDUS42 KRAH 191545
CLIFAY


CLIMATE REPORT
NATIONAL WEATHER SERVICE RALEIGH NC
1043 AM EST SUN NOV 19 2017


...................................

...THE FAYETTEVILLE REGL AIRPORT NC CLIMATE SUMMARY FOR NOVEMBER 19 2017...
VALID AS OF 1040 AM LOCAL TIME.

CLIMATE NORMAL PERIOD 1981 TO 2010
CLIMATE RECORD PERIOD 1910 TO 2017


WEATHER ITEM   OBSERVED TIME   RECORD YEAR NORMAL DEPARTURE LAST
                VALUE   (LST)  VALUE       VALUE  FROM      YEAR
                                                  NORMAL
..................................................................
TEMPERATURE (F)
 TODAY
  MAXIMUM         67    348 AM  86    1931  66      1       77
  MINIMUM         56    843 AM  17    2014  42     14       45
  AVERAGE         62                        54      8       61

PRECIPITATION (IN)
  TODAY            0.05          1.50 1932   0.09  -0.04     0.00
  MONTH TO DATE    0.54                      1.68  -1.14     0.49
  SINCE SEP 1      7.03                      9.29  -2.26    26.63
  SINCE JAN 1     38.83                     40.72  -1.89    53.29

..................................................................


WIND (MPH)
  HIGHEST WIND SPEED    28   HIGHEST WIND DIRECTION    SW (220)
  HIGHEST GUST SPEED    35   HIGHEST GUST DIRECTION    SW (230)
  AVERAGE WIND SPEED    15.2


SKY COVER
  POSSIBLE SUNSHINE  MM
  AVERAGE SKY COVER 0.4


WEATHER CONDITIONS
 THE FOLLOWING WEATHER WAS RECORDED TODAY.
  LIGHT RAIN


RELATIVE HUMIDITY (PERCENT)
 HIGHEST    87           700 AM
 LOWEST     43          1000 AM
 AVERAGE    65

..........................................................




SUNRISE AND SUNSET
NOVEMBER 19 2017......SUNRISE   654 AM EST   SUNSET   508 PM EST
NOVEMBER 20 2017......SUNRISE   655 AM EST   SUNSET   507 PM EST


-  INDICATES NEGATIVE NUMBERS.
R  INDICATES RECORD WAS SET OR TIED.
MM INDICATES DATA IS MISSING.
T  INDICATES TRACE AMOUNT.




$$
