000
CDUS42 KRAH 222151
CLIFAY


CLIMATE REPORT
NATIONAL WEATHER SERVICE RALEIGH NC
447 PM EST MON JAN 22 2018


...................................

...THE FAYETTEVILLE REGL AIRPORT NC CLIMATE SUMMARY FOR JANUARY 22 2018...
VALID TODAY AS OF 0400 PM LOCAL TIME.

CLIMATE NORMAL PERIOD 1981 TO 2010
CLIMATE RECORD PERIOD 1910 TO 2018


WEATHER ITEM   OBSERVED TIME   RECORD YEAR NORMAL DEPARTURE LAST
                VALUE   (LST)  VALUE       VALUE  FROM      YEAR
                                                  NORMAL
..................................................................
TEMPERATURE (F)
 TODAY
  MAXIMUM         65    350 PM  79    1937  55     10       66
  MINIMUM         37    643 AM  -1    1985  33      4       59
  AVERAGE         51                        44      7       63

PRECIPITATION (IN)
  TODAY            0.00          1.29 1987   0.11  -0.11     0.30
  MONTH TO DATE    0.62                      2.13  -1.51     2.34
  SINCE DEC 1      3.59                      4.78  -1.19     4.98
  SINCE JAN 1      0.62                      2.13  -1.51     2.34

DEGREE DAYS
 HEATING
  TODAY           14                        21     -7        2
  MONTH TO DATE  606                       479    127      327
  SINCE DEC 1   1186                      1090     96      884
  SINCE JUL 1   1619                      1538     81     1235

 COOLING
  TODAY            0                         0      0        0
  MONTH TO DATE    0                         0      0        1
  SINCE DEC 1      0                         2     -2        1
  SINCE JAN 1      0                         0      0        1
..................................................................


WIND (MPH)
  HIGHEST WIND SPEED    12   HIGHEST WIND DIRECTION    SW (220)
  HIGHEST GUST SPEED    14   HIGHEST GUST DIRECTION    SW (220)
  AVERAGE WIND SPEED     2.9


SKY COVER
  POSSIBLE SUNSHINE  MM
  AVERAGE SKY COVER 0.1


WEATHER CONDITIONS
 THE FOLLOWING WEATHER WAS RECORDED TODAY.
  NO SIGNIFICANT WEATHER WAS OBSERVED.


RELATIVE HUMIDITY (PERCENT)
 HIGHEST   100           700 AM
 LOWEST     48           400 PM
 AVERAGE    74

..........................................................


THE FAYETTEVILLE REGL AIRPORT NC CLIMATE NORMALS FOR TOMORROW
                         NORMAL    RECORD    YEAR
 MAXIMUM TEMPERATURE (F)   55        79      1999
 MINIMUM TEMPERATURE (F)   34         9      1970


SUNRISE AND SUNSET
JANUARY 22 2018.......SUNRISE   720 AM EST   SUNSET   534 PM EST
JANUARY 23 2018.......SUNRISE   720 AM EST   SUNSET   535 PM EST


-  INDICATES NEGATIVE NUMBERS.
R  INDICATES RECORD WAS SET OR TIED.
MM INDICATES DATA IS MISSING.
T  INDICATES TRACE AMOUNT.




$$
