000
CDUS42 KRAH 292051
CLIFAY


CLIMATE REPORT
NATIONAL WEATHER SERVICE RALEIGH NC
448 PM EDT MON MAY 29 2017


...................................

...THE FAYETTEVILLE REGL AIRPORT NC CLIMATE SUMMARY FOR MAY 29 2017...
VALID TODAY AS OF 0448 PM LOCAL TIME.

CLIMATE NORMAL PERIOD 1981 TO 2010
CLIMATE RECORD PERIOD 1910 TO 2017


WEATHER ITEM   OBSERVED TIME   RECORD YEAR NORMAL DEPARTURE LAST
                VALUE   (LST)  VALUE       VALUE  FROM      YEAR
                                                  NORMAL
..................................................................
TEMPERATURE (F)
 TODAY
  MAXIMUM         93    304 PM 102    1941  85      8       84
  MINIMUM         71    601 AM  32    1942  63      8       71
  AVERAGE         82                        74      8       78

PRECIPITATION (IN)
  TODAY            0.00          1.34 1958   0.15  -0.15     0.77
  MONTH TO DATE    5.09                      2.93   2.16     4.70
  SINCE MAR 1     12.03                      9.30   2.73     9.24
  SINCE JAN 1     15.45                     15.36   0.09    17.08

DEGREE DAYS
 HEATING
  TODAY            0                         0      0        0
  MONTH TO DATE   12                        23    -11       27
  SINCE MAR 1    405                       505   -100      356
  SINCE JUL 1   2027                      2730   -703     2169

 COOLING
  TODAY           17                         9      8       13
  MONTH TO DATE  257                       180     77      174
  SINCE MAR 1    460                       259    201      309
  SINCE JAN 1    475                       263    212      309
..................................................................


WIND (MPH)
  HIGHEST WIND SPEED    14   HIGHEST WIND DIRECTION     W (270)
  HIGHEST GUST SPEED    18   HIGHEST GUST DIRECTION     W (270)
  AVERAGE WIND SPEED     7.8


SKY COVER
  POSSIBLE SUNSHINE  MM
  AVERAGE SKY COVER 0.1


WEATHER CONDITIONS
 THE FOLLOWING WEATHER WAS RECORDED TODAY.
  NO SIGNIFICANT WEATHER WAS OBSERVED.


RELATIVE HUMIDITY (PERCENT)
 HIGHEST    93           200 AM
 LOWEST     33           300 PM
 AVERAGE    63

..........................................................


THE FAYETTEVILLE REGL AIRPORT NC CLIMATE NORMALS FOR TOMORROW
                         NORMAL    RECORD    YEAR
 MAXIMUM TEMPERATURE (F)   86        97      1941
 MINIMUM TEMPERATURE (F)   63        48      1932


SUNRISE AND SUNSET
MAY 29 2017...........SUNRISE   604 AM EDT   SUNSET   823 PM EDT
MAY 30 2017...........SUNRISE   603 AM EDT   SUNSET   823 PM EDT


-  INDICATES NEGATIVE NUMBERS.
R  INDICATES RECORD WAS SET OR TIED.
MM INDICATES DATA IS MISSING.
T  INDICATES TRACE AMOUNT.




$$
