000
CDUS42 KRAH 300544
CLIFAY


CLIMATE REPORT
NATIONAL WEATHER SERVICE RALEIGH NC
142 AM EDT FRI SEP 30 2016


...................................

...THE FAYETTEVILLE REGL AIRPORT NC CLIMATE SUMMARY FOR SEPTEMBER 29 2016...

CLIMATE NORMAL PERIOD 1981 TO 2010
CLIMATE RECORD PERIOD 1910 TO 2016


WEATHER ITEM   OBSERVED TIME   RECORD YEAR NORMAL DEPARTURE LAST
                VALUE   (LST)  VALUE       VALUE  FROM      YEAR
                                                  NORMAL
..................................................................
TEMPERATURE (F)
 YESTERDAY
  MAXIMUM         78   1230 PM  95    1933  80     -2       88
  MINIMUM         66    305 AM  41    1962  59      7       75
  AVERAGE         72                        69      3       82

PRECIPITATION (IN)
  YESTERDAY        5.13R         2.01 1963   0.14   4.99     0.10
  MONTH TO DATE   10.81                      4.25   6.56     3.26
  SINCE SEP 1     10.81                      4.25   6.56     3.26
  SINCE JAN 1     37.47                     35.68   1.79    34.05

DEGREE DAYS
 HEATING
  YESTERDAY        0                         1     -1        0
  MONTH TO DATE    0                         7     -7        0
  SINCE SEP 1      0                         7     -7        0
  SINCE JUL 1      0                         7     -7        0

 COOLING
  YESTERDAY        7                         5      2       17
  MONTH TO DATE  393                       264    129      314
  SINCE SEP 1    393                       264    129      314
  SINCE JAN 1   2387                      1904    483     2149
..................................................................


WIND (MPH)
  HIGHEST WIND SPEED    24   HIGHEST WIND DIRECTION     N (20)
  HIGHEST GUST SPEED    31   HIGHEST GUST DIRECTION     N (10)
  AVERAGE WIND SPEED     7.5


SKY COVER
  POSSIBLE SUNSHINE  MM
  AVERAGE SKY COVER 0.8


WEATHER CONDITIONS
 THE FOLLOWING WEATHER WAS RECORDED YESTERDAY.
  THUNDERSTORM
  HEAVY RAIN
  RAIN
  LIGHT RAIN
  FOG


RELATIVE HUMIDITY (PERCENT)
 HIGHEST    93          1200 AM
 LOWEST     74          1100 AM
 AVERAGE    84

..........................................................


THE FAYETTEVILLE REGL AIRPORT NC CLIMATE NORMALS FOR TODAY
                         NORMAL    RECORD    YEAR
 MAXIMUM TEMPERATURE (F)   79        92      1939
 MINIMUM TEMPERATURE (F)   59        40      1967


SUNRISE AND SUNSET
SEPTEMBER 30 2016.....SUNRISE   710 AM EDT   SUNSET   700 PM EDT
OCTOBER  1 2016.......SUNRISE   711 AM EDT   SUNSET   659 PM EDT


-  INDICATES NEGATIVE NUMBERS.
R  INDICATES RECORD WAS SET OR TIED.
MM INDICATES DATA IS MISSING.
T  INDICATES TRACE AMOUNT.




$$
