000
CDUS43 KLMK 270627
CLIFFT


CLIMATE REPORT
NATIONAL WEATHER SERVICE LOUISVILLE KY
227 AM EDT THU JUL 27 2017


...................................

...THE FRANKFORT KY CLIMATE SUMMARY FOR JULY 26 2017...

CLIMATE NORMAL PERIOD 1981 TO 2010
CLIMATE RECORD PERIOD 1895 TO 2017


WEATHER ITEM   OBSERVED TIME   RECORD YEAR NORMAL DEPARTURE LAST
                VALUE   (LST)  VALUE       VALUE  FROM      YEAR
                                                  NORMAL
..................................................................
TEMPERATURE (F)
 YESTERDAY
  MAXIMUM         88    550 PM 100    1934  87      1       92
                                      1930
  MINIMUM         63    545 AM  50    1911  66     -3       73
  AVERAGE         76                        76      0       83

PRECIPITATION (IN)
  YESTERDAY        0.00          1.85 1938   0.14  -0.14     0.06
  MONTH TO DATE    4.76                      3.73   1.03     4.29
  SINCE JUN 1     10.24                      7.82   2.42     8.72
  SINCE JAN 1     30.72                     27.29   3.43    28.38

SNOWFALL (IN)
  YESTERDAY       MM            MM      MM  MM     MM       MM
  MONTH TO DATE   MM                        MM     MM       MM
  SINCE JUN 1     MM                        MM     MM       MM
  SINCE JUL 1     MM                        MM     MM       MM
  SNOW DEPTH      MM

DEGREE DAYS
 HEATING
  YESTERDAY        0                         0      0        0
  MONTH TO DATE    0                         0      0        0
  SINCE JUN 1      1                        10     -9        1
  SINCE JUL 1      0                         0      0        0

 COOLING
  YESTERDAY       11                        11      0       18
  MONTH TO DATE  341                       286     55      353
  SINCE JUN 1    579                       522     57      670
  SINCE JAN 1    765                       621    144      785
..................................................................


WIND (MPH)
  HIGHEST WIND SPEED    10   HIGHEST WIND DIRECTION     S (190)
  HIGHEST GUST SPEED    14   HIGHEST GUST DIRECTION     S (200)
  AVERAGE WIND SPEED     3.9


SKY COVER
  POSSIBLE SUNSHINE  MM
  AVERAGE SKY COVER 0.1


WEATHER CONDITIONS
 THE FOLLOWING WEATHER WAS RECORDED YESTERDAY.
  NO SIGNIFICANT WEATHER WAS OBSERVED.


RELATIVE HUMIDITY (PERCENT)
 HIGHEST    90           500 AM
 LOWEST     53           200 PM
 AVERAGE    72

..........................................................


THE FRANKFORT KY CLIMATE NORMALS FOR TODAY
                         NORMAL    RECORD    YEAR
 MAXIMUM TEMPERATURE (F)   87       103      1952
 MINIMUM TEMPERATURE (F)   66        50      1911


SUNRISE AND SUNSET
JULY 27 2017..........SUNRISE   638 AM EDT   SUNSET   854 PM EDT
JULY 28 2017..........SUNRISE   639 AM EDT   SUNSET   853 PM EDT


-  INDICATES NEGATIVE NUMBERS.
R  INDICATES RECORD WAS SET OR TIED.
MM INDICATES DATA IS MISSING.
T  INDICATES TRACE AMOUNT.




$$
