130
CDUS43 KFGF 220658
CLIFGF


CLIMATE REPORT
NATIONAL WEATHER SERVICE EASTERN NORTH DAKOTA/GRAND FORKS
156 AM CDT SUN OCT 22 2017


...................................

...THE GRAND FORKS UNIV. (NWS) ND CLIMATE SUMMARY FOR OCTOBER 21 2017...

CLIMATE NORMAL PERIOD 1981 TO 2010
CLIMATE RECORD PERIOD 1893 TO 2017


WEATHER ITEM   OBSERVED TIME   RECORD YEAR NORMAL DEPARTURE LAST
                VALUE   (LST)  VALUE       VALUE  FROM      YEAR
                                                  NORMAL
..................................................................
TEMPERATURE (F)
 YESTERDAY
  MAXIMUM         68        MM  79    1947  51     17       55
  MINIMUM         49        MM   9    1913  32     17       35
  AVERAGE         59                        42     17       45

PRECIPITATION (IN)
  YESTERDAY        0.01          1.10 1900   0.06  -0.05      T
  MONTH TO DATE    0.15                      1.44  -1.29     1.14
  SINCE SEP 1      5.03                      3.49   1.54     6.11
  SINCE JAN 1     17.52                     19.59  -2.07    27.84

SNOWFALL (IN)
  YESTERDAY        0.0           3.0  1981   0.0    0.0      0.0
  MONTH TO DATE    0.0                       0.4   -0.4      0.0
  SINCE SEP 1      0.0                       0.4   -0.4      0.0
  SINCE JUL 1      T                         0.4   -0.4       T
  SNOW DEPTH       0

DEGREE DAYS
 HEATING
  YESTERDAY        6                        23    -17       20
  MONTH TO DATE  290                       388    -98      349
  SINCE SEP 1    465                       628   -163      504
  SINCE JUL 1    483                       692   -209      522

 COOLING
  YESTERDAY        0                         0      0        0
  MONTH TO DATE    0                         0      0        5
  SINCE SEP 1     43                        30     13       27
  SINCE JAN 1    440                       462    -22      461
..................................................................


WIND (MPH)
  RESULTANT WIND SPEED  MM   RESULTANT WIND DIRECTION  MM
  HIGHEST WIND SPEED    MM   HIGHEST WIND DIRECTION    MM
  HIGHEST GUST SPEED    MM   HIGHEST GUST DIRECTION    MM
  AVERAGE WIND SPEED    MM


SKY COVER
  POSSIBLE SUNSHINE  MM
  AVERAGE SKY COVER  MM


WEATHER CONDITIONS
 THE FOLLOWING WEATHER WAS RECORDED YESTERDAY.
  NO SIGNIFICANT WEATHER WAS OBSERVED.


RELATIVE HUMIDITY (PERCENT)
 HIGHEST    MM
 LOWEST     MM
 AVERAGE    MM

..........................................................


THE GRAND FORKS UNIV. (NWS) ND CLIMATE NORMALS FOR TODAY
                         NORMAL    RECORD    YEAR
 MAXIMUM TEMPERATURE (F)   51        89      1901
 MINIMUM TEMPERATURE (F)   32         1      1936


SUNRISE AND SUNSET
OCTOBER 22 2017.......SUNRISE   758 AM CDT   SUNSET   626 PM CDT
OCTOBER 23 2017.......SUNRISE   800 AM CDT   SUNSET   625 PM CDT


-  INDICATES NEGATIVE NUMBERS.
R  INDICATES RECORD WAS SET OR TIED.
MM INDICATES DATA IS MISSING.
T  INDICATES TRACE AMOUNT.




$$
