000
CDUS43 KFGF 212253
CLIFGF


CLIMATE REPORT
NATIONAL WEATHER SERVICE EASTERN NORTH DAKOTA/GRAND FORKS
452 PM CST FRI NOV 21 2014


...................................

...THE GRAND FORKS UNIV. (NWS) ND CLIMATE SUMMARY FOR NOVEMBER 21 2014...
VALID TODAY AS OF 0400 PM LOCAL TIME.

CLIMATE NORMAL PERIOD 1981 TO 2010
CLIMATE RECORD PERIOD 1890 TO 2014


WEATHER ITEM   OBSERVED TIME   RECORD YEAR NORMAL DEPARTURE LAST
                VALUE   (LST)  VALUE       VALUE  FROM      YEAR
                                                  NORMAL
..................................................................
TEMPERATURE (F)
 TODAY
  MAXIMUM         34        MM  57    2006  31      3       14
  MINIMUM         12        MM -23    1921  16     -4        1
  AVERAGE         23                        24     -1        8

PRECIPITATION (IN)
  TODAY            0.00          0.43   MM   0.02  -0.02     0.01
  MONTH TO DATE    0.21                      0.69  -0.48     0.09
  SINCE SEP 1      2.09                      4.66  -2.57     4.98
  SINCE JAN 1     22.51                     20.76   1.75    18.42

SNOWFALL (IN)
  TODAY            0.0           3.5    MM   0.3   -0.3      0.4
  MONTH TO DATE    2.6                       3.8   -1.2      1.1
  SINCE SEP 1      2.6                       4.8   -2.2      1.1
  SINCE JUL 1      2.6                       4.8   -2.2      1.1
  SNOW DEPTH       1

DEGREE DAYS
 HEATING
  TODAY           42                        41      1       57
  MONTH TO DATE  841                       742     99      728
  SINCE SEP 1   1593                      1632    -39     1533
  SINCE JUL 1   1649                      1696    -47     1592

 COOLING
  TODAY            0                         0      0        0
  MONTH TO DATE    0                         0      0        0
  SINCE SEP 1     31                        31      0       46
  SINCE JAN 1    395                       463    -68      528
..................................................................


WIND (MPH)
  HIGHEST WIND SPEED    MM   HIGHEST WIND DIRECTION    MM
  HIGHEST GUST SPEED    MM   HIGHEST GUST DIRECTION    MM
  AVERAGE WIND SPEED    MM


SKY COVER
  POSSIBLE SUNSHINE  MM
  AVERAGE SKY COVER  MM


WEATHER CONDITIONS
 THE FOLLOWING WEATHER WAS RECORDED TODAY.
  NO SIGNIFICANT WEATHER WAS OBSERVED.


RELATIVE HUMIDITY (PERCENT)
 HIGHEST    MM
 LOWEST     MM
 AVERAGE    MM

..........................................................


THE GRAND FORKS UNIV. (NWS) ND CLIMATE NORMALS FOR TOMORROW
                         NORMAL    RECORD    YEAR
 MAXIMUM TEMPERATURE (F)   31        60      2006
 MINIMUM TEMPERATURE (F)   15       -13      1938


SUNRISE AND SUNSET
NOVEMBER 21 2014......SUNRISE   743 AM CST   SUNSET   445 PM CST
NOVEMBER 22 2014......SUNRISE   745 AM CST   SUNSET   444 PM CST


-  INDICATES NEGATIVE NUMBERS.
R  INDICATES RECORD WAS SET OR TIED.
MM INDICATES DATA IS MISSING.
T  INDICATES TRACE AMOUNT.




$$
