000
CDUS43 KFGF 280638
CLIFGF


CLIMATE REPORT
NATIONAL WEATHER SERVICE EASTERN NORTH DAKOTA/GRAND FORKS
1237 AM CST WED JAN 28 2015


...................................

...THE GRAND FORKS UNIV. (NWS) ND CLIMATE SUMMARY FOR JANUARY 27 2015...

CLIMATE NORMAL PERIOD 1981 TO 2010
CLIMATE RECORD PERIOD 1890 TO 2015


WEATHER ITEM   OBSERVED TIME   RECORD YEAR NORMAL DEPARTURE LAST
                VALUE   (LST)  VALUE       VALUE  FROM      YEAR
                                                  NORMAL
..................................................................
TEMPERATURE (F)
 YESTERDAY
  MAXIMUM         32        MM  41    1990  17     15       -9
  MINIMUM         24        MM -38    1915  -1     25      -21
  AVERAGE         28                         8     20      -15

PRECIPITATION (IN)
  YESTERDAY        0.00          0.29   MM   0.02  -0.02     0.00
  MONTH TO DATE    0.27                      0.63  -0.36     0.47
  SINCE DEC 1      0.40                      1.28  -0.88     1.16
  SINCE JAN 1      0.27                      0.63  -0.36     0.47

SNOWFALL (IN)
  YESTERDAY        0.0           3.0  2012   0.2   -0.2      0.0
  MONTH TO DATE    6.0                       9.2   -3.2     15.9
  SINCE DEC 1      7.8                      20.1  -12.3     38.7
  SINCE JUL 1     11.6                      27.2  -15.6     40.3
  SNOW DEPTH       T

DEGREE DAYS
 HEATING
  YESTERDAY       37                        57    -20       80
  MONTH TO DATE 1413                      1560   -147     1682
  SINCE DEC 1   2846                      3197   -351     3670
  SINCE JUL 1   4966                      5291   -325     5721

 COOLING
  YESTERDAY        0                         0      0        0
  MONTH TO DATE    0                         0      0        0
  SINCE DEC 1      0                         0      0        0
  SINCE JAN 1      0                         0      0        0
..................................................................


WIND (MPH)
  RESULTANT WIND SPEED  MM   RESULTANT WIND DIRECTION  MM
  HIGHEST WIND SPEED    MM   HIGHEST WIND DIRECTION    MM
  HIGHEST GUST SPEED    MM   HIGHEST GUST DIRECTION    MM
  AVERAGE WIND SPEED    MM


SKY COVER
  POSSIBLE SUNSHINE  MM
  AVERAGE SKY COVER  MM


WEATHER CONDITIONS
 THE FOLLOWING WEATHER WAS RECORDED YESTERDAY.
  NO SIGNIFICANT WEATHER WAS OBSERVED.


RELATIVE HUMIDITY (PERCENT)
 HIGHEST    MM
 LOWEST     MM
 AVERAGE    MM

..........................................................


THE GRAND FORKS UNIV. (NWS) ND CLIMATE NORMALS FOR TODAY
                         NORMAL    RECORD    YEAR
 MAXIMUM TEMPERATURE (F)   18        39      1976
                                             1927
 MINIMUM TEMPERATURE (F)   -1       -37      1907


SUNRISE AND SUNSET
JANUARY 28 2015.......SUNRISE   801 AM CST   SUNSET   522 PM CST
JANUARY 29 2015.......SUNRISE   800 AM CST   SUNSET   524 PM CST


-  INDICATES NEGATIVE NUMBERS.
R  INDICATES RECORD WAS SET OR TIED.
MM INDICATES DATA IS MISSING.
T  INDICATES TRACE AMOUNT.




$$
