000
CDUS43 KFGF 030648
CLIFGF


CLIMATE REPORT
NATIONAL WEATHER SERVICE EASTERN NORTH DAKOTA/GRAND FORKS
1247 AM CST SAT DEC 3 2016


...................................

...THE GRAND FORKS UNIV. (NWS) ND CLIMATE SUMMARY FOR DECEMBER 2 2016...

CLIMATE NORMAL PERIOD 1981 TO 2010
CLIMATE RECORD PERIOD 1890 TO 2016


WEATHER ITEM   OBSERVED TIME   RECORD YEAR NORMAL DEPARTURE LAST
                VALUE   (LST)  VALUE       VALUE  FROM      YEAR
                                                  NORMAL
..................................................................
TEMPERATURE (F)
 YESTERDAY
  MAXIMUM         32        MM  54    1982  25      7       28
  MINIMUM         27        MM -21    1919  10     17       11
  AVERAGE         30                        18     12       20

PRECIPITATION (IN)
  YESTERDAY        0.00          0.32 1982   0.02  -0.02     0.00
  MONTH TO DATE    T                         0.04  -0.04     0.30
  SINCE DEC 1      T                         0.04  -0.04     0.30
  SINCE JAN 1     29.43                     21.01   8.42    19.71

SNOWFALL (IN)
  YESTERDAY        0.0           3.5  2009   0.3   -0.3      0.0
  MONTH TO DATE    T                         0.6   -0.6      2.7
  SINCE DEC 1      T                         0.6   -0.6      2.7
  SINCE JUL 1      0.9                       7.7   -6.8      6.1
  SNOW DEPTH       0

DEGREE DAYS
 HEATING
  YESTERDAY       35                        47    -12       45
  MONTH TO DATE   70                        94    -24       81
  SINCE DEC 1     70                        94    -24       81
  SINCE JUL 1   1524                      2188   -664     1690

 COOLING
  YESTERDAY        0                         0      0        0
  MONTH TO DATE    0                         0      0        0
  SINCE DEC 1      0                         0      0        0
  SINCE JAN 1    461                       463     -2      580
..................................................................


WIND (MPH)
  RESULTANT WIND SPEED  MM   RESULTANT WIND DIRECTION  MM
  HIGHEST WIND SPEED    MM   HIGHEST WIND DIRECTION    MM
  HIGHEST GUST SPEED    MM   HIGHEST GUST DIRECTION    MM
  AVERAGE WIND SPEED    MM


SKY COVER
  POSSIBLE SUNSHINE  MM
  AVERAGE SKY COVER  MM


WEATHER CONDITIONS
 THE FOLLOWING WEATHER WAS RECORDED YESTERDAY.
  NO SIGNIFICANT WEATHER WAS OBSERVED.


RELATIVE HUMIDITY (PERCENT)
 HIGHEST    MM
 LOWEST     MM
 AVERAGE    MM

..........................................................


THE GRAND FORKS UNIV. (NWS) ND CLIMATE NORMALS FOR TODAY
                         NORMAL    RECORD    YEAR
 MAXIMUM TEMPERATURE (F)   25        52      1941
 MINIMUM TEMPERATURE (F)    9       -22      1985


SUNRISE AND SUNSET
DECEMBER  3 2016......SUNRISE   800 AM CST   SUNSET   437 PM CST
DECEMBER  4 2016......SUNRISE   801 AM CST   SUNSET   436 PM CST


-  INDICATES NEGATIVE NUMBERS.
R  INDICATES RECORD WAS SET OR TIED.
MM INDICATES DATA IS MISSING.
T  INDICATES TRACE AMOUNT.




$$
