000
CDUS43 KFGF 220650
CLIFGF


CLIMATE REPORT
NATIONAL WEATHER SERVICE EASTERN NORTH DAKOTA/GRAND FORKS
1249 AM CST MON DEC 22 2014


...................................

...THE GRAND FORKS UNIV. (NWS) ND CLIMATE SUMMARY FOR DECEMBER 21 2014...

CLIMATE NORMAL PERIOD 1981 TO 2010
CLIMATE RECORD PERIOD 1890 TO 2014


WEATHER ITEM   OBSERVED TIME   RECORD YEAR NORMAL DEPARTURE LAST
                VALUE   (LST)  VALUE       VALUE  FROM      YEAR
                                                  NORMAL
..................................................................
TEMPERATURE (F)
 YESTERDAY
  MAXIMUM         34        MM  43    2003  18     16        1
                                      1979
  MINIMUM         30        MM -32    1916   2     28      -12
  AVERAGE         32                        10     22       -5

PRECIPITATION (IN)
  YESTERDAY        T             0.60   MM   0.02  -0.02     0.00
  MONTH TO DATE    0.05                      0.43  -0.38     0.55
  SINCE DEC 1      0.05                      0.43  -0.38     0.55
  SINCE JAN 1     22.61                     21.40   1.21    19.00

SNOWFALL (IN)
  YESTERDAY        T             6.0    MM   0.4   -0.4      0.0
  MONTH TO DATE    0.7                       6.9   -6.2     17.7
  SINCE DEC 1      0.7                       6.9   -6.2     17.7
  SINCE JUL 1      4.5                      14.0   -9.5     19.3
  SNOW DEPTH       T

DEGREE DAYS
 HEATING
  YESTERDAY       33                        55    -22       70
  MONTH TO DATE  934                      1076   -142     1341
  SINCE DEC 1    934                      1076   -142     1341
  SINCE JUL 1   3054                      3170   -116     3392

 COOLING
  YESTERDAY        0                         0      0        0
  MONTH TO DATE    0                         0      0        0
  SINCE DEC 1      0                         0      0        0
  SINCE JAN 1    395                       463    -68      528
..................................................................


WIND (MPH)
  RESULTANT WIND SPEED  MM   RESULTANT WIND DIRECTION  MM
  HIGHEST WIND SPEED    MM   HIGHEST WIND DIRECTION    MM
  HIGHEST GUST SPEED    MM   HIGHEST GUST DIRECTION    MM
  AVERAGE WIND SPEED    MM


SKY COVER
  POSSIBLE SUNSHINE  MM
  AVERAGE SKY COVER  MM


WEATHER CONDITIONS
 THE FOLLOWING WEATHER WAS RECORDED YESTERDAY.
  NO SIGNIFICANT WEATHER WAS OBSERVED.


RELATIVE HUMIDITY (PERCENT)
 HIGHEST    MM
 LOWEST     MM
 AVERAGE    MM

..........................................................


THE GRAND FORKS UNIV. (NWS) ND CLIMATE NORMALS FOR TODAY
                         NORMAL    RECORD    YEAR
 MAXIMUM TEMPERATURE (F)   18        43      1936
 MINIMUM TEMPERATURE (F)    2       -29      1945


SUNRISE AND SUNSET
DECEMBER 22 2014......SUNRISE   816 AM CST   SUNSET   439 PM CST
DECEMBER 23 2014......SUNRISE   816 AM CST   SUNSET   439 PM CST


-  INDICATES NEGATIVE NUMBERS.
R  INDICATES RECORD WAS SET OR TIED.
MM INDICATES DATA IS MISSING.
T  INDICATES TRACE AMOUNT.




$$
