000
CDUS43 KFGF 282150
CLIFGF


CLIMATE REPORT
NATIONAL WEATHER SERVICE EASTERN NORTH DAKOTA/GRAND FORKS
447 PM CDT FRI AUG 28 2015


...................................

...THE GRAND FORKS UNIV. (NWS) ND CLIMATE SUMMARY FOR AUGUST 28 2015...
VALID TODAY AS OF 0400 PM LOCAL TIME.

CLIMATE NORMAL PERIOD 1981 TO 2010
CLIMATE RECORD PERIOD 1890 TO 2015


WEATHER ITEM   OBSERVED TIME   RECORD YEAR NORMAL DEPARTURE LAST
                VALUE   (LST)  VALUE       VALUE  FROM      YEAR
                                                  NORMAL
..................................................................
TEMPERATURE (F)
 TODAY
  MAXIMUM         84        MM  99    1991  78      6       75
  MINIMUM         64        MM  34    1986  54     10       60
                                      1965
  AVERAGE         74                        66      8       68

PRECIPITATION (IN)
  TODAY            0.00          2.45   MM   0.10  -0.10     0.00
  MONTH TO DATE    2.49                      2.85  -0.36     3.11
  SINCE JUN 1      9.76                      9.76   0.00    13.30
  SINCE JAN 1     15.66                     15.81  -0.15    20.29

SNOWFALL (IN)
  TODAY            0.0           0.0  2002   0.0    0.0      0.0
  MONTH TO DATE    0.0                       0.0    0.0      0.0
  SINCE JUN 1      0.0                       0.0    0.0      0.0
  SINCE JUL 1      0.0                       0.0    0.0      0.0
  SNOW DEPTH       0

DEGREE DAYS
 HEATING
  TODAY            0                         2     -2        0
  MONTH TO DATE   36                        35      1       20
  SINCE JUN 1     94                       141    -47      104
  SINCE JUL 1     48                        58    -10       52

 COOLING
  TODAY            9                         3      6        3
  MONTH TO DATE  136                       136      0      121
  SINCE JUN 1    456                       398     58      308
  SINCE JAN 1    467                       424     43      363
..................................................................


WIND (MPH)
  HIGHEST WIND SPEED    MM   HIGHEST WIND DIRECTION    MM
  HIGHEST GUST SPEED    MM   HIGHEST GUST DIRECTION    MM
  AVERAGE WIND SPEED    MM


SKY COVER
  POSSIBLE SUNSHINE  MM
  AVERAGE SKY COVER  MM


WEATHER CONDITIONS
 THE FOLLOWING WEATHER WAS RECORDED TODAY.
  FOG


RELATIVE HUMIDITY (PERCENT)
 HIGHEST    MM
 LOWEST     MM
 AVERAGE    MM

..........................................................


THE GRAND FORKS UNIV. (NWS) ND CLIMATE NORMALS FOR TOMORROW
                         NORMAL    RECORD    YEAR
 MAXIMUM TEMPERATURE (F)   77        95      1972
                                             1961
 MINIMUM TEMPERATURE (F)   53        35      1915


SUNRISE AND SUNSET
AUGUST 28 2015........SUNRISE   641 AM CDT   SUNSET   818 PM CDT
AUGUST 29 2015........SUNRISE   642 AM CDT   SUNSET   816 PM CDT


-  INDICATES NEGATIVE NUMBERS.
R  INDICATES RECORD WAS SET OR TIED.
MM INDICATES DATA IS MISSING.
T  INDICATES TRACE AMOUNT.




$$
