825
CDUS43 KFGF 140637
CLIFGF


CLIMATE REPORT
NATIONAL WEATHER SERVICE EASTERN NORTH DAKOTA/GRAND FORKS
1237 AM CST THU DEC 14 2017


...................................

...THE GRAND FORKS UNIV. (NWS) ND CLIMATE SUMMARY FOR DECEMBER 13 2017...

CLIMATE NORMAL PERIOD 1981 TO 2010
CLIMATE RECORD PERIOD 1893 TO 2017


WEATHER ITEM   OBSERVED TIME   RECORD YEAR NORMAL DEPARTURE LAST
                VALUE   (LST)  VALUE       VALUE  FROM      YEAR
                                                  NORMAL
..................................................................
TEMPERATURE (F)
 YESTERDAY
  MAXIMUM         36        MM  52    1913  21     15        7
  MINIMUM         16        MM -33    1901   5     11       -6
  AVERAGE         26                        13     13        1

PRECIPITATION (IN)
  YESTERDAY        0.11          0.72 1995   0.02   0.09     0.00
  MONTH TO DATE    0.80                      0.26   0.54     1.12
  SINCE DEC 1      0.80                      0.26   0.54     1.12
  SINCE JAN 1     19.07                     21.23  -2.16    30.55

SNOWFALL (IN)
  YESTERDAY        T             9.0  1995   0.4   -0.4      0.0
  MONTH TO DATE    6.2                       4.0    2.2     19.2
  SINCE DEC 1      6.2                       4.0    2.2     19.2
  SINCE JUL 1     14.6                      11.1    3.5     20.1
  SNOW DEPTH       4

DEGREE DAYS
 HEATING
  YESTERDAY       39                        52    -13       64
  MONTH TO DATE  549                       645    -96      647
  SINCE DEC 1    549                       645    -96      647
  SINCE JUL 1   2509                      2739   -230     2101

 COOLING
  YESTERDAY        0                         0      0        0
  MONTH TO DATE    0                         0      0        0
  SINCE DEC 1      0                         0      0        0
  SINCE JAN 1    440                       463    -23      461
..................................................................


WIND (MPH)
  RESULTANT WIND SPEED  MM   RESULTANT WIND DIRECTION  MM
  HIGHEST WIND SPEED    MM   HIGHEST WIND DIRECTION    MM
  HIGHEST GUST SPEED    MM   HIGHEST GUST DIRECTION    MM
  AVERAGE WIND SPEED    MM


SKY COVER
  POSSIBLE SUNSHINE  MM
  AVERAGE SKY COVER  MM


WEATHER CONDITIONS
 THE FOLLOWING WEATHER WAS RECORDED YESTERDAY.
  NO SIGNIFICANT WEATHER WAS OBSERVED.


RELATIVE HUMIDITY (PERCENT)
 HIGHEST    MM
 LOWEST     MM
 AVERAGE    MM

..........................................................


THE GRAND FORKS UNIV. (NWS) ND CLIMATE NORMALS FOR TODAY
                         NORMAL    RECORD    YEAR
 MAXIMUM TEMPERATURE (F)   20        46      1894
                                             1939
 MINIMUM TEMPERATURE (F)    5       -30      1901


SUNRISE AND SUNSET
DECEMBER 14 2017......SUNRISE   811 AM CST   SUNSET   436 PM CST
DECEMBER 15 2017......SUNRISE   811 AM CST   SUNSET   436 PM CST


-  INDICATES NEGATIVE NUMBERS.
R  INDICATES RECORD WAS SET OR TIED.
MM INDICATES DATA IS MISSING.
T  INDICATES TRACE AMOUNT.




$$
