000
CDUS43 KFGF 280637
CLIFGF


CLIMATE REPORT
NATIONAL WEATHER SERVICE EASTERN NORTH DAKOTA/GRAND FORKS
137 AM CDT TUE JUL 28 2015


...................................

...THE GRAND FORKS UNIV. (NWS) ND CLIMATE SUMMARY FOR JULY 27 2015...

CLIMATE NORMAL PERIOD 1981 TO 2010
CLIMATE RECORD PERIOD 1890 TO 2015


WEATHER ITEM   OBSERVED TIME   RECORD YEAR NORMAL DEPARTURE LAST
                VALUE   (LST)  VALUE       VALUE  FROM      YEAR
                                                  NORMAL
..................................................................
TEMPERATURE (F)
 YESTERDAY
  MAXIMUM         86        MM 102    1931  82      4       67
  MINIMUM         68        MM  42    1925  59      9       59
  AVERAGE         77                        70      7       63

PRECIPITATION (IN)
  YESTERDAY        T             2.80   MM   0.08  -0.08     0.02
  MONTH TO DATE    4.87                      2.80   2.07     3.44
  SINCE JUN 1      7.19                      6.54   0.65    10.19
  SINCE JAN 1     13.09                     12.59   0.50    17.18

SNOWFALL (IN)
  YESTERDAY        0.0           0.0    MM   0.0    0.0      0.0
  MONTH TO DATE    0.0                       0.0    0.0      0.0
  SINCE JUN 1      0.1                       0.0    0.1      0.0
  SINCE JUL 1      0.0                       0.0    0.0      0.0
  SNOW DEPTH       0

DEGREE DAYS
 HEATING
  YESTERDAY        0                         0      0        2
  MONTH TO DATE   12                        19     -7       32
  SINCE JUN 1     58                       102    -44       84
  SINCE JUL 1     12                        19     -7       32

 COOLING
  YESTERDAY       12                         6      6        0
  MONTH TO DATE  192                       152     40      115
  SINCE JUN 1    293                       243     50      178
  SINCE JAN 1    304                       269     35      233
..................................................................


WIND (MPH)
  RESULTANT WIND SPEED  MM   RESULTANT WIND DIRECTION  MM
  HIGHEST WIND SPEED    MM   HIGHEST WIND DIRECTION    MM
  HIGHEST GUST SPEED    MM   HIGHEST GUST DIRECTION    MM
  AVERAGE WIND SPEED    MM


SKY COVER
  POSSIBLE SUNSHINE  MM
  AVERAGE SKY COVER  MM


WEATHER CONDITIONS
 THE FOLLOWING WEATHER WAS RECORDED YESTERDAY.
  NO SIGNIFICANT WEATHER WAS OBSERVED.


RELATIVE HUMIDITY (PERCENT)
 HIGHEST    MM
 LOWEST     MM
 AVERAGE    MM

..........................................................


THE GRAND FORKS UNIV. (NWS) ND CLIMATE NORMALS FOR TODAY
                         NORMAL    RECORD    YEAR
 MAXIMUM TEMPERATURE (F)   82       106      1917
 MINIMUM TEMPERATURE (F)   59        44      1973
                                             1925
                                             1913


SUNRISE AND SUNSET
JULY 28 2015..........SUNRISE   600 AM CDT   SUNSET   909 PM CDT
JULY 29 2015..........SUNRISE   601 AM CDT   SUNSET   908 PM CDT


-  INDICATES NEGATIVE NUMBERS.
R  INDICATES RECORD WAS SET OR TIED.
MM INDICATES DATA IS MISSING.
T  INDICATES TRACE AMOUNT.




$$
