000
CDUS43 KFGF 030640
CLIFGF


CLIMATE REPORT
NATIONAL WEATHER SERVICE EASTERN NORTH DAKOTA/GRAND FORKS
1240 AM CST TUE MAR 3 2015


...................................

...THE GRAND FORKS UNIV. (NWS) ND CLIMATE SUMMARY FOR MARCH 2 2015...

CLIMATE NORMAL PERIOD 1981 TO 2010
CLIMATE RECORD PERIOD 1890 TO 2015


WEATHER ITEM   OBSERVED TIME   RECORD YEAR NORMAL DEPARTURE LAST
                VALUE   (LST)  VALUE       VALUE  FROM      YEAR
                                                  NORMAL
..................................................................
TEMPERATURE (F)
 YESTERDAY
  MAXIMUM         30        MM  59    1905  28      2        2
  MINIMUM          0        MM -25    1916  11    -11      -23
  AVERAGE         15                        19     -4      -10

PRECIPITATION (IN)
  YESTERDAY        0.00          0.50   MM   0.03  -0.03     0.00
  MONTH TO DATE    T                         0.06  -0.06     0.00
  SINCE MAR 1      T                         0.06  -0.06     0.00
  SINCE JAN 1      0.53                      1.36  -0.83     0.73

SNOWFALL (IN)
  YESTERDAY        0.0           3.7    MM   0.2   -0.2      0.0
  MONTH TO DATE    T                         0.5   -0.5      0.0
  SINCE MAR 1      T                         0.5   -0.5      0.0
  SINCE JUL 1     16.3                      35.8  -19.5     45.7
  SNOW DEPTH       3

DEGREE DAYS
 HEATING
  YESTERDAY       50                        46      4       75
  MONTH TO DATE  105                        92     13      155
  SINCE MAR 1    105                        92     13      155
  SINCE JUL 1   6954                      7052    -98     7901

 COOLING
  YESTERDAY        0                         0      0        0
  MONTH TO DATE    0                         0      0        0
  SINCE MAR 1      0                         0      0        0
  SINCE JAN 1      0                         0      0        0
..................................................................


WIND (MPH)
  RESULTANT WIND SPEED  MM   RESULTANT WIND DIRECTION  MM
  HIGHEST WIND SPEED    MM   HIGHEST WIND DIRECTION    MM
  HIGHEST GUST SPEED    MM   HIGHEST GUST DIRECTION    MM
  AVERAGE WIND SPEED    MM


SKY COVER
  POSSIBLE SUNSHINE  MM
  AVERAGE SKY COVER  MM


WEATHER CONDITIONS
 THE FOLLOWING WEATHER WAS RECORDED YESTERDAY.
  NO SIGNIFICANT WEATHER WAS OBSERVED.


RELATIVE HUMIDITY (PERCENT)
 HIGHEST    MM
 LOWEST     MM
 AVERAGE    MM

..........................................................


THE GRAND FORKS UNIV. (NWS) ND CLIMATE NORMALS FOR TODAY
                         NORMAL    RECORD    YEAR
 MAXIMUM TEMPERATURE (F)   28        62      1905
 MINIMUM TEMPERATURE (F)   12       -28      1917


SUNRISE AND SUNSET
MARCH  3 2015.........SUNRISE   706 AM CST   SUNSET   616 PM CST
MARCH  4 2015.........SUNRISE   704 AM CST   SUNSET   617 PM CST


-  INDICATES NEGATIVE NUMBERS.
R  INDICATES RECORD WAS SET OR TIED.
MM INDICATES DATA IS MISSING.
T  INDICATES TRACE AMOUNT.




$$
