612
CDUS45 KFGZ 040815
CLIFLG
CLIMATE REPORT
NATIONAL WEATHER SERVICE FLAGSTAFF, AZ
113 AM MST WED MAY 4 2016


...................................

...THE FLAGSTAFF AZ AIRPORT CLIMATE SUMMARY FOR MAY 3 2016...

CLIMATE NORMAL PERIOD 1981 TO 2010
CLIMATE RECORD PERIOD 1898 TO 2016


WEATHER ITEM   OBSERVED TIME   RECORD YEAR NORMAL DEPARTURE LAST
                VALUE   (LST)  VALUE       VALUE  FROM      YEAR
                                                  NORMAL
..................................................................
TEMPERATURE (F)
 YESTERDAY
  MAXIMUM         62    351 PM  88    1947  64     -2       66
  MINIMUM         29    423 AM   7    1915  33     -4       39
  AVERAGE         46                        48     -2

PRECIPITATION (IN)
  YESTERDAY        0.00          0.97 1908   0.03  -0.03     0.00
  MONTH TO DATE    0.70                      0.08   0.62     0.00
  SINCE SEP 1     14.98                     15.23  -0.25    16.96
  SINCE JAN 1      6.15                      7.56  -1.41     9.13

SNOWFALL (IN)
  YESTERDAY        0.0           9.0  1904   0.0             0.0
  MONTH TO DATE    1.9                       0.2             0.0
  SINCE JUL 1     78.3                     101.2            57.0
  SNOW DEPTH       0

DEGREE DAYS
 HEATING
  YESTERDAY       19                        17      2       12
  MONTH TO DATE   70                        51     19       29
  SINCE JUL 1   6152                      6407   -255     5429

 COOLING
  YESTERDAY        0                         0      0        0
  MONTH TO DATE    0                         0      0        0
  SINCE JAN 1      0                         0      0        0
..................................................................


WIND (MPH)
  HIGHEST WIND SPEED    20   HIGHEST WIND DIRECTION     E (80)
  HIGHEST GUST SPEED    25   HIGHEST GUST DIRECTION     E (70)
  AVERAGE WIND SPEED     6.2


SKY COVER
  POSSIBLE SUNSHINE  MM
  AVERAGE SKY COVER 0.0


WEATHER CONDITIONS
 THE FOLLOWING WEATHER WAS RECORDED YESTERDAY.
  NO SIGNIFICANT WEATHER WAS OBSERVED.


RELATIVE HUMIDITY (PERCENT)
 HIGHEST   100           100 AM
 LOWEST     27           500 PM
 AVERAGE    64

..........................................................


THE FLAGSTAFF AZ AIRPORT CLIMATE NORMALS FOR TODAY
                         NORMAL    RECORD    YEAR
 MAXIMUM TEMPERATURE (F)   64        88      1947
 MINIMUM TEMPERATURE (F)   33        18      1915
                                             1899


SUNRISE AND SUNSET
MAY  4 2016...........SUNRISE   532 AM MST   SUNSET   715 PM MST
MAY  5 2016...........SUNRISE   531 AM MST   SUNSET   716 PM MST


-  INDICATES NEGATIVE NUMBERS.
R  INDICATES RECORD WAS SET OR TIED.
MM INDICATES DATA IS MISSING.
T  INDICATES TRACE AMOUNT.




$$
&&

-------------------------------------------------------------------
SNOW DEPTH DATA FOR FLAGSTAFF AIRPORT IS REPORTED AT 5 AM MST


-------------------------------------------------------------------
SUPPLEMENTARY CLIMATE DATA FOR NWS BELLEMONT, ARIZONA

SNOW DEPTH (IN) AT 11 AM........................................0
WATER EQUIVALENT OF SNOW PACK (IN) AT 11 AM*....................
* ONLY MEASURED IF SNOW DEPTH IS 2.0 INCHES OR GREATER
-------------------------------------------------------------------
