000
CDUS45 KFGZ 210052
CLIFLG
CLIMATE REPORT
NATIONAL WEATHER SERVICE FLAGSTAFF, AZ
551 PM MST TUE FEB 20 2018


...................................

...THE FLAGSTAFF AZ AIRPORT CLIMATE SUMMARY FOR FEBRUARY 20 2018...
VALID TODAY AS OF 0500 PM LOCAL TIME.

CLIMATE NORMAL PERIOD 1981 TO 2010
CLIMATE RECORD PERIOD 1898 TO 2018


WEATHER ITEM   OBSERVED TIME   RECORD YEAR NORMAL DEPARTURE LAST
                VALUE   (LST)  VALUE       VALUE  FROM      YEAR
                                                  NORMAL
..................................................................
TEMPERATURE (F)
 TODAY
  MAXIMUM         30    439 PM  65    1977  46    -16       49
  MINIMUM          1    719 AM -11    1955  20    -19       32
  AVERAGE         16                        33    -17       41

PRECIPITATION (IN)
  TODAY            0.00          1.18 1993   0.08  -0.08     0.00
  MONTH TO DATE    1.44                      1.51  -0.07     0.72
  SINCE SEP 1      3.58                     11.23  -7.65    13.89
  SINCE JAN 1      3.15                      3.56  -0.41     5.28

SNOWFALL (IN)
  TODAY            0.0           8.7  1987   0.7   -0.7      0.0
  MONTH TO DATE    7.5                      15.5   -8.0      1.9
  SINCE SEP 1     18.8                      67.8  -49.0     66.0
  SNOW DEPTH       1

DEGREE DAYS
 HEATING
  TODAY           49                        32     17       24
  MONTH TO DATE  562                       669   -107      554
  SINCE JUL 1   3799                      4585   -786     4207

 COOLING
  TODAY            0                         0      0        0
  MONTH TO DATE    0                         0      0        0
  SINCE JAN 1      0                         0      0        0
..................................................................


WIND (MPH)
  HIGHEST WIND SPEED    20   HIGHEST WIND DIRECTION    SW (230)
  HIGHEST GUST SPEED    26   HIGHEST GUST DIRECTION    SW (220)
  AVERAGE WIND SPEED     6.7


SKY COVER
  POSSIBLE SUNSHINE  MM
  AVERAGE SKY COVER 0.0


WEATHER CONDITIONS
 THE FOLLOWING WEATHER WAS RECORDED TODAY.
  NO SIGNIFICANT WEATHER WAS OBSERVED.


RELATIVE HUMIDITY (PERCENT)
 HIGHEST    88           800 AM
 LOWEST     23           200 PM
 AVERAGE    56

..........................................................


THE FLAGSTAFF AZ AIRPORT CLIMATE NORMALS FOR TOMORROW
                         NORMAL    RECORD    YEAR
 MAXIMUM TEMPERATURE (F)   46        63      2016
 MINIMUM TEMPERATURE (F)   20        -9      1955


SUNRISE AND SUNSET
FEBRUARY 20 2018......SUNRISE   707 AM MST   SUNSET   614 PM MST
FEBRUARY 21 2018......SUNRISE   706 AM MST   SUNSET   615 PM MST


-  INDICATES NEGATIVE NUMBERS.
R  INDICATES RECORD WAS SET OR TIED.
MM INDICATES DATA IS MISSING.
T  INDICATES TRACE AMOUNT.




$$
&&

-------------------------------------------------------------------
SNOW DEPTH DATA FOR FLAGSTAFF AIRPORT IS REPORTED AT 5 AM MST
