000
CDUS45 KFGZ 290051
CLIFLG
CLIMATE REPORT
NATIONAL WEATHER SERVICE FLAGSTAFF, AZ
550 PM MST SUN MAY 28 2017


...................................

...THE FLAGSTAFF AZ AIRPORT CLIMATE SUMMARY FOR MAY 28 2017...
VALID TODAY AS OF 0500 PM LOCAL TIME.

CLIMATE NORMAL PERIOD 1981 TO 2010
CLIMATE RECORD PERIOD 1898 TO 2017


WEATHER ITEM   OBSERVED TIME   RECORD YEAR NORMAL DEPARTURE LAST
                VALUE   (LST)  VALUE       VALUE  FROM      YEAR
                                                  NORMAL
..................................................................
TEMPERATURE (F)
 TODAY
  MAXIMUM         74    446 PM  86    2000  72      2       70
                                      1958
  MINIMUM         35    534 AM  24    1929  37     -2       32
  AVERAGE         55                        55      0       51

PRECIPITATION (IN)
  TODAY            0.00          0.61 1990   0.02  -0.02     0.00
  MONTH TO DATE    0.79                      0.57   0.22     1.57
  SINCE SEP 1     18.25                     15.72   2.53    15.85
  SINCE JAN 1      9.64                      8.05   1.59     7.02

SNOWFALL (IN)
  TODAY            0.0           2.0  1962   0.0    0.0      0.0
  MONTH TO DATE    1.2                       0.7    0.5      1.9
  SINCE SEP 1     96.7                     101.7   -5.0     78.3
  SNOW DEPTH       0

DEGREE DAYS
 HEATING
  TODAY           10                        10      0       14
  MONTH TO DATE  416                       386     30      470
  SINCE JUL 1   6199                      6742   -543     6552

 COOLING
  TODAY            0                         0      0        0
  MONTH TO DATE    0                         0      0        0
  SINCE JAN 1      0                         0      0        0
..................................................................


WIND (MPH)
  HIGHEST WIND SPEED    21   HIGHEST WIND DIRECTION     E (70)
  HIGHEST GUST SPEED    27   HIGHEST GUST DIRECTION     E (90)
  AVERAGE WIND SPEED     6.6


SKY COVER
  POSSIBLE SUNSHINE  MM
  AVERAGE SKY COVER 0.0


WEATHER CONDITIONS
 THE FOLLOWING WEATHER WAS RECORDED TODAY.
  NO SIGNIFICANT WEATHER WAS OBSERVED.


RELATIVE HUMIDITY (PERCENT)
 HIGHEST    64           400 AM
 LOWEST     12           300 PM
 AVERAGE    38

..........................................................


THE FLAGSTAFF AZ AIRPORT CLIMATE NORMALS FOR TOMORROW
                         NORMAL    RECORD    YEAR
 MAXIMUM TEMPERATURE (F)   72        86      2000
                                             1910
 MINIMUM TEMPERATURE (F)   37        22      1918


SUNRISE AND SUNSET
MAY 28 2017...........SUNRISE   515 AM MST   SUNSET   733 PM MST
MAY 29 2017...........SUNRISE   515 AM MST   SUNSET   734 PM MST


-  INDICATES NEGATIVE NUMBERS.
R  INDICATES RECORD WAS SET OR TIED.
MM INDICATES DATA IS MISSING.
T  INDICATES TRACE AMOUNT.




$$
&&

-------------------------------------------------------------------
SNOW DEPTH DATA FOR FLAGSTAFF AIRPORT IS REPORTED AT 5 AM MST


-------------------------------------------------------------------
SUPPLEMENTARY CLIMATE DATA FOR NWS BELLEMONT, ARIZONA

SNOW DEPTH (IN) AT 11 AM...................................0.0
WATER EQUIVALENT OF SNOW PACK (IN) AT 11 AM*...............
* ONLY MEASURED IF SNOW DEPTH IS 2.0 INCHES OR GREATER
-------------------------------------------------------------------
