000
CDUS45 KFGZ 240051
CLIFLG
CLIMATE REPORT
NATIONAL WEATHER SERVICE FLAGSTAFF, AZ
550 PM MST THU NOV 23 2017


...................................

...THE FLAGSTAFF AZ AIRPORT CLIMATE SUMMARY FOR NOVEMBER 23 2017...
VALID TODAY AS OF 0500 PM LOCAL TIME.

CLIMATE NORMAL PERIOD 1981 TO 2010
CLIMATE RECORD PERIOD 1898 TO 2017


WEATHER ITEM   OBSERVED TIME   RECORD YEAR NORMAL DEPARTURE LAST
                VALUE   (LST)  VALUE       VALUE  FROM      YEAR
                                                  NORMAL
..................................................................
TEMPERATURE (F)
 TODAY
  MAXIMUM         71R   246 PM  69    1954  48     23       50
  MINIMUM         24    704 AM  -4    1931  21      3       20
  AVERAGE         48                        34     14       35

PRECIPITATION (IN)
  TODAY            0.00          1.64 1906   0.07  -0.07     0.00
  MONTH TO DATE    0.01                      1.33  -1.32     1.54
  SINCE SEP 1      0.43                      5.37  -4.94     3.75
  SINCE JAN 1     18.01                     19.56  -1.55    20.94

SNOWFALL (IN)
  TODAY            0.0          11.5  1906   0.5   -0.5      0.0
  MONTH TO DATE    0.0                       7.1   -7.1       T
  SINCE SEP 1      0.0                       8.6   -8.6       T
  SNOW DEPTH       0

DEGREE DAYS
 HEATING
  TODAY           17                        31    -14       30
  MONTH TO DATE  485                       624   -139      525
  SINCE JUL 1   1249                      1507   -258     1302

 COOLING
  TODAY            0                         0      0        0
  MONTH TO DATE    0                         0      0        0
  SINCE JAN 1    184                       117     67      131
..................................................................


WIND (MPH)
  HIGHEST WIND SPEED    13   HIGHEST WIND DIRECTION     E (80)
  HIGHEST GUST SPEED    16   HIGHEST GUST DIRECTION     E (70)
  AVERAGE WIND SPEED     2.2


SKY COVER
  POSSIBLE SUNSHINE  MM
  AVERAGE SKY COVER 0.0


WEATHER CONDITIONS
 THE FOLLOWING WEATHER WAS RECORDED TODAY.
  NO SIGNIFICANT WEATHER WAS OBSERVED.


RELATIVE HUMIDITY (PERCENT)
 HIGHEST    81           300 AM
 LOWEST     15           200 PM
 AVERAGE    48

..........................................................


THE FLAGSTAFF AZ AIRPORT CLIMATE NORMALS FOR TOMORROW
                         NORMAL    RECORD    YEAR
 MAXIMUM TEMPERATURE (F)   47        68      1970
                                             1933
 MINIMUM TEMPERATURE (F)   20        -7      1902


SUNRISE AND SUNSET
NOVEMBER 23 2017......SUNRISE   709 AM MST   SUNSET   517 PM MST
NOVEMBER 24 2017......SUNRISE   710 AM MST   SUNSET   516 PM MST


-  INDICATES NEGATIVE NUMBERS.
R  INDICATES RECORD WAS SET OR TIED.
MM INDICATES DATA IS MISSING.
T  INDICATES TRACE AMOUNT.




$$
&&

-------------------------------------------------------------------
SNOW DEPTH DATA FOR FLAGSTAFF AIRPORT IS REPORTED AT 5 AM MST


-------------------------------------------------------------------
SUPPLEMENTARY CLIMATE DATA FOR NWS BELLEMONT, ARIZONA

SNOW DEPTH (IN) AT 11 AM...................................0.0
WATER EQUIVALENT OF SNOW PACK (IN) AT 11 AM*...............
* ONLY MEASURED IF SNOW DEPTH IS 2.0 INCHES OR GREATER
-------------------------------------------------------------------
