416
CDUS45 KFGZ 061020
CLIFLG
CLIMATE REPORT
NATIONAL WEATHER SERVICE FLAGSTAFF, AZ
319 AM MST SAT FEB 6 2016


...................................

...THE FLAGSTAFF AZ AIRPORT CLIMATE SUMMARY FOR FEBRUARY 5 2016...

CLIMATE NORMAL PERIOD 1981 TO 2010
CLIMATE RECORD PERIOD 1898 TO 2016


WEATHER ITEM   OBSERVED TIME   RECORD YEAR NORMAL DEPARTURE LAST
                VALUE   (LST)  VALUE       VALUE  FROM      YEAR
                                                  NORMAL
..................................................................
TEMPERATURE (F)
 YESTERDAY
  MAXIMUM         32    449 PM  67    1963  44    -12       64
  MINIMUM         20   1159 PM -21    1985  18      2       20
  AVERAGE         26                        31     -5

PRECIPITATION (IN)
  YESTERDAY        0.00          2.29 1976   0.07  -0.07     0.00
  MONTH TO DATE    0.37                      0.35   0.02     0.00
  SINCE SEP 1     12.61                     10.07   2.54    10.02
  SINCE JAN 1      3.78                      2.40   1.38     2.19

SNOWFALL (IN)
  YESTERDAY        0.0          19.9  1976   0.8             0.0
  MONTH TO DATE    7.8                       4.0             0.0
  SINCE JUL 1     71.7                      56.3            29.7
  SNOW DEPTH      12

DEGREE DAYS
 HEATING
  YESTERDAY       39                        34      5       23
  MONTH TO DATE  232                       170     62      115
  SINCE JUL 1   4091                      4086      5     3464

 COOLING
  YESTERDAY        0                         0      0        0
  MONTH TO DATE    0                         0      0        0
  SINCE JAN 1      0                         0      0        0
..................................................................


WIND (MPH)
  HIGHEST WIND SPEED    29   HIGHEST WIND DIRECTION    NE (40)
  HIGHEST GUST SPEED    39   HIGHEST GUST DIRECTION    NE (60)
  AVERAGE WIND SPEED    14.0


SKY COVER
  POSSIBLE SUNSHINE  MM
  AVERAGE SKY COVER 0.0


WEATHER CONDITIONS
 THE FOLLOWING WEATHER WAS RECORDED YESTERDAY.
  NO SIGNIFICANT WEATHER WAS OBSERVED.


RELATIVE HUMIDITY (PERCENT)
 HIGHEST    71           800 AM
 LOWEST     43           300 PM
 AVERAGE    57

..........................................................


THE FLAGSTAFF AZ AIRPORT CLIMATE NORMALS FOR TODAY
                         NORMAL    RECORD    YEAR
 MAXIMUM TEMPERATURE (F)   44        65      1963
 MINIMUM TEMPERATURE (F)   18       -21      1899


SUNRISE AND SUNSET
FEBRUARY  6 2016......SUNRISE   722 AM MST   SUNSET   600 PM MST
FEBRUARY  7 2016......SUNRISE   721 AM MST   SUNSET   601 PM MST


-  INDICATES NEGATIVE NUMBERS.
R  INDICATES RECORD WAS SET OR TIED.
MM INDICATES DATA IS MISSING.
T  INDICATES TRACE AMOUNT.




$$
&&

-------------------------------------------------------------------
SNOW DEPTH DATA FOR FLAGSTAFF AIRPORT IS REPORTED AT 5 AM MST


-------------------------------------------------------------------
SUPPLEMENTARY CLIMATE DATA FOR NWS BELLEMONT, ARIZONA

SNOW DEPTH (IN) AT 11 AM........................................10
WATER EQUIVALENT OF SNOW PACK (IN) AT 11 AM*....................2.3
* ONLY MEASURED IF SNOW DEPTH IS 2.0 INCHES OR GREATER
-------------------------------------------------------------------
