000
CDUS45 KFGZ 280840
CLIFLG
CLIMATE REPORT
NATIONAL WEATHER SERVICE FLAGSTAFF, AZ
135 AM MST SAT MAY 28 2016


...................................

...THE FLAGSTAFF AZ AIRPORT CLIMATE SUMMARY FOR MAY 27 2016...

CLIMATE NORMAL PERIOD 1981 TO 2010
CLIMATE RECORD PERIOD 1898 TO 2016


WEATHER ITEM   OBSERVED TIME   RECORD YEAR NORMAL DEPARTURE LAST
                VALUE   (LST)  VALUE       VALUE  FROM      YEAR
                                                  NORMAL
..................................................................
TEMPERATURE (F)
 YESTERDAY
  MAXIMUM         65    535 PM  87    1974  72     -7       67
  MINIMUM         30    525 AM  23    1916  37     -7       37
  AVERAGE         48                        54     -6

PRECIPITATION (IN)
  YESTERDAY        0.00          0.68 1901   0.02  -0.02     0.00
  MONTH TO DATE    1.57                      0.55   1.02     1.80
  SINCE SEP 1     15.85                     15.70   0.15    18.76
  SINCE JAN 1      7.02                      8.03  -1.01    10.93

SNOWFALL (IN)
  YESTERDAY        0.0           0.8  1962   0.0             0.0
  MONTH TO DATE    1.9                       0.7             5.9
  SINCE JUL 1     78.3                     101.7            62.9
  SNOW DEPTH       0

DEGREE DAYS
 HEATING
  YESTERDAY       17                        11      6       13
  MONTH TO DATE  456                       376     80      504
  SINCE JUL 1   6538                      6732   -194     5904

 COOLING
  YESTERDAY        0                         0      0        0
  MONTH TO DATE    0                         0      0        0
  SINCE JAN 1      0                         0      0        0
..................................................................


WIND (MPH)
  HIGHEST WIND SPEED    17   HIGHEST WIND DIRECTION    SW (230)
  HIGHEST GUST SPEED    24   HIGHEST GUST DIRECTION    SW (230)
  AVERAGE WIND SPEED     4.6


SKY COVER
  POSSIBLE SUNSHINE  MM
  AVERAGE SKY COVER 0.4


WEATHER CONDITIONS
 THE FOLLOWING WEATHER WAS RECORDED YESTERDAY.
  NO SIGNIFICANT WEATHER WAS OBSERVED.


RELATIVE HUMIDITY (PERCENT)
 HIGHEST    85           500 AM
 LOWEST     23           300 PM
 AVERAGE    54

..........................................................


THE FLAGSTAFF AZ AIRPORT CLIMATE NORMALS FOR TODAY
                         NORMAL    RECORD    YEAR
 MAXIMUM TEMPERATURE (F)   72        86      2000
                                             1958
 MINIMUM TEMPERATURE (F)   37        24      1929


SUNRISE AND SUNSET
MAY 28 2016...........SUNRISE   515 AM MST   SUNSET   734 PM MST
MAY 29 2016...........SUNRISE   514 AM MST   SUNSET   734 PM MST


-  INDICATES NEGATIVE NUMBERS.
R  INDICATES RECORD WAS SET OR TIED.
MM INDICATES DATA IS MISSING.
T  INDICATES TRACE AMOUNT.




$$
&&

-------------------------------------------------------------------
SNOW DEPTH DATA FOR FLAGSTAFF AIRPORT IS REPORTED AT 5 AM MST


-------------------------------------------------------------------
SUPPLEMENTARY CLIMATE DATA FOR NWS BELLEMONT, ARIZONA

SNOW DEPTH (IN) AT 11 AM........................................0
WATER EQUIVALENT OF SNOW PACK (IN) AT 11 AM*....................
* ONLY MEASURED IF SNOW DEPTH IS 2.0 INCHES OR GREATER
-------------------------------------------------------------------
