000
CDUS42 KMFL 290840
CLIFLL


CLIMATE REPORT
NATIONAL WEATHER SERVICE MIAMI, FL
440 AM EDT WED MAR 29 2017


...................................

...THE FORT LAUDERDALE CLIMATE SUMMARY FOR MARCH 28 2017...

CLIMATE NORMAL PERIOD 1981 TO 2010
CLIMATE RECORD PERIOD 1912 TO 2017


WEATHER ITEM   OBSERVED TIME   RECORD YEAR NORMAL DEPARTURE LAST
                VALUE   (LST)  VALUE       VALUE  FROM      YEAR
                                                  NORMAL
..................................................................
TEMPERATURE (F)
 YESTERDAY
  MAXIMUM         83   1252 PM  91    1948  81      2       86
  MINIMUM         66    646 AM  49    1915  67     -1       74
  AVERAGE         75                        74      1       80

PRECIPITATION (IN)
  YESTERDAY        0.00          2.03 1940   0.11  -0.11     0.00
  MONTH TO DATE    1.50                      2.96  -1.46     1.02
  SINCE NOV 1      9.41                     15.25  -5.84    22.97
  SINCE JAN 1      4.78                      9.55  -4.77    11.75

SNOWFALL (IN)
  YESTERDAY        0.0
  MONTH TO DATE    0.0
  SINCE MAR 1      0.0
  SINCE JUL 1      0.0
  SNOW DEPTH       0

DEGREE DAYS
 HEATING
  YESTERDAY        0                         0      0        0
  MONTH TO DATE    6                         7     -1        2
  SINCE MAR 1      6                         7     -1        2
  SINCE JUL 1     35                       109    -74       87

 COOLING
  YESTERDAY       10                         9      1       15
  MONTH TO DATE  212                       227    -15      288
  SINCE MAR 1    212                       227    -15      288
  SINCE JAN 1    668                       583     85      547
..................................................................


WIND (MPH)
  HIGHEST WIND SPEED    13   HIGHEST WIND DIRECTION    SE (130)
  HIGHEST GUST SPEED    17   HIGHEST GUST DIRECTION    SE (130)
  AVERAGE WIND SPEED     6.4


SKY COVER
  AVERAGE SKY COVER 0.4


WEATHER CONDITIONS
 THE FOLLOWING WEATHER WAS RECORDED YESTERDAY.
  NO SIGNIFICANT WEATHER WAS OBSERVED.


RELATIVE HUMIDITY (PERCENT)
 HIGHEST    87
 LOWEST     54
 AVERAGE    71

..........................................................


THE FORT LAUDERDALE CLIMATE NORMALS FOR TODAY
                         NORMAL    RECORD    YEAR
 MAXIMUM TEMPERATURE (F)   81        90      1970
                                             1935
 MINIMUM TEMPERATURE (F)   67        50      1925


SUNRISE AND SUNSET
MARCH 29 2017.........SUNRISE   715 AM EDT   SUNSET   736 PM EDT
MARCH 30 2017.........SUNRISE   714 AM EDT   SUNSET   737 PM EDT


-  INDICATES NEGATIVE NUMBERS.
R  INDICATES RECORD WAS SET OR TIED.
MM INDICATES DATA IS MISSING.
T  INDICATES TRACE AMOUNT.




$$
