000
CDUS42 KMFL 280846
CLIFLL


CLIMATE REPORT
NATIONAL WEATHER SERVICE MIAMI, FL
441 AM EDT THU MAY 28 2015


...................................

...THE FORT LAUDERDALE CLIMATE SUMMARY FOR MAY 27 2015...

CLIMATE NORMAL PERIOD 1981 TO 2010
CLIMATE RECORD PERIOD 1839 TO 2015


WEATHER ITEM   OBSERVED TIME   RECORD YEAR NORMAL DEPARTURE LAST
                VALUE   (LST)  VALUE       VALUE  FROM      YEAR
                                                  NORMAL
..................................................................
TEMPERATURE (F)
 YESTERDAY
  MAXIMUM         87    211 PM  94    1924  88     -1       86
  MINIMUM         76    902 PM  62    1927  76      0       78
  AVERAGE         82                        82      0       82

PRECIPITATION (IN)
  YESTERDAY        0.04         10.22 2003   0.22  -0.18     0.00
  MONTH TO DATE    1.94                      3.75  -1.81     6.37
  SINCE NOV 1     19.13                     22.29  -3.16    30.88
  SINCE JAN 1     14.02                     16.59  -2.57    18.76

SNOWFALL (IN)
  YESTERDAY        0.0
  MONTH TO DATE    0.0
  SINCE MAR 1      0.0
  SINCE JUL 1      0.0
  SNOW DEPTH       0

DEGREE DAYS
 HEATING
  YESTERDAY        0                         0      0        0
  MONTH TO DATE    0                         0      0        0
  SINCE MAR 1      0                        10    -10        1
  SINCE JUL 1     97                       112    -15       81

 COOLING
  YESTERDAY       17                        17      0       17
  MONTH TO DATE  410                       403      7      420
  SINCE MAR 1   1190                       994    196     1084
  SINCE JAN 1   1471                      1350    121     1472
..................................................................


WIND (MPH)
  HIGHEST WIND SPEED    23   HIGHEST WIND DIRECTION     E (100)
  HIGHEST GUST SPEED    27   HIGHEST GUST DIRECTION     E (110)
  AVERAGE WIND SPEED    14.8


SKY COVER
  AVERAGE SKY COVER 0.4


WEATHER CONDITIONS
 THE FOLLOWING WEATHER WAS RECORDED YESTERDAY.
  LIGHT RAIN
  FOG


RELATIVE HUMIDITY (PERCENT)
 HIGHEST    87
 LOWEST     55
 AVERAGE    71

..........................................................


THE FORT LAUDERDALE CLIMATE NORMALS FOR TODAY
                         NORMAL    RECORD    YEAR
 MAXIMUM TEMPERATURE (F)   88        96      1967
 MINIMUM TEMPERATURE (F)   76        63      1928


SUNRISE AND SUNSET
MAY 28 2015...........SUNRISE   629 AM EDT   SUNSET   806 PM EDT
MAY 29 2015...........SUNRISE   629 AM EDT   SUNSET   807 PM EDT


-  INDICATES NEGATIVE NUMBERS.
R  INDICATES RECORD WAS SET OR TIED.
MM INDICATES DATA IS MISSING.
T  INDICATES TRACE AMOUNT.




$$
