000
CDUS42 KMFL 280820
CLIFLL


CLIMATE REPORT
NATIONAL WEATHER SERVICE MIAMI, FL
420 AM EDT FRI AUG 28 2015


...................................

...THE FORT LAUDERDALE CLIMATE SUMMARY FOR AUGUST 27 2015...

CLIMATE NORMAL PERIOD 1981 TO 2010
CLIMATE RECORD PERIOD 1839 TO 2015


WEATHER ITEM   OBSERVED TIME   RECORD YEAR NORMAL DEPARTURE LAST
                VALUE   (LST)  VALUE       VALUE  FROM      YEAR
                                                  NORMAL
..................................................................
TEMPERATURE (F)
 YESTERDAY
  MAXIMUM         89    412 PM  97    1954  90     -1       91
  MINIMUM         77   1132 AM  69    1922  78     -1       78
                                      1921
  AVERAGE         83                        84     -1       85

PRECIPITATION (IN)
  YESTERDAY        0.03          4.75 1964   0.27  -0.24     0.00
  MONTH TO DATE    4.91                      6.35  -1.44     5.30
  SINCE JUN 1      9.03                     22.49 -13.46    23.12
  SINCE JAN 1     23.08                     39.98 -16.90    43.72

SNOWFALL (IN)
  YESTERDAY        0.0
  MONTH TO DATE    0.0
  SINCE JUN 1      0.0
  SINCE JUL 1      0.0
  SNOW DEPTH       0

DEGREE DAYS
 HEATING
  YESTERDAY        0                         0      0        0
  MONTH TO DATE    0                         0      0        0
  SINCE JUN 1      0                         0      0        0
  SINCE JUL 1      0                         0      0        0

 COOLING
  YESTERDAY       18                        19     -1       20
  MONTH TO DATE  538                       532      6      557
  SINCE JUN 1   1722                      1673     49     1688
  SINCE JAN 1   3258                      3091    167     3223
..................................................................


WIND (MPH)
  HIGHEST WIND SPEED    15   HIGHEST WIND DIRECTION     E (80)
  HIGHEST GUST SPEED    21   HIGHEST GUST DIRECTION     N (10)
  AVERAGE WIND SPEED     5.0


SKY COVER
  AVERAGE SKY COVER 0.8


WEATHER CONDITIONS
 THE FOLLOWING WEATHER WAS RECORDED YESTERDAY.
  LIGHT RAIN


RELATIVE HUMIDITY (PERCENT)
 HIGHEST    94
 LOWEST     56
 AVERAGE    75

..........................................................


THE FORT LAUDERDALE CLIMATE NORMALS FOR TODAY
                         NORMAL    RECORD    YEAR
 MAXIMUM TEMPERATURE (F)   90        97      1964
 MINIMUM TEMPERATURE (F)   78        68      1927


SUNRISE AND SUNSET
AUGUST 28 2015........SUNRISE   659 AM EDT   SUNSET   744 PM EDT
AUGUST 29 2015........SUNRISE   659 AM EDT   SUNSET   743 PM EDT


-  INDICATES NEGATIVE NUMBERS.
R  INDICATES RECORD WAS SET OR TIED.
MM INDICATES DATA IS MISSING.
T  INDICATES TRACE AMOUNT.




$$
