000
CDUS42 KMFL 202124
CLIFLL


CLIMATE REPORT
NATIONAL WEATHER SERVICE MIAMI, FL
421 PM EST MON FEB 20 2017


...................................

...THE FORT LAUDERDALE CLIMATE SUMMARY FOR FEBRUARY 20 2017...
VALID TODAY AS OF 0400 PM LOCAL TIME.

CLIMATE NORMAL PERIOD 1981 TO 2010
CLIMATE RECORD PERIOD 1912 TO 2017


WEATHER ITEM   OBSERVED TIME   RECORD YEAR NORMAL DEPARTURE LAST
                VALUE   (LST)  VALUE       VALUE  FROM      YEAR
                                                  NORMAL
..................................................................
TEMPERATURE (F)
 TODAY
  MAXIMUM         81   1158 AM  87    1984  78      3       73
                                      1956
  MINIMUM         66    633 AM  40    2015  64      2       69
                                      1960
                                      1958
  AVERAGE         74                        71      3       71

PRECIPITATION (IN)
  TODAY            0.00          1.39 1942   0.09  -0.09      T
  MONTH TO DATE    0.13                      2.21  -2.08     3.18
  SINCE NOV 1      6.47                     11.54  -5.07    21.81
  SINCE JAN 1      1.84                      5.84  -4.00    10.59

SNOWFALL (IN)
  TODAY            0.0
  MONTH TO DATE    0.0
  SINCE DEC 1      0.0
  SINCE JUL 1      0.0
  SNOW DEPTH       0

DEGREE DAYS
 HEATING
  TODAY            0                         1     -1        0
  MONTH TO DATE    0                        20    -20       33
  SINCE DEC 1     29                        98    -69       78
  SINCE JUL 1     29                       100    -71       78

 COOLING
  TODAY            9                         7      2        6
  MONTH TO DATE  164                       131     33       87
  SINCE DEC 1    720                       517    203      608
  SINCE JAN 1    377                       301     76      211
..................................................................


WIND (MPH)
  HIGHEST WIND SPEED    17   HIGHEST WIND DIRECTION     E (80)
  HIGHEST GUST SPEED    21   HIGHEST GUST DIRECTION     E (90)
  AVERAGE WIND SPEED     7.4


SKY COVER
  AVERAGE SKY COVER 0.5


WEATHER CONDITIONS
 THE FOLLOWING WEATHER WAS RECORDED TODAY.
  NO SIGNIFICANT WEATHER WAS OBSERVED.


RELATIVE HUMIDITY (PERCENT)
 HIGHEST    87
 LOWEST     54
 AVERAGE    71

..........................................................


THE FORT LAUDERDALE CLIMATE NORMALS FOR TOMORROW
                         NORMAL    RECORD    YEAR
 MAXIMUM TEMPERATURE (F)   78        86      1967
 MINIMUM TEMPERATURE (F)   65        39      1958


SUNRISE AND SUNSET
FEBRUARY 20 2017......SUNRISE   652 AM EST   SUNSET   617 PM EST
FEBRUARY 21 2017......SUNRISE   651 AM EST   SUNSET   618 PM EST


-  INDICATES NEGATIVE NUMBERS.
R  INDICATES RECORD WAS SET OR TIED.
MM INDICATES DATA IS MISSING.
T  INDICATES TRACE AMOUNT.




$$
