000
CDUS42 KMFL 300823
CLIFLL


CLIMATE REPORT
NATIONAL WEATHER SERVICE MIAMI, FL
422 AM EDT SAT AUG 30 2014


...................................

...THE FORT LAUDERDALE CLIMATE SUMMARY FOR AUGUST 29 2014...

CLIMATE NORMAL PERIOD 1981 TO 2010
CLIMATE RECORD PERIOD 1839 TO 2014


WEATHER ITEM   OBSERVED TIME   RECORD YEAR NORMAL DEPARTURE LAST
                VALUE   (LST)  VALUE       VALUE  FROM      YEAR
                                                  NORMAL
..................................................................
TEMPERATURE (F)
 YESTERDAY
  MAXIMUM         92    257 PM  97    1964  90      2       89
  MINIMUM         83    649 AM  69    1930  78      5       76
                                      1920
  AVERAGE         88                        84      4       83

PRECIPITATION (IN)
  YESTERDAY        0.01          4.79 1953   0.27  -0.26     0.00
  MONTH TO DATE    5.33                      6.89  -1.56     1.95
  SINCE JUN 1     23.15                     23.03   0.12    32.16
  SINCE JAN 1     43.75                     40.52   3.23    56.94

SNOWFALL (IN)
  YESTERDAY        0.0
  MONTH TO DATE    0.0
  SINCE JUN 1      0.0
  SINCE JUL 1      0.0
  SNOW DEPTH       0

DEGREE DAYS
 HEATING
  YESTERDAY        0                         0      0        0
  MONTH TO DATE    0                         0      0        0
  SINCE JUN 1      0                         0      0        0
  SINCE JUL 1      0                         0      0        0

 COOLING
  YESTERDAY       23                        19      4       18
  MONTH TO DATE  602                       570     32      547
  SINCE JUN 1   1733                      1711     22     1616
  SINCE JAN 1   3268                      3129    139     3012
..................................................................


WIND (MPH)
  HIGHEST WIND SPEED    17   HIGHEST WIND DIRECTION    SE (120)
  HIGHEST GUST SPEED    24   HIGHEST GUST DIRECTION    SE (140)
  AVERAGE WIND SPEED     9.0


SKY COVER
  AVERAGE SKY COVER 0.5


WEATHER CONDITIONS
 THE FOLLOWING WEATHER WAS RECORDED YESTERDAY.
  NO SIGNIFICANT WEATHER WAS OBSERVED.


RELATIVE HUMIDITY (PERCENT)
 HIGHEST    80
 LOWEST     60
 AVERAGE    70

..........................................................


THE FORT LAUDERDALE CLIMATE NORMALS FOR TODAY
                         NORMAL    RECORD    YEAR
 MAXIMUM TEMPERATURE (F)   90        97      1954
 MINIMUM TEMPERATURE (F)   78        68      1969
                                             1968
                                             1930


SUNRISE AND SUNSET
AUGUST 30 2014........SUNRISE   700 AM EDT   SUNSET   742 PM EDT
AUGUST 31 2014........SUNRISE   700 AM EDT   SUNSET   741 PM EDT


-  INDICATES NEGATIVE NUMBERS.
R  INDICATES RECORD WAS SET OR TIED.
MM INDICATES DATA IS MISSING.
T  INDICATES TRACE AMOUNT.




$$
