000
CDUS42 KMFL 180823
CLIFLL


CLIMATE REPORT
NATIONAL WEATHER SERVICE MIAMI, FL
422 AM EDT WED OCT 18 2017


...................................

...THE FORT LAUDERDALE CLIMATE SUMMARY FOR OCTOBER 17 2017...

CLIMATE NORMAL PERIOD 1981 TO 2010
CLIMATE RECORD PERIOD 1912 TO 2017


WEATHER ITEM   OBSERVED TIME   RECORD YEAR NORMAL DEPARTURE LAST
                VALUE   (LST)  VALUE       VALUE  FROM      YEAR
                                                  NORMAL
..................................................................
TEMPERATURE (F)
 YESTERDAY
  MAXIMUM         87    117 PM  92    1976  86      1       86
  MINIMUM         75    427 AM  55    1913  75      0       78
  AVERAGE         81                        80      1       82

PRECIPITATION (IN)
  YESTERDAY        0.00          3.90 1944   0.20  -0.20     0.00
  MONTH TO DATE    2.53                      4.47  -1.94     3.07
  SINCE JUN 1     46.60                     36.64   9.96    26.47
  SINCE JAN 1     58.20                     54.13   4.07    45.42

SNOWFALL (IN)
  YESTERDAY        0.0
  MONTH TO DATE    0.0
  SINCE SEP 1      0.0
  SINCE JUL 1      0.0
  SNOW DEPTH       0

DEGREE DAYS
 HEATING
  YESTERDAY        0                         0      0        0
  MONTH TO DATE    0                         0      0        0
  SINCE SEP 1      0                         0      0        0
  SINCE JUL 1      0                         0      0        0

 COOLING
  YESTERDAY       16                        16      0       17
  MONTH TO DATE  308                       283     25      286
  SINCE SEP 1    879                       829     50      833
  SINCE JAN 1   4206                      3995    211     4034
..................................................................


WIND (MPH)
  HIGHEST WIND SPEED    14   HIGHEST WIND DIRECTION    NE (40)
  HIGHEST GUST SPEED    19   HIGHEST GUST DIRECTION     E (80)
  AVERAGE WIND SPEED     6.5


SKY COVER
  AVERAGE SKY COVER 0.6


WEATHER CONDITIONS
 THE FOLLOWING WEATHER WAS RECORDED YESTERDAY.
  NO SIGNIFICANT WEATHER WAS OBSERVED.


RELATIVE HUMIDITY (PERCENT)
 HIGHEST   100
 LOWEST     65
 AVERAGE    83

..........................................................


THE FORT LAUDERDALE CLIMATE NORMALS FOR TODAY
                         NORMAL    RECORD    YEAR
 MAXIMUM TEMPERATURE (F)   86        90      1936
 MINIMUM TEMPERATURE (F)   75        56      2009


SUNRISE AND SUNSET
OCTOBER 18 2017.......SUNRISE   721 AM EDT   SUNSET   650 PM EDT
OCTOBER 19 2017.......SUNRISE   722 AM EDT   SUNSET   649 PM EDT


-  INDICATES NEGATIVE NUMBERS.
R  INDICATES RECORD WAS SET OR TIED.
MM INDICATES DATA IS MISSING.
T  INDICATES TRACE AMOUNT.




$$
