841
CDUS42 KILM 230841
CLIFLO


CLIMATE REPORT
NATIONAL WEATHER SERVICE WILMINGTON NC
440 AM EDT SUN APR 23 2017


...................................

...THE FLORENCE SC CLIMATE SUMMARY FOR APRIL 22 2017...

CLIMATE NORMAL PERIOD 1981 TO 2010
CLIMATE RECORD PERIOD 1948 TO 2017


WEATHER ITEM   OBSERVED TIME   RECORD YEAR NORMAL DEPARTURE LAST
                VALUE   (LST)  VALUE       VALUE  FROM      YEAR
                                                  NORMAL
..................................................................
TEMPERATURE (F)
 YESTERDAY
  MAXIMUM         88    209 PM  93    1963  77     11       73
  MINIMUM         64    459 AM  37    1983  52     12       62
  AVERAGE         76                        65     11       68

PRECIPITATION (IN)
  YESTERDAY        0.00          3.84 1949   0.09  -0.09     2.56
  MONTH TO DATE    2.81                      1.91   0.90     5.34
  SINCE MAR 1      4.41                      5.24  -0.83     6.97
  SINCE JAN 1      9.28                     11.39  -2.11    14.43

SNOWFALL (IN)
  YESTERDAY       MM
  MONTH TO DATE   MM
  SINCE MAR 1     MM
  SINCE JUL 1     MM
  SNOW DEPTH      MM

DEGREE DAYS
 HEATING
  YESTERDAY        0                         3     -3        0
  MONTH TO DATE   40                       104    -64      113
  SINCE MAR 1    371                       414    -43      278
  SINCE JUL 1   1816                      2480   -664     1938

 COOLING
  YESTERDAY       11                         3      8        3
  MONTH TO DATE   82                        44     38       26
  SINCE MAR 1    122                        62     60       74
  SINCE JAN 1    135                        68     67       75
..................................................................


WIND (MPH)
  HIGHEST WIND SPEED    21   HIGHEST WIND DIRECTION    SW (220)
  HIGHEST GUST SPEED    27   HIGHEST GUST DIRECTION    SW (220)
  AVERAGE WIND SPEED    10.2


SKY COVER
  POSSIBLE SUNSHINE  MM
  AVERAGE SKY COVER 0.2


WEATHER CONDITIONS
 THE FOLLOWING WEATHER WAS RECORDED YESTERDAY.
  NO SIGNIFICANT WEATHER WAS OBSERVED.


RELATIVE HUMIDITY (PERCENT)
 HIGHEST   100           500 AM
 LOWEST     37           500 PM
 AVERAGE    69

..........................................................


THE FLORENCE SC CLIMATE NORMALS FOR TODAY
                         NORMAL    RECORD    YEAR
 MAXIMUM TEMPERATURE (F)   78        93      1980
 MINIMUM TEMPERATURE (F)   53        35      1986


SUNRISE AND SUNSET
APRIL 23 2017.........SUNRISE   638 AM EDT   SUNSET   757 PM EDT
APRIL 24 2017.........SUNRISE   637 AM EDT   SUNSET   758 PM EDT


-  INDICATES NEGATIVE NUMBERS.
R  INDICATES RECORD WAS SET OR TIED.
MM INDICATES DATA IS MISSING.
T  INDICATES TRACE AMOUNT.




$$
