000
CDUS42 KILM 190843
CLIFLO


CLIMATE REPORT
NATIONAL WEATHER SERVICE WILMINGTON NC
440 AM EDT SAT APR 19 2014


...................................

...THE FLORENCE SC CLIMATE SUMMARY FOR APRIL 18 2014...

CLIMATE NORMAL PERIOD 1981 TO 2010
CLIMATE RECORD PERIOD 1948 TO 2014


WEATHER ITEM   OBSERVED TIME   RECORD YEAR NORMAL DEPARTURE LAST
                VALUE   (LST)  VALUE       VALUE  FROM      YEAR
                                                  NORMAL
..................................................................
TEMPERATURE (F)
 YESTERDAY
  MAXIMUM         64    105 PM  93    1981  76    -12       83
  MINIMUM         47    630 AM  35    2001  51     -4       60
  AVERAGE         56                        64     -8       72

PRECIPITATION (IN)
  YESTERDAY        0.99R         0.72 1969   0.09   0.90     0.00
  MONTH TO DATE    2.58                      1.55   1.03     1.50
  SINCE MAR 1      7.13                      4.88   2.25     3.99
  SINCE JAN 1     12.85                     11.03   1.82    10.51

SNOWFALL (IN)
  YESTERDAY       MM
  MONTH TO DATE   MM
  SINCE MAR 1     MM
  SINCE JUL 1     MM
  SNOW DEPTH      MM

DEGREE DAYS
 HEATING
  YESTERDAY        9                         4      5        0
  MONTH TO DATE   66                        92    -26       65
  SINCE MAR 1    509                       402    107      529
  SINCE JUL 1   2638                      2468    170     2276

 COOLING
  YESTERDAY        0                         2     -2        7
  MONTH TO DATE   36                        33      3       51
  SINCE MAR 1     40                        51    -11       59
  SINCE JAN 1     46                        57    -11       80
..................................................................


WIND (MPH)
  HIGHEST WIND SPEED    25   HIGHEST WIND DIRECTION    NE (60)
  HIGHEST GUST SPEED    34   HIGHEST GUST DIRECTION    NE (50)
  AVERAGE WIND SPEED    11.1


SKY COVER
  POSSIBLE SUNSHINE  MM
  AVERAGE SKY COVER 0.7


WEATHER CONDITIONS
 THE FOLLOWING WEATHER WAS RECORDED YESTERDAY.
  RAIN
  LIGHT RAIN
  FOG


RELATIVE HUMIDITY (PERCENT)
 HIGHEST    93           700 PM
 LOWEST     48          1200 PM
 AVERAGE    71

..........................................................


THE FLORENCE SC CLIMATE NORMALS FOR TODAY
                         NORMAL    RECORD    YEAR
 MAXIMUM TEMPERATURE (F)   77        92      1995
 MINIMUM TEMPERATURE (F)   52        32      1983


SUNRISE AND SUNSET
APRIL 19 2014.........SUNRISE   643 AM EDT   SUNSET   754 PM EDT
APRIL 20 2014.........SUNRISE   642 AM EDT   SUNSET   754 PM EDT


-  INDICATES NEGATIVE NUMBERS.
R  INDICATES RECORD WAS SET OR TIED.
MM INDICATES DATA IS MISSING.
T  INDICATES TRACE AMOUNT.




$$
