000
CDUS42 KILM 210941
CLIFLO


CLIMATE REPORT
NATIONAL WEATHER SERVICE WILMINGTON NC
440 AM EST SUN DEC 21 2014


...................................

...THE FLORENCE SC CLIMATE SUMMARY FOR DECEMBER 20 2014...

CLIMATE NORMAL PERIOD 1981 TO 2010
CLIMATE RECORD PERIOD 1948 TO 2014


WEATHER ITEM   OBSERVED TIME   RECORD YEAR NORMAL DEPARTURE LAST
                VALUE   (LST)  VALUE       VALUE  FROM      YEAR
                                                  NORMAL
..................................................................
TEMPERATURE (F)
 YESTERDAY
  MAXIMUM         46    501 PM  74    2008  57    -11       72
                                      1978
  MINIMUM         37   1158 PM  16    1981  36      1       42
  AVERAGE         42                        46     -4       57

PRECIPITATION (IN)
  YESTERDAY        0.08          1.33 1973   0.11  -0.03     0.00
  MONTH TO DATE    0.22                      1.89  -1.67     2.66
  SINCE DEC 1      0.22                      1.89  -1.67     2.66
  SINCE JAN 1     41.51                     41.79  -0.28    53.00

SNOWFALL (IN)
  YESTERDAY       MM
  MONTH TO DATE   MM
  SINCE DEC 1     MM
  SINCE JUL 1     MM
  SNOW DEPTH      MM

DEGREE DAYS
 HEATING
  YESTERDAY       23                        19      4        8
  MONTH TO DATE  304                       339    -35      287
  SINCE DEC 1    304                       339    -35      287
  SINCE JUL 1    804                       761     43      757

 COOLING
  YESTERDAY        0                         0      0        0
  MONTH TO DATE    0                         0      0        8
  SINCE DEC 1      0                         0      0        8
  SINCE JAN 1   2282                      2059    223     2054
..................................................................


WIND (MPH)
  HIGHEST WIND SPEED    12   HIGHEST WIND DIRECTION     E (70)
  HIGHEST GUST SPEED    14   HIGHEST GUST DIRECTION    NE (50)
  AVERAGE WIND SPEED     6.8


SKY COVER
  POSSIBLE SUNSHINE  MM
  AVERAGE SKY COVER 0.8


WEATHER CONDITIONS
 THE FOLLOWING WEATHER WAS RECORDED YESTERDAY.
  LIGHT RAIN
  FOG


RELATIVE HUMIDITY (PERCENT)
 HIGHEST    92          1100 PM
 LOWEST     60          1200 AM
 AVERAGE    76

..........................................................


THE FLORENCE SC CLIMATE NORMALS FOR TODAY
                         NORMAL    RECORD    YEAR
 MAXIMUM TEMPERATURE (F)   56        79      2013
 MINIMUM TEMPERATURE (F)   36        16      1981


SUNRISE AND SUNSET
DECEMBER 21 2014......SUNRISE   721 AM EST   SUNSET   513 PM EST
DECEMBER 22 2014......SUNRISE   721 AM EST   SUNSET   514 PM EST


-  INDICATES NEGATIVE NUMBERS.
R  INDICATES RECORD WAS SET OR TIED.
MM INDICATES DATA IS MISSING.
T  INDICATES TRACE AMOUNT.




$$
