378
CDUS42 KILM 232144
CLIFLO


CLIMATE REPORT
NATIONAL WEATHER SERVICE WILMINGTON NC
442 PM EST FRI FEB 23 2018


...................................

...THE FLORENCE SOUTH  CAROLINA CLIMATE SUMMARY FOR FEBRUARY 23 2018...
VALID TODAY AS OF 0400 PM LOCAL TIME.

CLIMATE NORMAL PERIOD 1981 TO 2010
CLIMATE RECORD PERIOD 1948 TO 2018


WEATHER ITEM   OBSERVED TIME   RECORD YEAR NORMAL DEPARTURE LAST
                VALUE   (LST)  VALUE       VALUE  FROM      YEAR
                                                  NORMAL
..................................................................
TEMPERATURE (F)
 TODAY
  MAXIMUM         80    315 PM  83    1975  62     18       77
  MINIMUM         53    706 AM  19    1978  39     14       54
  AVERAGE         67                        50     17       66

PRECIPITATION (IN)
  TODAY            0.00          1.44 1979   0.11  -0.11     0.00
  MONTH TO DATE    0.70                      2.38  -1.68     1.60
  SINCE DEC 1      7.53                      8.62  -1.09     9.43
  SINCE JAN 1      2.87                      5.61  -2.74     4.86

SNOWFALL (IN)
  TODAY           MM             3.5  1989   0.0
  MONTH TO DATE   MM                         0.2
  SINCE DEC 1     MM                         1.4
  SINCE JUL 1     MM                         1.4
  SNOW DEPTH      MM

DEGREE DAYS
 HEATING
  TODAY            0                        15    -15        0
  MONTH TO DATE  201                       393   -192      219
  SINCE DEC 1   1462                      1573   -111     1103
  SINCE JUL 1   1867                      1995   -128     1416

 COOLING
  TODAY            2                         0      2        1
  MONTH TO DATE   37                         0     37        7
  SINCE DEC 1     39                         6     33       11
  SINCE JAN 1     39                         2     37        7
..................................................................


WIND (MPH)
  RESULTANT WIND SPEED   3   RESULTANT WIND DIRECTION   S (180)
  HIGHEST WIND SPEED    12   HIGHEST WIND DIRECTION    SW (220)
  HIGHEST GUST SPEED    16   HIGHEST GUST DIRECTION    SW (240)
  AVERAGE WIND SPEED     3.7


SKY COVER
  POSSIBLE SUNSHINE  MM
  AVERAGE SKY COVER 0.5


WEATHER CONDITIONS
 THE FOLLOWING WEATHER WAS RECORDED TODAY.
  FOG
  FOG W/VISIBILITY <= 1/4 MILE


RELATIVE HUMIDITY (PERCENT)
 HIGHEST   100           400 AM
 LOWEST     45           300 PM
 AVERAGE    73

..........................................................


THE FLORENCE SOUTH  CAROLINA CLIMATE NORMALS FOR TOMORROW
                         NORMAL    RECORD    YEAR
 MAXIMUM TEMPERATURE (F)   62        82      1962
 MINIMUM TEMPERATURE (F)   39        24      1968


SUNRISE AND SUNSET
FEBRUARY 23 2018......SUNRISE   655 AM EST   SUNSET   610 PM EST
FEBRUARY 24 2018......SUNRISE   654 AM EST   SUNSET   611 PM EST


-  INDICATES NEGATIVE NUMBERS.
R  INDICATES RECORD WAS SET OR TIED.
MM INDICATES DATA IS MISSING.
T  INDICATES TRACE AMOUNT.




$$
