000
CDUS42 KILM 152041
CLIFLO


CLIMATE REPORT
NATIONAL WEATHER SERVICE WILMINGTON NC
441 PM EDT MON SEP 15 2014


...................................

...THE FLORENCE SC CLIMATE SUMMARY FOR SEPTEMBER 15 2014...
VALID TODAY AS OF 0400 PM LOCAL TIME.

CLIMATE NORMAL PERIOD 1981 TO 2010
CLIMATE RECORD PERIOD 1948 TO 2014


WEATHER ITEM   OBSERVED TIME   RECORD YEAR NORMAL DEPARTURE LAST
                VALUE   (LST)  VALUE       VALUE  FROM      YEAR
                                                  NORMAL
..................................................................
TEMPERATURE (F)
 TODAY
  MAXIMUM         79    202 PM  99    1980  85     -6       89
  MINIMUM         68    653 AM  51    1985  65      3       63
  AVERAGE         74                        75     -1       76

PRECIPITATION (IN)
  TODAY            T             3.72 1999   0.12  -0.12     0.00
  MONTH TO DATE    7.59                      1.94   5.65     0.08
  SINCE SEP 1      7.59                      1.94   5.65     0.08
  SINCE JAN 1     35.58                     32.42   3.16    46.54

DEGREE DAYS
 HEATING
  TODAY            0                         0      0        0
  MONTH TO DATE    0                         0      0        0
  SINCE SEP 1      0                         0      0        0
  SINCE JUL 1      0                         0      0        0

 COOLING
  TODAY            9                        10     -1       11
  MONTH TO DATE  224                       173     51      217
  SINCE SEP 1    224                       173     51      217
  SINCE JAN 1   2056                      1843    213     1844
..................................................................


WIND (MPH)
  HIGHEST WIND SPEED     9   HIGHEST WIND DIRECTION    NE (50)
  HIGHEST GUST SPEED    11   HIGHEST GUST DIRECTION    NE (50)
  AVERAGE WIND SPEED     4.6


SKY COVER
  POSSIBLE SUNSHINE  MM
  AVERAGE SKY COVER 1.0


WEATHER CONDITIONS
 THE FOLLOWING WEATHER WAS RECORDED TODAY.
  LIGHT RAIN


RELATIVE HUMIDITY (PERCENT)
 HIGHEST    90           800 AM
 LOWEST     69           100 PM
 AVERAGE    80

..........................................................


THE FLORENCE SC CLIMATE NORMALS FOR TOMORROW
                         NORMAL    RECORD    YEAR
 MAXIMUM TEMPERATURE (F)   84        97      1956
 MINIMUM TEMPERATURE (F)   64        52      1961


SUNRISE AND SUNSET
SEPTEMBER 15 2014.....SUNRISE   702 AM EDT   SUNSET   725 PM EDT
SEPTEMBER 16 2014.....SUNRISE   703 AM EDT   SUNSET   724 PM EDT


-  INDICATES NEGATIVE NUMBERS.
R  INDICATES RECORD WAS SET OR TIED.
MM INDICATES DATA IS MISSING.
T  INDICATES TRACE AMOUNT.




$$
