000
CDUS42 KILM 310841
CLIFLO


CLIMATE REPORT
NATIONAL WEATHER SERVICE WILMINGTON NC
441 AM EDT SUN JUL 31 2016


...................................

...THE FLORENCE SC CLIMATE SUMMARY FOR JULY 30 2016...

CLIMATE NORMAL PERIOD 1981 TO 2010
CLIMATE RECORD PERIOD 1948 TO 2016


WEATHER ITEM   OBSERVED TIME   RECORD YEAR NORMAL DEPARTURE LAST
                VALUE   (LST)  VALUE       VALUE  FROM      YEAR
                                                  NORMAL
..................................................................
TEMPERATURE (F)
 YESTERDAY
  MAXIMUM         97    436 PM 103    1952  91      6       99
  MINIMUM         75    559 AM  63    1997  72      3       73
  AVERAGE         86                        81      5       86

PRECIPITATION (IN)
  YESTERDAY        0.55          2.09 1973   0.19   0.36     0.00
  MONTH TO DATE    6.56                      5.08   1.48     3.40
  SINCE JUN 1     10.52                      9.70   0.82     6.90
  SINCE JAN 1     31.61                     25.06   6.55    21.92

DEGREE DAYS
 HEATING
  YESTERDAY        0                         0      0        0
  MONTH TO DATE    0                         0      0        0
  SINCE JUN 1      0                         1     -1        0
  SINCE JUL 1      0                         0      0        0

 COOLING
  YESTERDAY       21                        16      5       21
  MONTH TO DATE  608                       480    128      571
  SINCE JUN 1   1095                       877    218     1112
  SINCE JAN 1   1442                      1184    258     1497
..................................................................


WIND (MPH)
  HIGHEST WIND SPEED    22   HIGHEST WIND DIRECTION    NW (320)
  HIGHEST GUST SPEED    28   HIGHEST GUST DIRECTION    NW (320)
  AVERAGE WIND SPEED     7.0


SKY COVER
  POSSIBLE SUNSHINE  MM
  AVERAGE SKY COVER 0.1


WEATHER CONDITIONS
 THE FOLLOWING WEATHER WAS RECORDED YESTERDAY.
  HEAVY RAIN
  RAIN
  LIGHT RAIN
  FOG


RELATIVE HUMIDITY (PERCENT)
 HIGHEST    94          1200 AM
 LOWEST     42           300 PM
 AVERAGE    68

..........................................................


THE FLORENCE SC CLIMATE NORMALS FOR TODAY
                         NORMAL    RECORD    YEAR
 MAXIMUM TEMPERATURE (F)   91       103      1999
 MINIMUM TEMPERATURE (F)   72        62      1997


SUNRISE AND SUNSET
JULY 31 2016..........SUNRISE   630 AM EDT   SUNSET   820 PM EDT
AUGUST  1 2016........SUNRISE   630 AM EDT   SUNSET   820 PM EDT


-  INDICATES NEGATIVE NUMBERS.
R  INDICATES RECORD WAS SET OR TIED.
MM INDICATES DATA IS MISSING.
T  INDICATES TRACE AMOUNT.




$$
