000
CDUS42 KILM 020840
CLIFLO


CLIMATE REPORT
NATIONAL WEATHER SERVICE WILMINGTON NC
440 AM EDT THU OCT 2 2014


...................................

...THE FLORENCE SC CLIMATE SUMMARY FOR OCTOBER 1 2014...

CLIMATE NORMAL PERIOD 1981 TO 2010
CLIMATE RECORD PERIOD 1948 TO 2014


WEATHER ITEM   OBSERVED TIME   RECORD YEAR NORMAL DEPARTURE LAST
                VALUE   (LST)  VALUE       VALUE  FROM      YEAR
                                                  NORMAL
..................................................................
TEMPERATURE (F)
 YESTERDAY
  MAXIMUM         84    310 PM  94    1986  80      4       84
  MINIMUM         58    648 AM  41    1967  59     -1       52
  AVERAGE         71                        69      2       68

PRECIPITATION (IN)
  YESTERDAY        0.00          2.68 1971   0.12  -0.12     0.00
  MONTH TO DATE    0.00                      0.12  -0.12     0.00
  SINCE SEP 1      8.42                      3.79   4.63     0.89
  SINCE JAN 1     36.41                     34.27   2.14    47.35

DEGREE DAYS
 HEATING
  YESTERDAY        0                         1     -1        0
  MONTH TO DATE    0                         1     -1        0
  SINCE SEP 1      6                        10     -4        0
  SINCE JUL 1      6                        10     -4        0

 COOLING
  YESTERDAY        6                         5      1        3
  MONTH TO DATE    6                         5      1        3
  SINCE SEP 1    333                       291     42      301
  SINCE JAN 1   2165                      1961    204     1928
..................................................................


WIND (MPH)
  HIGHEST WIND SPEED     8   HIGHEST WIND DIRECTION    NE (30)
  HIGHEST GUST SPEED    11   HIGHEST GUST DIRECTION    NE (30)
  AVERAGE WIND SPEED     2.4


SKY COVER
  POSSIBLE SUNSHINE  MM
  AVERAGE SKY COVER 0.2


WEATHER CONDITIONS
 THE FOLLOWING WEATHER WAS RECORDED YESTERDAY.
  FOG
  FOG W/VISIBILITY <= 1/4 MILE


RELATIVE HUMIDITY (PERCENT)
 HIGHEST   100           800 AM
 LOWEST     48           300 PM
 AVERAGE    74

..........................................................


THE FLORENCE SC CLIMATE NORMALS FOR TODAY
                         NORMAL    RECORD    YEAR
 MAXIMUM TEMPERATURE (F)   80        95      1986
 MINIMUM TEMPERATURE (F)   58        41      1966


SUNRISE AND SUNSET
OCTOBER  2 2014.......SUNRISE   714 AM EDT   SUNSET   702 PM EDT
OCTOBER  3 2014.......SUNRISE   715 AM EDT   SUNSET   700 PM EDT


-  INDICATES NEGATIVE NUMBERS.
R  INDICATES RECORD WAS SET OR TIED.
MM INDICATES DATA IS MISSING.
T  INDICATES TRACE AMOUNT.




$$
