604
CDUS42 KILM 062140
CLIFLO


CLIMATE REPORT
NATIONAL WEATHER SERVICE WILMINGTON NC
440 PM EST SAT FEB 6 2016


...................................

...THE FLORENCE SC CLIMATE SUMMARY FOR FEBRUARY 6 2016...
VALID TODAY AS OF 0400 PM LOCAL TIME.

CLIMATE NORMAL PERIOD 1981 TO 2010
CLIMATE RECORD PERIOD 1948 TO 2016


WEATHER ITEM   OBSERVED TIME   RECORD YEAR NORMAL DEPARTURE LAST
                VALUE   (LST)  VALUE       VALUE  FROM      YEAR
                                                  NORMAL
..................................................................
TEMPERATURE (F)
 TODAY
  MAXIMUM         50    330 PM  81    2008  58     -8       47
  MINIMUM         28    508 AM  15    1996  36     -8       22
  AVERAGE         39                        47     -8       35

PRECIPITATION (IN)
  TODAY            0.00          1.24 1956   0.10  -0.10     0.00
  MONTH TO DATE    2.64                      0.62   2.02     0.68
  SINCE DEC 1     11.86                      6.86   5.00     6.31
  SINCE JAN 1      4.77                      3.85   0.92     3.11

SNOWFALL (IN)
  TODAY           MM
  MONTH TO DATE   MM
  SINCE DEC 1     MM
  SINCE JUL 1     MM
  SNOW DEPTH      MM

DEGREE DAYS
 HEATING
  TODAY           26                        18      8       30
  MONTH TO DATE   69                       111    -42      129
  SINCE DEC 1    965                      1291   -326     1221
  SINCE JUL 1   1229                      1713   -484     1721

 COOLING
  TODAY            0                         0      0        0
  MONTH TO DATE    1                         0      1        0
  SINCE DEC 1     58                         6     52        3
  SINCE JAN 1      1                         2     -1        3
..................................................................


WIND (MPH)
  HIGHEST WIND SPEED    15   HIGHEST WIND DIRECTION    NE (60)
  HIGHEST GUST SPEED    19   HIGHEST GUST DIRECTION     E (70)
  AVERAGE WIND SPEED     5.6


SKY COVER
  POSSIBLE SUNSHINE  MM
  AVERAGE SKY COVER 0.2


WEATHER CONDITIONS
 THE FOLLOWING WEATHER WAS RECORDED TODAY.
  NO SIGNIFICANT WEATHER WAS OBSERVED.


RELATIVE HUMIDITY (PERCENT)
 HIGHEST   100           500 AM
 LOWEST     36           300 PM
 AVERAGE    68

..........................................................


THE FLORENCE SC CLIMATE NORMALS FOR TOMORROW
                         NORMAL    RECORD    YEAR
 MAXIMUM TEMPERATURE (F)   58        80      1999
 MINIMUM TEMPERATURE (F)   36        17      1988


SUNRISE AND SUNSET
FEBRUARY  6 2016......SUNRISE   713 AM EST   SUNSET   554 PM EST
FEBRUARY  7 2016......SUNRISE   712 AM EST   SUNSET   555 PM EST


-  INDICATES NEGATIVE NUMBERS.
R  INDICATES RECORD WAS SET OR TIED.
MM INDICATES DATA IS MISSING.
T  INDICATES TRACE AMOUNT.




$$
