053
CDUS42 KILM 232041
CLIFLO


CLIMATE REPORT
NATIONAL WEATHER SERVICE WILMINGTON NC
441 PM EDT TUE MAY 23 2017


...................................

...THE FLORENCE SC CLIMATE SUMMARY FOR MAY 23 2017...
VALID TODAY AS OF 0400 PM LOCAL TIME.

CLIMATE NORMAL PERIOD 1981 TO 2010
CLIMATE RECORD PERIOD 1948 TO 2017


WEATHER ITEM   OBSERVED TIME   RECORD YEAR NORMAL DEPARTURE LAST
                VALUE   (LST)  VALUE       VALUE  FROM      YEAR
                                                  NORMAL
..................................................................
TEMPERATURE (F)
 TODAY
  MAXIMUM         75    147 PM 100    1953  84     -9       74
  MINIMUM         68    403 AM  46    2002  62      6       55
  AVERAGE         72                        73     -1       65

PRECIPITATION (IN)
  TODAY            0.18          0.61 1974   0.12   0.06     0.00
  MONTH TO DATE    2.32                      2.25   0.07     6.27
  SINCE MAR 1      8.47                      8.20   0.27    13.24
  SINCE JAN 1     13.34                     14.35  -1.01    20.70

DEGREE DAYS
 HEATING
  TODAY            0                         0      0        0
  MONTH TO DATE   11                        22    -11       10
  SINCE MAR 1    391                       456    -65      288
  SINCE JUL 1   1836                      2522   -686     1948

 COOLING
  TODAY            7                         8     -1        0
  MONTH TO DATE  157                       136     21      132
  SINCE MAR 1    335                       226    109      263
  SINCE JAN 1    348                       232    116      264
..................................................................


WIND (MPH)
  HIGHEST WIND SPEED    15   HIGHEST WIND DIRECTION     W (260)
  HIGHEST GUST SPEED    19   HIGHEST GUST DIRECTION     W (260)
  AVERAGE WIND SPEED     5.5


SKY COVER
  POSSIBLE SUNSHINE  MM
  AVERAGE SKY COVER 1.0


WEATHER CONDITIONS
 THE FOLLOWING WEATHER WAS RECORDED TODAY.
  HEAVY RAIN
  RAIN
  LIGHT RAIN
  FOG


RELATIVE HUMIDITY (PERCENT)
 HIGHEST   100          1200 AM
 LOWEST     93           800 AM
 AVERAGE    97

..........................................................


THE FLORENCE SC CLIMATE NORMALS FOR TOMORROW
                         NORMAL    RECORD    YEAR
 MAXIMUM TEMPERATURE (F)   84        97      1994
 MINIMUM TEMPERATURE (F)   62        47      1963


SUNRISE AND SUNSET
MAY 23 2017...........SUNRISE   612 AM EDT   SUNSET   820 PM EDT
MAY 24 2017...........SUNRISE   611 AM EDT   SUNSET   820 PM EDT


-  INDICATES NEGATIVE NUMBERS.
R  INDICATES RECORD WAS SET OR TIED.
MM INDICATES DATA IS MISSING.
T  INDICATES TRACE AMOUNT.




$$
