354
CDUS42 KTBW 200828
CLIFMY


CLIMATE REPORT
NATIONAL WEATHER SERVICE TAMPA BAY FL
427 AM EDT WED SEP 20 2017


...................................

...THE FORT MYERS CLIMATE SUMMARY FOR SEPTEMBER 19 2017...

CLIMATE NORMAL PERIOD 1981 TO 2010
CLIMATE RECORD PERIOD 1902 TO 2017


WEATHER ITEM   OBSERVED TIME   RECORD YEAR NORMAL DEPARTURE LAST
                VALUE   (LST)  VALUE       VALUE  FROM      YEAR
                                                  NORMAL
..................................................................
TEMPERATURE (F)
 YESTERDAY
  MAXIMUM         92    253 PM  95    1991  90      2       88
                                      1942
                                      1921
  MINIMUM         75    609 AM  67    1910  74      1       77
  AVERAGE         84                        82      2       83

PRECIPITATION (IN)
  YESTERDAY        0.01          8.02 1926   0.27  -0.26     0.00
  MONTH TO DATE    5.70                      5.83  -0.13     4.42
  SINCE SEP 1      5.70                      5.83  -0.13     4.42
  SINCE JAN 1     52.45                     46.90   5.55    57.90

DEGREE DAYS
 HEATING
  YESTERDAY        0                         0      0        0
  MONTH TO DATE    0                         0      0        0
  SINCE SEP 1      0                         0      0        0
  SINCE JUL 1      0                         0      0        0

 COOLING
  YESTERDAY       19                        17      2       18
  MONTH TO DATE  320                       339    -19      350
  SINCE SEP 1    320                       339    -19      350
  SINCE JAN 1   3282                      3063    219     3195
..................................................................


WIND (MPH)
  RESULTANT WIND SPEED   7   RESULTANT WIND DIRECTION  NE (50)
  HIGHEST WIND SPEED    15   HIGHEST WIND DIRECTION    NE (60)
  HIGHEST GUST SPEED    20   HIGHEST GUST DIRECTION    NE (50)
  AVERAGE WIND SPEED     7.1


SKY COVER
  POSSIBLE SUNSHINE  MM
  AVERAGE SKY COVER 0.3


WEATHER CONDITIONS
 THE FOLLOWING WEATHER WAS RECORDED YESTERDAY.
  LIGHT RAIN


RELATIVE HUMIDITY (PERCENT)
 HIGHEST   100           400 AM
 LOWEST     59           100 PM

..........................................................


THE FORT MYERS CLIMATE NORMALS FOR TODAY
                         NORMAL    RECORD    YEAR
 MAXIMUM TEMPERATURE (F)   90        95      1990
                                             1988
                                             1980
 MINIMUM TEMPERATURE (F)   74        65      1910


SUNRISE AND SUNSET
SEPTEMBER 20 2017.....SUNRISE   715 AM EDT   SUNSET   726 PM EDT
SEPTEMBER 21 2017.....SUNRISE   716 AM EDT   SUNSET   725 PM EDT


-  INDICATES NEGATIVE NUMBERS.
R  INDICATES RECORD WAS SET OR TIED.
MM INDICATES DATA IS MISSING.
T  INDICATES TRACE AMOUNT.




$$


&&
------------------------------------------------------------------
******************** SUPPLEMENTAL DATA ***************************

...GULF WATER TEMPERATURE AT FORT MYERS BEACH 83 DEGREES
