000
CDUS42 KTBW 292120
CLIFMY


CLIMATE REPORT
NATIONAL WEATHER SERVICE TAMPA BAY FL
514 PM EDT SAT APR 29 2017


...................................

...THE FORT MYERS CLIMATE SUMMARY FOR APRIL 29 2017...
VALID TODAY AS OF 0500 PM LOCAL TIME.

CLIMATE NORMAL PERIOD 1981 TO 2010
CLIMATE RECORD PERIOD 1902 TO 2017


WEATHER ITEM   OBSERVED TIME   RECORD YEAR NORMAL DEPARTURE LAST
                VALUE   (LST)  VALUE       VALUE  FROM      YEAR
                                                  NORMAL
..................................................................
TEMPERATURE (F)
 TODAY
  MAXIMUM         95R   232 PM  94    1986  87      8       89
  MINIMUM         74    638 AM  46    1928  65      9       70
  AVERAGE         85                        76      9       80

PRECIPITATION (IN)
  TODAY            T             1.43 2004   0.07  -0.07     0.28
  MONTH TO DATE    2.62                      2.11   0.51     1.44
  SINCE MAR 1      2.78                      4.99  -2.21     2.50
  SINCE JAN 1      5.03                      9.08  -4.05    17.61

DEGREE DAYS
 HEATING
  TODAY            0                         0      0        0
  MONTH TO DATE    0                         0      0        0
  SINCE MAR 1     11                        24    -13        9
  SINCE JUL 1     76                       284   -208      204

 COOLING
  TODAY           20                        11      9       15
  MONTH TO DATE  187                       257    -70      289
  SINCE MAR 1    430                       433     -3      534
  SINCE JAN 1    772                       618    154      645
..................................................................


WIND (MPH)
  RESULTANT WIND SPEED  11   RESULTANT WIND DIRECTION  SE (120)
  HIGHEST WIND SPEED    21   HIGHEST WIND DIRECTION    SE (120)
  HIGHEST GUST SPEED    27   HIGHEST GUST DIRECTION     S (160)
  AVERAGE WIND SPEED    11.8


SKY COVER
  POSSIBLE SUNSHINE  MM
  AVERAGE SKY COVER 0.2


WEATHER CONDITIONS
 THE FOLLOWING WEATHER WAS RECORDED TODAY.
  FOG


RELATIVE HUMIDITY (PERCENT)
 HIGHEST   100           300 AM
 LOWEST     36           300 PM

..........................................................


THE FORT MYERS CLIMATE NORMALS FOR TOMORROW
                         NORMAL    RECORD    YEAR
 MAXIMUM TEMPERATURE (F)   87        96      1986
 MINIMUM TEMPERATURE (F)   65        49      1916


SUNRISE AND SUNSET
APRIL 29 2017.........SUNRISE   651 AM EDT   SUNSET   759 PM EDT
APRIL 30 2017.........SUNRISE   650 AM EDT   SUNSET   759 PM EDT


-  INDICATES NEGATIVE NUMBERS.
R  INDICATES RECORD WAS SET OR TIED.
MM INDICATES DATA IS MISSING.
T  INDICATES TRACE AMOUNT.




$$


&&
------------------------------------------------------------------
******************** SUPPLEMENTAL DATA ***************************

...GULF WATER TEMPERATURE AT FORT MYERS BEACH 81 DEGREES
