000
CDUS42 KTBW 110932
CLIFMY


CLIMATE REPORT
NATIONAL WEATHER SERVICE TAMPA BAY FL
430 AM EST SUN DEC 11 2016


...................................

...THE FORT MYERS CLIMATE SUMMARY FOR DECEMBER 10 2016...

CLIMATE NORMAL PERIOD 1981 TO 2010
CLIMATE RECORD PERIOD 1902 TO 2016


WEATHER ITEM   OBSERVED TIME   RECORD YEAR NORMAL DEPARTURE LAST
                VALUE   (LST)  VALUE       VALUE  FROM      YEAR
                                                  NORMAL
..................................................................
TEMPERATURE (F)
 YESTERDAY
  MAXIMUM         78    340 PM  87    1986  77      1       78
  MINIMUM         57    658 AM  32    1917  57      0       63
  AVERAGE         68                        67      1       71

PRECIPITATION (IN)
  YESTERDAY        0.00          3.00 1969   0.05  -0.05     0.00
  MONTH TO DATE    0.22                      0.47  -0.25     2.96
  SINCE DEC 1      0.22                      0.47  -0.25     2.96
  SINCE JAN 1     63.84                     54.69   9.15    60.26

DEGREE DAYS
 HEATING
  YESTERDAY        0                         2     -2        0
  MONTH TO DATE    2                        15    -13        0
  SINCE DEC 1      2                        15    -13        0
  SINCE JUL 1      7                        33    -26        0

 COOLING
  YESTERDAY        3                         4     -1        6
  MONTH TO DATE   85                        47     38       61
  SINCE DEC 1     85                        47     38       61
  SINCE JAN 1   4093                      3910    183     4387
..................................................................


WIND (MPH)
  RESULTANT WIND SPEED  11   RESULTANT WIND DIRECTION  NE (50)
  HIGHEST WIND SPEED    21   HIGHEST WIND DIRECTION     E (70)
  HIGHEST GUST SPEED    26   HIGHEST GUST DIRECTION     E (70)
  AVERAGE WIND SPEED    11.4


SKY COVER
  POSSIBLE SUNSHINE  MM
  AVERAGE SKY COVER 0.5


WEATHER CONDITIONS
 THE FOLLOWING WEATHER WAS RECORDED YESTERDAY.
  NO SIGNIFICANT WEATHER WAS OBSERVED.


RELATIVE HUMIDITY (PERCENT)
 HIGHEST    73           600 PM
 LOWEST     60           100 PM

..........................................................


THE FORT MYERS CLIMATE NORMALS FOR TODAY
                         NORMAL    RECORD    YEAR
 MAXIMUM TEMPERATURE (F)   77        86      1961
                                             1918
 MINIMUM TEMPERATURE (F)   57        33      1934


SUNRISE AND SUNSET
DECEMBER 11 2016......SUNRISE   706 AM EST   SUNSET   536 PM EST
DECEMBER 12 2016......SUNRISE   707 AM EST   SUNSET   536 PM EST


-  INDICATES NEGATIVE NUMBERS.
R  INDICATES RECORD WAS SET OR TIED.
MM INDICATES DATA IS MISSING.
T  INDICATES TRACE AMOUNT.




$$


&&
------------------------------------------------------------------
******************** SUPPLEMENTAL DATA ***************************

...GULF WATER TEMPERATURE AT FORT MYERS BEACH 67 DEGREES
