000
CDUS42 KTBW 222225
CLIFMY


CLIMATE REPORT
NATIONAL WEATHER SERVICE TAMPA BAY FL
522 PM EST MON JAN 22 2018


...................................

...THE FORT MYERS CLIMATE SUMMARY FOR JANUARY 22 2018...
VALID TODAY AS OF 0500 PM LOCAL TIME.

CLIMATE NORMAL PERIOD 1981 TO 2010
CLIMATE RECORD PERIOD 1902 TO 2018


WEATHER ITEM   OBSERVED TIME   RECORD YEAR NORMAL DEPARTURE LAST
                VALUE   (LST)  VALUE       VALUE  FROM      YEAR
                                                  NORMAL
..................................................................
TEMPERATURE (F)
 TODAY
  MAXIMUM         83    145 PM  88    1962  75      8       82
  MINIMUM         62    614 AM  30    1985  54      8       69
  AVERAGE         73                        64      9       76

PRECIPITATION (IN)
  TODAY            0.00          1.94 2016   0.07  -0.07     0.33
  MONTH TO DATE    0.39                      1.36  -0.97     1.09
  SINCE DEC 1      1.84                      3.07  -1.23     1.33
  SINCE JAN 1      0.39                      1.36  -0.97     1.09

DEGREE DAYS
 HEATING
  TODAY            0                         3     -3        0
  MONTH TO DATE  127                        85     42       27
  SINCE DEC 1    170                       160     10       36
  SINCE JUL 1    175                       178     -3       41

 COOLING
  TODAY            8                         3      5       11
  MONTH TO DATE   44                        65    -21      133
  SINCE DEC 1    213                       186     27      409
  SINCE JAN 1     44                        65    -21      133
..................................................................


WIND (MPH)
  RESULTANT WIND SPEED   6   RESULTANT WIND DIRECTION  SE (120)
  HIGHEST WIND SPEED    14   HIGHEST WIND DIRECTION    SE (140)
  HIGHEST GUST SPEED    18   HIGHEST GUST DIRECTION    SE (120)
  AVERAGE WIND SPEED     6.8


SKY COVER
  POSSIBLE SUNSHINE  MM
  AVERAGE SKY COVER 0.3


WEATHER CONDITIONS
 THE FOLLOWING WEATHER WAS RECORDED TODAY.
  FOG


RELATIVE HUMIDITY (PERCENT)
 HIGHEST   100           100 AM
 LOWEST     54           200 PM

..........................................................


THE FORT MYERS CLIMATE NORMALS FOR TOMORROW
                         NORMAL    RECORD    YEAR
 MAXIMUM TEMPERATURE (F)   75        87      1975
 MINIMUM TEMPERATURE (F)   54        33      1985


SUNRISE AND SUNSET
JANUARY 22 2018.......SUNRISE   716 AM EST   SUNSET   602 PM EST
JANUARY 23 2018.......SUNRISE   716 AM EST   SUNSET   603 PM EST


-  INDICATES NEGATIVE NUMBERS.
R  INDICATES RECORD WAS SET OR TIED.
MM INDICATES DATA IS MISSING.
T  INDICATES TRACE AMOUNT.




$$


&&
------------------------------------------------------------------
******************** SUPPLEMENTAL DATA ***************************

...GULF WATER TEMPERATURE AT FORT MYERS BEACH 61 DEGREES
