000
CDUS42 KTBW 120947
CLIFMY


CLIMATE REPORT
NATIONAL WEATHER SERVICE TAMPA BAY FL
446 AM EST FRI FEB 12 2016


...................................

...THE FORT MYERS CLIMATE SUMMARY FOR FEBRUARY 11 2016...

CLIMATE NORMAL PERIOD 1981 TO 2010
CLIMATE RECORD PERIOD 1902 TO 2016


WEATHER ITEM   OBSERVED TIME   RECORD YEAR NORMAL DEPARTURE LAST
                VALUE   (LST)  VALUE       VALUE  FROM      YEAR
                                                  NORMAL
..................................................................
TEMPERATURE (F)
 YESTERDAY
  MAXIMUM         69    453 PM  87    2001  77     -8       70
  MINIMUM         43    732 AM  34    1947  56    -13       49
  AVERAGE         56                        66    -10       60

PRECIPITATION (IN)
  YESTERDAY        0.00          1.10 1910   0.08  -0.08     0.00
  MONTH TO DATE    1.08                      0.76   0.32     0.79
  SINCE DEC 1     17.66                      4.41  13.25     1.41
  SINCE JAN 1     14.06                      2.70  11.36     1.36

DEGREE DAYS
 HEATING
  YESTERDAY        9                         2      7        5
  MONTH TO DATE   54                        28     26       17
  SINCE DEC 1    161                       211    -50      120
  SINCE JUL 1    161                       229    -68      161

 COOLING
  YESTERDAY        0                         4     -4        0
  MONTH TO DATE   37                        34      3        6
  SINCE DEC 1    359                       238    121      244
  SINCE JAN 1     81                       117    -36      106
..................................................................


WIND (MPH)
  RESULTANT WIND SPEED   3   RESULTANT WIND DIRECTION  NE (30)
  HIGHEST WIND SPEED    13   HIGHEST WIND DIRECTION    NE (40)
  HIGHEST GUST SPEED    16   HIGHEST GUST DIRECTION     E (80)
  AVERAGE WIND SPEED     4.2


SKY COVER
  POSSIBLE SUNSHINE  MM
  AVERAGE SKY COVER 0.0


WEATHER CONDITIONS
 THE FOLLOWING WEATHER WAS RECORDED YESTERDAY.
  NO SIGNIFICANT WEATHER WAS OBSERVED.


RELATIVE HUMIDITY (PERCENT)
 HIGHEST    96           700 AM
 LOWEST     31           400 PM

..........................................................


THE FORT MYERS CLIMATE NORMALS FOR TODAY
                         NORMAL    RECORD    YEAR
 MAXIMUM TEMPERATURE (F)   77        88      2001
 MINIMUM TEMPERATURE (F)   56        36      1955
                                             1902


SUNRISE AND SUNSET
FEBRUARY 12 2016......SUNRISE   706 AM EST   SUNSET   618 PM EST
FEBRUARY 13 2016......SUNRISE   705 AM EST   SUNSET   618 PM EST


-  INDICATES NEGATIVE NUMBERS.
R  INDICATES RECORD WAS SET OR TIED.
MM INDICATES DATA IS MISSING.
T  INDICATES TRACE AMOUNT.




$$


&&
------------------------------------------------------------------
******************** SUPPLEMENTAL DATA ***************************

...GULF WATER TEMPERATURE AT FORT MYERS BEACH 62 DEGREES
