000
CDUS42 KTBW 282229
CLIFMY


CLIMATE REPORT
NATIONAL WEATHER SERVICE TAMPA BAY FL
527 PM EST WED JAN 28 2015


...................................

...THE FORT MYERS CLIMATE SUMMARY FOR JANUARY 28 2015...
VALID TODAY AS OF 0500 PM LOCAL TIME.

CLIMATE NORMAL PERIOD 1981 TO 2010
CLIMATE RECORD PERIOD 1902 TO 2015


WEATHER ITEM   OBSERVED TIME   RECORD YEAR NORMAL DEPARTURE LAST
                VALUE   (LST)  VALUE       VALUE  FROM      YEAR
                                                  NORMAL
..................................................................
TEMPERATURE (F)
 TODAY
  MAXIMUM         67    331 PM  86    1975  75     -8       81
  MINIMUM         48    707 AM  29    1940  54     -6       61
  AVERAGE         58                        65     -7       71

PRECIPITATION (IN)
  TODAY            0.00          1.58 1910   0.06  -0.06     0.00
  MONTH TO DATE    0.57                      1.74  -1.17     0.34
  SINCE DEC 1      0.62                      3.45  -2.83     0.84
  SINCE JAN 1      0.57                      1.74  -1.17     0.34

DEGREE DAYS
 HEATING
  TODAY            7                         3      4        0
  MONTH TO DATE   43                       103    -60      122
  SINCE DEC 1     91                       178    -87      126
  SINCE JUL 1    132                       196    -64      135

 COOLING
  TODAY            0                         3     -3        6
  MONTH TO DATE  100                        83     17       82
  SINCE DEC 1    238                       204     34      297
  SINCE JAN 1    100                        83     17       82
..................................................................


WIND (MPH)
  RESULTANT WIND SPEED   9   RESULTANT WIND DIRECTION   N (10)
  HIGHEST WIND SPEED    17   HIGHEST WIND DIRECTION    NE (30)
  HIGHEST GUST SPEED    21   HIGHEST GUST DIRECTION     N (10)
  AVERAGE WIND SPEED     9.1


SKY COVER
  POSSIBLE SUNSHINE  MM
  AVERAGE SKY COVER 0.0


WEATHER CONDITIONS
 THE FOLLOWING WEATHER WAS RECORDED TODAY.
  NO SIGNIFICANT WEATHER WAS OBSERVED.


RELATIVE HUMIDITY (PERCENT)
 HIGHEST    93           700 AM
 LOWEST     28           500 PM

..........................................................


THE FORT MYERS CLIMATE NORMALS FOR TOMORROW
                         NORMAL    RECORD    YEAR
 MAXIMUM TEMPERATURE (F)   75        87      1991
                                             1975
                                             1949
 MINIMUM TEMPERATURE (F)   54        32      1940


SUNRISE AND SUNSET
JANUARY 28 2015.......SUNRISE   714 AM EST   SUNSET   607 PM EST
JANUARY 29 2015.......SUNRISE   714 AM EST   SUNSET   608 PM EST


-  INDICATES NEGATIVE NUMBERS.
R  INDICATES RECORD WAS SET OR TIED.
MM INDICATES DATA IS MISSING.
T  INDICATES TRACE AMOUNT.




$$


&&
------------------------------------------------------------------
******************** SUPPLEMENTAL DATA ***************************

...GULF WATER TEMPERATURE AT FORT MYERS BEACH 66
