000
CDUS43 KDTX 300536
CLIFNT


CLIMATE REPORT
NATIONAL WEATHER SERVICE DETROIT/PONTIAC MI
136 AM EDT THU JUL 30 2015


...................................

...THE FLINT MI CLIMATE SUMMARY FOR JULY 29 2015...

CLIMATE NORMAL PERIOD 1981 TO 2010
CLIMATE RECORD PERIOD 1921 TO 2015


WEATHER ITEM   OBSERVED TIME   RECORD YEAR NORMAL DEPARTURE LAST
                VALUE   (LST)  VALUE       VALUE  FROM      YEAR
                                                  NORMAL
..................................................................
TEMPERATURE (F)
 YESTERDAY
  MAXIMUM         90    441 PM  98    1931  81      9       73
  MINIMUM         64    308 AM  42    1928  59      5       49
  AVERAGE         77                        70      7       61

PRECIPITATION (IN)
  YESTERDAY        0.16          2.65 2000   0.12   0.04     0.39
  MONTH TO DATE    2.94                      3.08  -0.14     5.67
  SINCE JUN 1      8.40                      6.15   2.25     8.13
  SINCE JAN 1     16.52                     17.14  -0.62    23.08

SNOWFALL (IN)
  YESTERDAY        0.0           0.0    MM   0.0    0.0     MM
  MONTH TO DATE    0.0                       0.0    0.0      0.0
  SINCE JUN 1      0.0                       0.0    0.0      0.0
  SINCE JUL 1      0.0                       0.0    0.0      0.0
  SNOW DEPTH       0

DEGREE DAYS
 HEATING
  YESTERDAY        0                         0      0        4
  MONTH TO DATE    8                        10     -2       16
  SINCE JUN 1     36                        76    -40       38
  SINCE JUL 1      8                        10     -2       16

 COOLING
  YESTERDAY       12                         6      6        0
  MONTH TO DATE  196                       174     22      127
  SINCE JUN 1    320                       286     34      279
  SINCE JAN 1    395                       318     77      327
..................................................................


WIND (MPH)
  HIGHEST WIND SPEED    23   HIGHEST WIND DIRECTION     W (280)
  HIGHEST GUST SPEED    28   HIGHEST GUST DIRECTION    SW (240)
  AVERAGE WIND SPEED     8.1


SKY COVER
  POSSIBLE SUNSHINE  MM
  AVERAGE SKY COVER 0.3


WEATHER CONDITIONS
 THE FOLLOWING WEATHER WAS RECORDED YESTERDAY.
  THUNDERSTORM
  LIGHT RAIN
  FOG
  HAZE


RELATIVE HUMIDITY (PERCENT)
 HIGHEST    87           200 AM
 LOWEST     42           800 PM
 AVERAGE    65

..........................................................


THE FLINT MI CLIMATE NORMALS FOR TODAY
                         NORMAL    RECORD    YEAR
 MAXIMUM TEMPERATURE (F)   81        98      1933
 MINIMUM TEMPERATURE (F)   59        44      1965


SUNRISE AND SUNSET
JULY 30 2015..........SUNRISE   624 AM EDT   SUNSET   859 PM EDT
JULY 31 2015..........SUNRISE   625 AM EDT   SUNSET   857 PM EDT


-  INDICATES NEGATIVE NUMBERS.
R  INDICATES RECORD WAS SET OR TIED.
MM INDICATES DATA IS MISSING.
T  INDICATES TRACE AMOUNT.




$$
