000
CDUS43 KDTX 290537
CLIFNT


CLIMATE REPORT
NATIONAL WEATHER SERVICE DETROIT/PONTIAC MI
137 AM EDT FRI MAY 29 2015


...................................

...THE FLINT MI CLIMATE SUMMARY FOR MAY 28 2015...

CLIMATE NORMAL PERIOD 1981 TO 2010
CLIMATE RECORD PERIOD 1921 TO 2015


WEATHER ITEM   OBSERVED TIME   RECORD YEAR NORMAL DEPARTURE LAST
                VALUE   (LST)  VALUE       VALUE  FROM      YEAR
                                                  NORMAL
..................................................................
TEMPERATURE (F)
 YESTERDAY
  MAXIMUM         83    308 PM  93    2012  72     11       75
  MINIMUM         52    446 AM  31    2008  49      3       54
  AVERAGE         68                        61      7       65

PRECIPITATION (IN)
  YESTERDAY        0.00          2.42 2013   0.10  -0.10     0.28
  MONTH TO DATE    2.24                      2.78  -0.54     7.25
  SINCE MAR 1      4.79                      7.58  -2.79    10.94
  SINCE JAN 1      6.96                     10.69  -3.73    14.95

SNOWFALL (IN)
  YESTERDAY        0.0           0.0    MM   0.0    0.0      0.0
  MONTH TO DATE    0.0                       0.0    0.0      0.0
  SINCE MAR 1      4.8                       8.8   -4.0     10.7
  SINCE JUL 1     45.3                      47.4   -2.1     83.9
  SNOW DEPTH       0

DEGREE DAYS
 HEATING
  YESTERDAY        0                         6     -6        0
  MONTH TO DATE  118                       264   -146      203
  SINCE MAR 1   1599                      1783   -184     1934
  SINCE JUL 1   6907                      6871     36     7455

 COOLING
  YESTERDAY        3                         2      1        0
  MONTH TO DATE   67                        22     45       41
  SINCE MAR 1     67                        26     41       41
  SINCE JAN 1     67                        26     41       41
..................................................................


WIND (MPH)
  HIGHEST WIND SPEED    13   HIGHEST WIND DIRECTION     S (170)
  HIGHEST GUST SPEED    16   HIGHEST GUST DIRECTION     S (200)
  AVERAGE WIND SPEED     5.3


SKY COVER
  POSSIBLE SUNSHINE  MM
  AVERAGE SKY COVER 0.1


WEATHER CONDITIONS
 THE FOLLOWING WEATHER WAS RECORDED YESTERDAY.
  FOG
  FOG W/VISIBILITY <= 1/4 MILE


RELATIVE HUMIDITY (PERCENT)
 HIGHEST    93           200 AM
 LOWEST     42           300 PM
 AVERAGE    68

..........................................................


THE FLINT MI CLIMATE NORMALS FOR TODAY
                         NORMAL    RECORD    YEAR
 MAXIMUM TEMPERATURE (F)   73        92      1934
 MINIMUM TEMPERATURE (F)   50        34      1966


SUNRISE AND SUNSET
MAY 29 2015...........SUNRISE   600 AM EDT   SUNSET   905 PM EDT
MAY 30 2015...........SUNRISE   600 AM EDT   SUNSET   905 PM EDT


-  INDICATES NEGATIVE NUMBERS.
R  INDICATES RECORD WAS SET OR TIED.
MM INDICATES DATA IS MISSING.
T  INDICATES TRACE AMOUNT.




$$
