194
CDUS43 KDTX 270539
CLIFNT


CLIMATE REPORT
NATIONAL WEATHER SERVICE DETROIT/PONTIAC MI
138 AM EDT SAT AUG 27 2016


...................................

...THE FLINT MI CLIMATE SUMMARY FOR AUGUST 26 2016...

CLIMATE NORMAL PERIOD 1981 TO 2010
CLIMATE RECORD PERIOD 1921 TO 2016


WEATHER ITEM   OBSERVED TIME   RECORD YEAR NORMAL DEPARTURE LAST
                VALUE   (LST)  VALUE       VALUE  FROM      YEAR
                                                  NORMAL
..................................................................
TEMPERATURE (F)
 YESTERDAY
  MAXIMUM         84    459 PM  95    1948  79      5       69
  MINIMUM         63    610 AM  43    1946  57      6       59
  AVERAGE         74                        68      6       64

PRECIPITATION (IN)
  YESTERDAY        0.00          2.90 1986   0.10  -0.10     0.00
  MONTH TO DATE    4.03                      2.64   1.39     2.71
  SINCE JUN 1      6.45                      9.03  -2.58    11.11
  SINCE JAN 1     18.68                     20.02  -1.34    19.23

SNOWFALL (IN)
  YESTERDAY        0.0           0.0    MM   0.0    0.0      0.0
  MONTH TO DATE    0.0                       0.0    0.0      0.0
  SINCE JUN 1      0.0                       0.0    0.0      0.0
  SINCE JUL 1      0.0                       0.0    0.0      0.0
  SNOW DEPTH       0

DEGREE DAYS
 HEATING
  YESTERDAY        0                         1     -1        1
  MONTH TO DATE    0                        25    -25        5
  SINCE JUN 1     28                       106    -78       41
  SINCE JUL 1      0                        40    -40       13

 COOLING
  YESTERDAY        9                         4      5        0
  MONTH TO DATE  300                       129    171      178
  SINCE JUN 1    827                       428    399      520
  SINCE JAN 1    906                       460    446      595
..................................................................


WIND (MPH)
  HIGHEST WIND SPEED    13   HIGHEST WIND DIRECTION     W (280)
  HIGHEST GUST SPEED    30   HIGHEST GUST DIRECTION     W (250)
  AVERAGE WIND SPEED     4.9


SKY COVER
  POSSIBLE SUNSHINE  MM
  AVERAGE SKY COVER 0.0


WEATHER CONDITIONS
 THE FOLLOWING WEATHER WAS RECORDED YESTERDAY.
  NO SIGNIFICANT WEATHER WAS OBSERVED.


RELATIVE HUMIDITY (PERCENT)
 HIGHEST    90           500 AM
 LOWEST     44           400 PM
 AVERAGE    67

..........................................................


THE FLINT MI CLIMATE NORMALS FOR TODAY
                         NORMAL    RECORD    YEAR
 MAXIMUM TEMPERATURE (F)   78        98      1948
 MINIMUM TEMPERATURE (F)   56        42      1927


SUNRISE AND SUNSET
AUGUST 27 2016........SUNRISE   654 AM EDT   SUNSET   817 PM EDT
AUGUST 28 2016........SUNRISE   656 AM EDT   SUNSET   816 PM EDT


-  INDICATES NEGATIVE NUMBERS.
R  INDICATES RECORD WAS SET OR TIED.
MM INDICATES DATA IS MISSING.
T  INDICATES TRACE AMOUNT.




$$
