000
CDUS43 KDTX 300536
CLIFNT


CLIMATE REPORT
NATIONAL WEATHER SERVICE DETROIT/PONTIAC MI
136 AM EDT MON MAY 30 2016


...................................

...THE FLINT MI CLIMATE SUMMARY FOR MAY 29 2016...

CLIMATE NORMAL PERIOD 1981 TO 2010
CLIMATE RECORD PERIOD 1921 TO 2016


WEATHER ITEM   OBSERVED TIME   RECORD YEAR NORMAL DEPARTURE LAST
                VALUE   (LST)  VALUE       VALUE  FROM      YEAR
                                                  NORMAL
..................................................................
TEMPERATURE (F)
 YESTERDAY
  MAXIMUM         88    424 PM  92    1934  73     15       84
  MINIMUM         65   1132 PM  34    1966  50     15       62
  AVERAGE         77                        61     16       73

PRECIPITATION (IN)
  YESTERDAY        0.00          0.67 2011   0.10  -0.10     0.06
  MONTH TO DATE    1.72                      2.88  -1.16     2.30
  SINCE MAR 1      8.38                      7.68   0.70     4.85
  SINCE JAN 1     12.23                     10.79   1.44     7.02

SNOWFALL (IN)
  YESTERDAY        0.0           0.0    MM   0.0    0.0      0.0
  MONTH TO DATE    T                         0.0    0.0      0.0
  SINCE MAR 1     18.4                       8.8    9.6      4.8
  SINCE JUL 1     69.0                      47.4   21.6     45.3
  SNOW DEPTH       0

DEGREE DAYS
 HEATING
  YESTERDAY        0                         5     -5        0
  MONTH TO DATE  200                       269    -69      118
  SINCE MAR 1   1479                      1788   -309     1599
  SINCE JUL 1   5349                      6876  -1527     6907

 COOLING
  YESTERDAY       12                         2     10        8
  MONTH TO DATE   65                        24     41       75
  SINCE MAR 1     66                        28     38       75
  SINCE JAN 1     66                        28     38       75
..................................................................


WIND (MPH)
  HIGHEST WIND SPEED    26   HIGHEST WIND DIRECTION     W (260)
  HIGHEST GUST SPEED    35   HIGHEST GUST DIRECTION     W (260)
  AVERAGE WIND SPEED    10.7


SKY COVER
  POSSIBLE SUNSHINE  MM
  AVERAGE SKY COVER 0.2


WEATHER CONDITIONS
 THE FOLLOWING WEATHER WAS RECORDED YESTERDAY.
  THUNDERSTORM


RELATIVE HUMIDITY (PERCENT)
 HIGHEST    73           600 AM
 LOWEST     31           500 PM
 AVERAGE    52

..........................................................


THE FLINT MI CLIMATE NORMALS FOR TODAY
                         NORMAL    RECORD    YEAR
 MAXIMUM TEMPERATURE (F)   73        92      1934
 MINIMUM TEMPERATURE (F)   50        33      1996
                                             1961


SUNRISE AND SUNSET
MAY 30 2016...........SUNRISE   559 AM EDT   SUNSET   906 PM EDT
MAY 31 2016...........SUNRISE   559 AM EDT   SUNSET   907 PM EDT


-  INDICATES NEGATIVE NUMBERS.
R  INDICATES RECORD WAS SET OR TIED.
MM INDICATES DATA IS MISSING.
T  INDICATES TRACE AMOUNT.




$$
