000
CDUS43 KFSD 210634
CLIFSD


CLIMATE REPORT
NATIONAL WEATHER SERVICE SIOUX FALLS SD
1232 AM CST FRI NOV 21 2014


...................................

...THE SIOUX FALLS SD CLIMATE SUMMARY FOR NOVEMBER 20 2014...

CLIMATE NORMAL PERIOD 1981 TO 2010
CLIMATE RECORD PERIOD 1893 TO 2014


WEATHER ITEM   OBSERVED TIME   RECORD YEAR NORMAL DEPARTURE LAST
                VALUE   (LST)  VALUE       VALUE  FROM      YEAR
                                                  NORMAL
..................................................................
TEMPERATURE (F)
 YESTERDAY
  MAXIMUM         21    256 PM  74    1962  40    -19       52
  MINIMUM          4    911 PM  -6    1937  20    -16       30
                                      1914
  AVERAGE         13                        30    -17       41

PRECIPITATION (IN)
  YESTERDAY        0.00          1.29 1930   0.05  -0.05     0.00
  MONTH TO DATE    0.34                      0.94  -0.60     0.44
  SINCE SEP 1      3.29                      5.88  -2.59     4.22
  SINCE JAN 1     27.72                     25.27   2.45    24.64

SNOWFALL (IN)
  YESTERDAY        0.0           3.8  1975   0.3   -0.3      0.0
  MONTH TO DATE    6.8                       4.3    2.5      6.8
  SINCE SEP 1      6.8                       5.6    1.2      7.2
  SINCE JUL 1      6.8                       5.6    1.2      7.2
  SNOW DEPTH       3

DEGREE DAYS
 HEATING
  YESTERDAY       52                        35     17       24
  MONTH TO DATE  741                       589    152      558
  SINCE SEP 1   1321                      1298     23     1159
  SINCE JUL 1   1339                      1329     10     1193

 COOLING
  YESTERDAY        0                         0      0        0
  MONTH TO DATE    0                         0      0        0
  SINCE SEP 1     59                        65     -6      133
  SINCE JAN 1    610                       690    -80      787
..................................................................


WIND (MPH)
  HIGHEST WIND SPEED    13   HIGHEST WIND DIRECTION    NW (320)
  HIGHEST GUST SPEED    15   HIGHEST GUST DIRECTION    NW (300)
  AVERAGE WIND SPEED     5.8


SKY COVER
  POSSIBLE SUNSHINE  MM
  AVERAGE SKY COVER 0.1


WEATHER CONDITIONS
 THE FOLLOWING WEATHER WAS RECORDED YESTERDAY.
  NO SIGNIFICANT WEATHER WAS OBSERVED.


RELATIVE HUMIDITY (PERCENT)
 HIGHEST    91          1000 PM
 LOWEST     62           300 PM
 AVERAGE    77

..........................................................


THE SIOUX FALLS SD CLIMATE NORMALS FOR TODAY
                         NORMAL    RECORD    YEAR
 MAXIMUM TEMPERATURE (F)   39        70      2012
 MINIMUM TEMPERATURE (F)   20        -8      1964


SUNRISE AND SUNSET
NOVEMBER 21 2014......SUNRISE   728 AM CST   SUNSET   457 PM CST
NOVEMBER 22 2014......SUNRISE   730 AM CST   SUNSET   456 PM CST


-  INDICATES NEGATIVE NUMBERS.
R  INDICATES RECORD WAS SET OR TIED.
MM INDICATES DATA IS MISSING.
T  INDICATES TRACE AMOUNT.




$$
