000
CDUS43 KFSD 180648
CLIFSD


CLIMATE REPORT
NATIONAL WEATHER SERVICE SIOUX FALLS SD
146 AM CDT FRI APR 18 2014


...................................

...THE SIOUX FALLS SD CLIMATE SUMMARY FOR APRIL 17 2014...

CLIMATE NORMAL PERIOD 1981 TO 2010
CLIMATE RECORD PERIOD 1893 TO 2014


WEATHER ITEM   OBSERVED TIME   RECORD YEAR NORMAL DEPARTURE LAST
                VALUE   (LST)  VALUE       VALUE  FROM      YEAR
                                                  NORMAL
..................................................................
TEMPERATURE (F)
 YESTERDAY
  MAXIMUM         46    457 PM  90    1985  60    -14       37
  MINIMUM         19    541 AM  15    1907  35    -16       31
  AVERAGE         33                        47    -14       34

PRECIPITATION (IN)
  YESTERDAY        0.00          1.73 1896   0.11  -0.11     0.03
  MONTH TO DATE    0.45                      1.65  -1.20     2.29
  SINCE MAR 1      1.16                      3.41  -2.25     3.17
  SINCE JAN 1      2.15                      4.57  -2.42     4.52

SNOWFALL (IN)
  YESTERDAY        0.0           6.1  1983   0.2   -0.2       T
  MONTH TO DATE    3.4                       3.2    0.2      7.2
  SINCE MAR 1     11.1                      11.6   -0.5      8.7
  SINCE JUL 1     45.3                      43.1    2.2     34.2
  SNOW DEPTH       1

DEGREE DAYS
 HEATING
  YESTERDAY       32                        18     14       31
  MONTH TO DATE  399                       365     34      489
  SINCE MAR 1   1500                      1360    140     1642
  SINCE JUL 1   7847                      7210    637     7261

 COOLING
  YESTERDAY        0                         0      0        0
  MONTH TO DATE    0                         0      0        0
  SINCE MAR 1      0                         0      0        0
  SINCE JAN 1      0                         0      0        0
..................................................................


WIND (MPH)
  HIGHEST WIND SPEED    21   HIGHEST WIND DIRECTION     N (350)
  HIGHEST GUST SPEED    26   HIGHEST GUST DIRECTION     E (70)
  AVERAGE WIND SPEED     8.4


SKY COVER
  POSSIBLE SUNSHINE  MM
  AVERAGE SKY COVER 0.6


WEATHER CONDITIONS
 THE FOLLOWING WEATHER WAS RECORDED YESTERDAY.
  NO SIGNIFICANT WEATHER WAS OBSERVED.


RELATIVE HUMIDITY (PERCENT)
 HIGHEST    91           600 AM
 LOWEST     38           500 PM
 AVERAGE    65

..........................................................


THE SIOUX FALLS SD CLIMATE NORMALS FOR TODAY
                         NORMAL    RECORD    YEAR
 MAXIMUM TEMPERATURE (F)   60        92      1985
 MINIMUM TEMPERATURE (F)   35        14      1953


SUNRISE AND SUNSET
APRIL 18 2014.........SUNRISE   639 AM CDT   SUNSET   814 PM CDT
APRIL 19 2014.........SUNRISE   638 AM CDT   SUNSET   815 PM CDT


-  INDICATES NEGATIVE NUMBERS.
R  INDICATES RECORD WAS SET OR TIED.
MM INDICATES DATA IS MISSING.
T  INDICATES TRACE AMOUNT.




$$
