000
CDUS44 KTSA 280803
CLIFSM

CLIMATE REPORT
NATIONAL WEATHER SERVICE TULSA OK
302 AM CDT MON JUL 28 2014


...................................

...THE FORT SMITH ARKANSAS CLIMATE SUMMARY FOR JULY 27 2014...

CLIMATE NORMAL PERIOD 1981 TO 2010
CLIMATE RECORD PERIOD 1882 TO 2014


WEATHER ITEM   OBSERVED TIME   RECORD YEAR NORMAL DEPARTURE LAST
                VALUE   (LST)  VALUE       VALUE  FROM      YEAR
                                                  NORMAL
..................................................................
TEMPERATURE (F)
 YESTERDAY
  MAXIMUM         98    311 PM 107    2011  94      4       89
  MINIMUM         75    614 AM  61    1911  72      3       68
  AVERAGE         87                        83      4       79

PRECIPITATION (IN)
  YESTERDAY        0.00          3.83 1979   0.11  -0.11     0.00
  MONTH TO DATE    1.72                      2.89  -1.17     3.83
  SINCE JUN 1      6.17                      7.17  -1.00     9.93
  SINCE JAN 1     20.91                     26.36  -5.45    30.91

DEGREE DAYS
 COOLING
  YESTERDAY       22                        18      4       14
  MONTH TO DATE  378                       466    -88      466
  SINCE JUN 1    816                       851    -35      919
  SINCE JAN 1   1094                      1095     -1     1193
..................................................................


WIND (MPH)
  HIGHEST WIND SPEED    17   HIGHEST WIND DIRECTION     N (360)
  HIGHEST GUST SPEED    21   HIGHEST GUST DIRECTION     N (360)
  AVERAGE WIND SPEED     5.4


SKY COVER
  POSSIBLE SUNSHINE  MM
  AVERAGE SKY COVER 0.1


WEATHER CONDITIONS
 THE FOLLOWING WEATHER WAS RECORDED YESTERDAY.
  FOG


RELATIVE HUMIDITY (PERCENT)
 HIGHEST    94           400 AM
 LOWEST     47           700 PM
 AVERAGE    71

..........................................................


THE FORT SMITH ARKANSAS CLIMATE NORMALS FOR TODAY
                         NORMAL    RECORD    YEAR
 MAXIMUM TEMPERATURE (F)   94       107      1986
 MINIMUM TEMPERATURE (F)   72        63      2004
                                             1994
                                             1980


SUNRISE AND SUNSET
JULY 28 2014..........SUNRISE   623 AM CDT   SUNSET   824 PM CDT
JULY 29 2014..........SUNRISE   624 AM CDT   SUNSET   823 PM CDT


-  INDICATES NEGATIVE NUMBERS.
R  INDICATES RECORD WAS SET OR TIED.
MM INDICATES DATA IS MISSING.
T  INDICATES TRACE AMOUNT.




$$

&&
...........................................................

THE ARKANSAS RIVER AT VAN BUREN

                   OBSERVED      24 HOUR     24 HOUR
                    VALUE        CHANGE      FORECAST

 STAGE (FEET)
  THIS MORNING       19.3         -0.1

MEAN FLOW (CFS)
  TODAY                                        8200
...........................................................
ALL DATA MEASURED AT THE FORT SMITH REGIONAL AIRPORT
