000
CDUS44 KTSA 280809
CLIFSM

CLIMATE REPORT
NATIONAL WEATHER SERVICE TULSA OK
309 AM CDT TUE JUL 28 2015


...................................

...THE FORT SMITH ARKANSAS CLIMATE SUMMARY FOR JULY 27 2015...

CLIMATE NORMAL PERIOD 1981 TO 2010
CLIMATE RECORD PERIOD 1882 TO 2015


WEATHER ITEM   OBSERVED TIME   RECORD YEAR NORMAL DEPARTURE LAST
                VALUE   (LST)  VALUE       VALUE  FROM      YEAR
                                                  NORMAL
..................................................................
TEMPERATURE (F)
 YESTERDAY
  MAXIMUM         98    355 PM 107    2011  94      4       98
  MINIMUM         79    456 AM  61    1911  72      7       75
  AVERAGE         89                        83      6       87

PRECIPITATION (IN)
  YESTERDAY        0.00          3.83 1979   0.11  -0.11     0.00
  MONTH TO DATE    8.79                      2.89   5.90     1.72
  SINCE JUN 1     11.92                      7.17   4.75     6.17
  SINCE JAN 1     45.17                     26.36  18.81    20.91

DEGREE DAYS
 COOLING
  YESTERDAY       24                        18      6       22
  MONTH TO DATE  529                       466     63      378
  SINCE JUN 1   1012                       851    161      816
  SINCE JAN 1   1252                      1095    157     1094
..................................................................


WIND (MPH)
  HIGHEST WIND SPEED    14   HIGHEST WIND DIRECTION     E (70)
  HIGHEST GUST SPEED    16   HIGHEST GUST DIRECTION     E (80)
  AVERAGE WIND SPEED     5.3


SKY COVER
  POSSIBLE SUNSHINE  MM
  AVERAGE SKY COVER 0.2


WEATHER CONDITIONS
 THE FOLLOWING WEATHER WAS RECORDED YESTERDAY.
  NO SIGNIFICANT WEATHER WAS OBSERVED.


RELATIVE HUMIDITY (PERCENT)
 HIGHEST    85           200 AM
 LOWEST     42           200 PM
 AVERAGE    64

..........................................................


THE FORT SMITH ARKANSAS CLIMATE NORMALS FOR TODAY
                         NORMAL    RECORD    YEAR
 MAXIMUM TEMPERATURE (F)   94       107      1986
 MINIMUM TEMPERATURE (F)   72        63      2004
                                             1994
                                             1980


SUNRISE AND SUNSET
JULY 28 2015..........SUNRISE   623 AM CDT   SUNSET   824 PM CDT
JULY 29 2015..........SUNRISE   624 AM CDT   SUNSET   824 PM CDT


-  INDICATES NEGATIVE NUMBERS.
R  INDICATES RECORD WAS SET OR TIED.
MM INDICATES DATA IS MISSING.
T  INDICATES TRACE AMOUNT.




$$

&&
...........................................................

THE ARKANSAS RIVER AT VAN BUREN

                   OBSERVED      24 HOUR     24 HOUR
                    VALUE        CHANGE      FORECAST

 STAGE (FEET)
  THIS MORNING       20.0         +0.8

MEAN FLOW (CFS)
  TODAY                                        46200
...........................................................
ALL DATA MEASURED AT THE FORT SMITH REGIONAL AIRPORT
