000
CDUS44 KTSA 200851
CLIFSM

CLIMATE REPORT
NATIONAL WEATHER SERVICE TULSA OK
351 AM CDT WED AUG 20 2014


...................................

...THE FORT SMITH ARKANSAS CLIMATE SUMMARY FOR AUGUST 19 2014...

CLIMATE NORMAL PERIOD 1981 TO 2010
CLIMATE RECORD PERIOD 1882 TO 2014


WEATHER ITEM   OBSERVED TIME   RECORD YEAR NORMAL DEPARTURE LAST
                VALUE   (LST)  VALUE       VALUE  FROM      YEAR
                                                  NORMAL
..................................................................
TEMPERATURE (F)
 YESTERDAY
  MAXIMUM         96    459 PM 107    2011  94      2       89
  MINIMUM         69    541 AM  57    1976  71     -2       67
  AVERAGE         83                        82      1       78

PRECIPITATION (IN)
  YESTERDAY        0.00          3.99 1915   0.08  -0.08     0.00
  MONTH TO DATE    1.39                      1.62  -0.23     3.72
  SINCE JUN 1      8.52                      9.20  -0.68    13.77
  SINCE JAN 1     23.26                     28.39  -5.13    34.75

DEGREE DAYS
 COOLING
  YESTERDAY       18                        17      1       13
  MONTH TO DATE  293                       339    -46      311
  SINCE JUN 1   1150                      1260   -110     1298
  SINCE JAN 1   1428                      1504    -76     1572
..................................................................


WIND (MPH)
  HIGHEST WIND SPEED    13   HIGHEST WIND DIRECTION    SW (240)
  HIGHEST GUST SPEED    19   HIGHEST GUST DIRECTION    SW (240)
  AVERAGE WIND SPEED     4.6


SKY COVER
  POSSIBLE SUNSHINE  MM
  AVERAGE SKY COVER 0.1


WEATHER CONDITIONS
 THE FOLLOWING WEATHER WAS RECORDED YESTERDAY.
  NO SIGNIFICANT WEATHER WAS OBSERVED.


RELATIVE HUMIDITY (PERCENT)
 HIGHEST    97           300 AM
 LOWEST     46           500 PM
 AVERAGE    72

..........................................................


THE FORT SMITH ARKANSAS CLIMATE NORMALS FOR TODAY
                         NORMAL    RECORD    YEAR
 MAXIMUM TEMPERATURE (F)   93       106      1993
 MINIMUM TEMPERATURE (F)   71        58      1991
                                             1953


SUNRISE AND SUNSET
AUGUST 20 2014........SUNRISE   641 AM CDT   SUNSET   800 PM CDT
AUGUST 21 2014........SUNRISE   642 AM CDT   SUNSET   759 PM CDT


-  INDICATES NEGATIVE NUMBERS.
R  INDICATES RECORD WAS SET OR TIED.
MM INDICATES DATA IS MISSING.
T  INDICATES TRACE AMOUNT.




$$

&&
...........................................................

THE ARKANSAS RIVER AT VAN BUREN

                   OBSERVED      24 HOUR     24 HOUR
                    VALUE        CHANGE      FORECAST

 STAGE (FEET)
  THIS MORNING       19.3         -0.5

MEAN FLOW (CFS)
  TODAY                                        8100
...........................................................
ALL DATA MEASURED AT THE FORT SMITH REGIONAL AIRPORT
