000
CDUS44 KTSA 070937
CLIFSM

CLIMATE REPORT
NATIONAL WEATHER SERVICE TULSA OK
338 AM CST SUN FEB 7 2016


...................................

...THE FORT SMITH ARKANSAS CLIMATE SUMMARY FOR FEBRUARY 6 2016...

CLIMATE NORMAL PERIOD 1981 TO 2010
CLIMATE RECORD PERIOD 1882 TO 2016


WEATHER ITEM   OBSERVED TIME   RECORD YEAR NORMAL DEPARTURE LAST
                VALUE   (LST)  VALUE       VALUE  FROM      YEAR
                                                  NORMAL
..................................................................
TEMPERATURE (F)
 YESTERDAY
  MAXIMUM         57    412 PM  74    1904  53      4       59
  MINIMUM         30    700 AM   6    1985  31     -1       30
  AVERAGE         44                        42      2       45

PRECIPITATION (IN)
  YESTERDAY        0.00          1.28 1890   0.09  -0.09     0.00
  MONTH TO DATE    0.00                      0.56  -0.56     0.66
  SINCE DEC 1     11.20                      6.66   4.54     5.19
  SINCE JAN 1      0.39                      3.37  -2.98     2.88

SNOWFALL (IN)
  YESTERDAY        0.0                                       0.0
  MONTH TO DATE    0.0                                       0.0
  SINCE DEC 1      T                                          T
  SINCE JUL 1      T                                          T

DEGREE DAYS
 HEATING
  YESTERDAY       21                        23     -2       20
  MONTH TO DATE  122                       142    -20      161
  SINCE DEC 1   1354                      1668   -314     1595
  SINCE JUL 1   1711                      2233   -522     2214
..................................................................


WIND (MPH)
  HIGHEST WIND SPEED    12   HIGHEST WIND DIRECTION     W (280)
  HIGHEST GUST SPEED    14   HIGHEST GUST DIRECTION     W (280)
  AVERAGE WIND SPEED     2.8


SKY COVER
  POSSIBLE SUNSHINE  MM
  AVERAGE SKY COVER 0.2


WEATHER CONDITIONS
 THE FOLLOWING WEATHER WAS RECORDED YESTERDAY.
  NO SIGNIFICANT WEATHER WAS OBSERVED.


RELATIVE HUMIDITY (PERCENT)
 HIGHEST    72           700 AM
 LOWEST     21           300 PM
 AVERAGE    47

..........................................................


THE FORT SMITH ARKANSAS CLIMATE NORMALS FOR TODAY
                         NORMAL    RECORD    YEAR
 MAXIMUM TEMPERATURE (F)   53        77      1937
 MINIMUM TEMPERATURE (F)   31        -5      1895


SUNRISE AND SUNSET
FEBRUARY  7 2016......SUNRISE   712 AM CST   SUNSET   551 PM CST
FEBRUARY  8 2016......SUNRISE   711 AM CST   SUNSET   552 PM CST


-  INDICATES NEGATIVE NUMBERS.
R  INDICATES RECORD WAS SET OR TIED.
MM INDICATES DATA IS MISSING.
T  INDICATES TRACE AMOUNT.




$$

&&
...........................................................

THE ARKANSAS RIVER AT VAN BUREN

                   OBSERVED      24 HOUR     24 HOUR
                    VALUE        CHANGE      FORECAST

 STAGE (FEET)
  THIS MORNING       19.6         -0.6

MEAN FLOW (CFS)
  TODAY                                        20000
...........................................................
ALL DATA MEASURED AT THE FORT SMITH REGIONAL AIRPORT
