000
CDUS44 KTSA 250800
CLIFSM

CLIMATE REPORT
NATIONAL WEATHER SERVICE TULSA OK
147 AM CDT MON JUL 25 2016


...................................

...THE FORT SMITH ARKANSAS CLIMATE SUMMARY FOR JULY 24 2016...

CLIMATE NORMAL PERIOD 1981 TO 2010
CLIMATE RECORD PERIOD 1882 TO 2016


WEATHER ITEM   OBSERVED TIME   RECORD YEAR NORMAL DEPARTURE LAST
                VALUE   (LST)  VALUE       VALUE  FROM      YEAR
                                                  NORMAL
..................................................................
TEMPERATURE (F)
 YESTERDAY
  MAXIMUM        100    305 PM 107    2011  94      6       99
                                      1934
  MINIMUM         76    531 AM  62    2000  72      4       78
                                      1894
  AVERAGE         88                        83      5       89

PRECIPITATION (IN)
  YESTERDAY        0.00          2.40 1895   0.10  -0.10     0.00
  MONTH TO DATE    3.60                      2.58   1.02     8.79
  SINCE JUN 1      5.51                      6.86  -1.35    11.92
  SINCE JAN 1     22.72                     26.05  -3.33    45.17

DEGREE DAYS
 COOLING
  YESTERDAY       23                        18      5       24
  MONTH TO DATE  476                       412     64      458
  SINCE JUN 1    979                       797    182      941
  SINCE JAN 1   1164                      1041    123     1181
..................................................................


WIND (MPH)
  HIGHEST WIND SPEED    17   HIGHEST WIND DIRECTION     E (70)
  HIGHEST GUST SPEED    20   HIGHEST GUST DIRECTION     E (70)
  AVERAGE WIND SPEED     4.6


SKY COVER
  POSSIBLE SUNSHINE  MM
  AVERAGE SKY COVER 0.0


WEATHER CONDITIONS
 THE FOLLOWING WEATHER WAS RECORDED YESTERDAY.
  NO SIGNIFICANT WEATHER WAS OBSERVED.


RELATIVE HUMIDITY (PERCENT)
 HIGHEST    82           500 AM
 LOWEST     39           200 PM
 AVERAGE    61

..........................................................


THE FORT SMITH ARKANSAS CLIMATE NORMALS FOR TODAY
                         NORMAL    RECORD    YEAR
 MAXIMUM TEMPERATURE (F)   94       105      1993
                                             1986
                                             1964
 MINIMUM TEMPERATURE (F)   72        58      1911


SUNRISE AND SUNSET
JULY 25 2016..........SUNRISE   621 AM CDT   SUNSET   826 PM CDT
JULY 26 2016..........SUNRISE   622 AM CDT   SUNSET   825 PM CDT


-  INDICATES NEGATIVE NUMBERS.
R  INDICATES RECORD WAS SET OR TIED.
MM INDICATES DATA IS MISSING.
T  INDICATES TRACE AMOUNT.




$$

&&
...........................................................

THE ARKANSAS RIVER AT VAN BUREN

                   OBSERVED      24 HOUR     24 HOUR
                    VALUE        CHANGE      FORECAST

 STAGE (FEET)
  THIS MORNING       19.8         +0.6

MEAN FLOW (CFS)
  TODAY                                        -99
...........................................................
ALL DATA MEASURED AT THE FORT SMITH REGIONAL AIRPORT
