000
CDUS44 KTSA 300805
CLIFSM

CLIMATE REPORT
NATIONAL WEATHER SERVICE TULSA OK
302 AM CDT TUE SEP 30 2014


...................................

...THE FORT SMITH ARKANSAS CLIMATE SUMMARY FOR SEPTEMBER 29 2014...

CLIMATE NORMAL PERIOD 1981 TO 2010
CLIMATE RECORD PERIOD 1882 TO 2014


WEATHER ITEM   OBSERVED TIME   RECORD YEAR NORMAL DEPARTURE LAST
                VALUE   (LST)  VALUE       VALUE  FROM      YEAR
                                                  NORMAL
..................................................................
TEMPERATURE (F)
 YESTERDAY
  MAXIMUM         87    319 PM 100    1953  80      7       79
  MINIMUM         62    617 AM  33    1967  57      5       65
  AVERAGE         75                        68      7       72

PRECIPITATION (IN)
  YESTERDAY        0.00          3.26 1934   0.14  -0.14     0.00
  MONTH TO DATE    6.90                      3.92   2.98     1.50
  SINCE SEP 1      6.90                      3.92   2.98     1.50
  SINCE JAN 1     30.35                     33.28  -2.93    36.37

DEGREE DAYS
 HEATING
  YESTERDAY        0                         2     -2        0
  MONTH TO DATE    4                        15    -11        0
  SINCE SEP 1      4                        15    -11        0
  SINCE JUL 1      4                        15    -11        0

 COOLING
  YESTERDAY       10                         5      5        7
  MONTH TO DATE  288                       276     12      407
  SINCE SEP 1    288                       276     12      407
  SINCE JAN 1   1951                      1971    -20     2210
..................................................................


WIND (MPH)
  HIGHEST WIND SPEED    10   HIGHEST WIND DIRECTION    SE (120)
  HIGHEST GUST SPEED    13   HIGHEST GUST DIRECTION    SE (130)
  AVERAGE WIND SPEED     1.9


SKY COVER
  POSSIBLE SUNSHINE  MM
  AVERAGE SKY COVER 0.0


WEATHER CONDITIONS
 THE FOLLOWING WEATHER WAS RECORDED YESTERDAY.
  FOG


RELATIVE HUMIDITY (PERCENT)
 HIGHEST    93           100 AM
 LOWEST     30           300 PM
 AVERAGE    62

..........................................................


THE FORT SMITH ARKANSAS CLIMATE NORMALS FOR TODAY
                         NORMAL    RECORD    YEAR
 MAXIMUM TEMPERATURE (F)   80        99      1953
 MINIMUM TEMPERATURE (F)   56        37      1984
                                             1895


SUNRISE AND SUNSET
SEPTEMBER 30 2014.....SUNRISE   712 AM CDT   SUNSET   703 PM CDT
OCTOBER  1 2014.......SUNRISE   712 AM CDT   SUNSET   701 PM CDT


-  INDICATES NEGATIVE NUMBERS.
R  INDICATES RECORD WAS SET OR TIED.
MM INDICATES DATA IS MISSING.
T  INDICATES TRACE AMOUNT.




$$

&&
...........................................................

THE ARKANSAS RIVER AT VAN BUREN

                   OBSERVED      24 HOUR     24 HOUR
                    VALUE        CHANGE      FORECAST

 STAGE (FEET)
  THIS MORNING       19.6         +0.3

MEAN FLOW (CFS)
  TODAY                                        5900
...........................................................
ALL DATA MEASURED AT THE FORT SMITH REGIONAL AIRPORT
