000
CDUS44 KTSA 250805
CLIFSM

CLIMATE REPORT
NATIONAL WEATHER SERVICE TULSA OK
147 AM CDT TUE JUL 25 2017


...................................

...THE FORT SMITH ARKANSAS CLIMATE SUMMARY FOR JULY 24 2017...

CLIMATE NORMAL PERIOD 1981 TO 2010
CLIMATE RECORD PERIOD 1882 TO 2017


WEATHER ITEM   OBSERVED TIME   RECORD YEAR NORMAL DEPARTURE LAST
                VALUE   (LST)  VALUE       VALUE  FROM      YEAR
                                                  NORMAL
..................................................................
TEMPERATURE (F)
 YESTERDAY
  MAXIMUM         96    411 PM 107    2011  94      2      100
                                      1934
  MINIMUM         74    520 AM  62    2000  72      2       76
                                      1894
  AVERAGE         85                        83      2       88

PRECIPITATION (IN)
  YESTERDAY        0.00          2.40 1895   0.10  -0.10     0.00
  MONTH TO DATE    4.06                      2.58   1.48     3.60
  SINCE JUN 1     12.56                      6.86   5.70     5.51
  SINCE JAN 1     34.64                     26.05   8.59    22.72

DEGREE DAYS
 COOLING
  YESTERDAY       20                        18      2       23
  MONTH TO DATE  450                       412     38      476
  SINCE JUN 1    850                       797     53      979
  SINCE JAN 1   1168                      1041    127     1164
..................................................................


WIND (MPH)
  HIGHEST WIND SPEED    12   HIGHEST WIND DIRECTION     S (200)
  HIGHEST GUST SPEED    15   HIGHEST GUST DIRECTION     S (190)
  AVERAGE WIND SPEED     3.7


SKY COVER
  POSSIBLE SUNSHINE  MM
  AVERAGE SKY COVER 0.1


WEATHER CONDITIONS
 THE FOLLOWING WEATHER WAS RECORDED YESTERDAY.
  NO SIGNIFICANT WEATHER WAS OBSERVED.


RELATIVE HUMIDITY (PERCENT)
 HIGHEST   100          1200 AM
 LOWEST     42           400 PM
 AVERAGE    71

..........................................................


THE FORT SMITH ARKANSAS CLIMATE NORMALS FOR TODAY
                         NORMAL    RECORD    YEAR
 MAXIMUM TEMPERATURE (F)   94       105      1993
                                             1986
                                             1964
 MINIMUM TEMPERATURE (F)   72        58      1911


SUNRISE AND SUNSET
JULY 25 2017..........SUNRISE   621 AM CDT   SUNSET   826 PM CDT
JULY 26 2017..........SUNRISE   622 AM CDT   SUNSET   826 PM CDT


-  INDICATES NEGATIVE NUMBERS.
R  INDICATES RECORD WAS SET OR TIED.
MM INDICATES DATA IS MISSING.
T  INDICATES TRACE AMOUNT.




$$

&&
...........................................................

THE ARKANSAS RIVER AT VAN BUREN

                   OBSERVED      24 HOUR     24 HOUR
                    VALUE        CHANGE      FORECAST

 STAGE (FEET)
  THIS MORNING       19.4         +0.3

 MEAN FLOW (CFS)
  TODAY                                        1318
...........................................................
ALL DATA MEASURED AT THE FORT SMITH REGIONAL AIRPORT
