000
CDUS44 KTSA 032201 RRA
CLIFSM

CLIMATE REPORT
NATIONAL WEATHER SERVICE TULSA OK
418 PM CDT TUE MAY 3 2016


...................................

...THE FORT SMITH ARKANSAS CLIMATE SUMMARY FOR MAY 3 2016...
VALID TODAY AS OF 0400 PM LOCAL TIME.

CLIMATE NORMAL PERIOD 1981 TO 2010
CLIMATE RECORD PERIOD 1882 TO 2016


WEATHER ITEM   OBSERVED TIME   RECORD YEAR NORMAL DEPARTURE LAST
                VALUE   (LST)  VALUE       VALUE  FROM      YEAR
                                                  NORMAL
..................................................................
TEMPERATURE (F)
 TODAY
  MAXIMUM         72    236 PM  90    1955  78     -6       83
                                      1952
  MINIMUM         44    536 AM  37    2013  55    -11       57
                                      2011
                                      2005
  AVERAGE         58                        66     -8       70

PRECIPITATION (IN)
  TODAY            0.00          2.84 1990   0.18  -0.18     0.00
  MONTH TO DATE    0.03                      0.53  -0.50     0.00
  SINCE MAR 1     11.39                      8.68   2.71     8.79
  SINCE JAN 1     13.54                     14.25  -0.71    13.40

DEGREE DAYS
 COOLING
  TODAY            0                         3     -3        5
  MONTH TO DATE    0                         9     -9        6
  SINCE MAR 1     48                        74    -26       74
  SINCE JAN 1     49                        75    -26       74
..................................................................


WIND (MPH)
  HIGHEST WIND SPEED    14   HIGHEST WIND DIRECTION     N (10)
  HIGHEST GUST SPEED    19   HIGHEST GUST DIRECTION     N (360)
  AVERAGE WIND SPEED     3.2


SKY COVER
  POSSIBLE SUNSHINE  MM
  AVERAGE SKY COVER 0.2


WEATHER CONDITIONS
 THE FOLLOWING WEATHER WAS RECORDED TODAY.
  NO SIGNIFICANT WEATHER WAS OBSERVED.


RELATIVE HUMIDITY (PERCENT)
 HIGHEST    92           500 AM
 LOWEST     29           300 PM
 AVERAGE    61

..........................................................


THE FORT SMITH ARKANSAS CLIMATE NORMALS FOR TOMORROW
                         NORMAL    RECORD    YEAR
 MAXIMUM TEMPERATURE (F)   78        93      2014
 MINIMUM TEMPERATURE (F)   56        35      1954


SUNRISE AND SUNSET
MAY  3 2016...........SUNRISE   623 AM CDT   SUNSET   806 PM CDT
MAY  4 2016...........SUNRISE   622 AM CDT   SUNSET   806 PM CDT


-  INDICATES NEGATIVE NUMBERS.
R  INDICATES RECORD WAS SET OR TIED.
MM INDICATES DATA IS MISSING.
T  INDICATES TRACE AMOUNT.




$$

&&
...........................................................

THE ARKANSAS RIVER AT VAN BUREN

                   OBSERVED      24 HOUR     24 HOUR
                    VALUE        CHANGE      FORECAST

 STAGE (FEET)
  THIS AFTERNOON     19.8         -0.6

MEAN FLOW (CFS)
  TODAY                                        118300
...........................................................
ALL DATA MEASURED AT THE FORT SMITH REGIONAL AIRPORT
