000
CDUS46 KSGX 281131
CLIFUL


CLIMATE REPORT
NATIONAL WEATHER SERVICE SAN DIEGO, CA
431 AM PDT SUN MAY 28 2017


...................................

...THE FULLERTON AIRPORT CA CLIMATE SUMMARY FOR MAY 27 2017...

CLIMATE NORMAL PERIOD 1981 TO 2010
CLIMATE RECORD PERIOD 1998 TO 2017


WEATHER ITEM   OBSERVED TIME   RECORD YEAR NORMAL DEPARTURE LAST
                VALUE   (LST)  VALUE       VALUE  FROM      YEAR
                                                  NORMAL
..................................................................
TEMPERATURE (F)
 YESTERDAY
  MAXIMUM         75   1223 PM  90    2000  75      0       75
  MINIMUM         58    536 AM  53    2008  59     -1       60
  AVERAGE         67                        67      0       68

PRECIPITATION (IN)
  YESTERDAY        0.00          0.01 2001   0.00   0.00     0.00
  MONTH TO DATE    0.54                      0.24   0.30     0.05
  SINCE OCT 1     16.91                     13.45   3.46     5.26
  SINCE JAN 1     11.00                      9.55   1.45     4.21

DEGREE DAYS
 HEATING
  YESTERDAY        0                         0      0        0
  MONTH TO DATE   26                        31     -5       10
  SINCE MAR 1     98                       303   -205       91
  SINCE JUL 1    795                      1225   -430      770

 COOLING
  YESTERDAY        2                         3     -1        3
  MONTH TO DATE   89                        59     30       48
  SINCE MAR 1    227                       102    125      153
  SINCE JAN 1    230                       111    119      225
..................................................................


WIND (MPH)
  RESULTANT WIND SPEED   1   RESULTANT WIND DIRECTION  SW (230)
  HIGHEST WIND SPEED    13   HIGHEST WIND DIRECTION     S (200)
  HIGHEST GUST SPEED    18   HIGHEST GUST DIRECTION     S (190)
  AVERAGE WIND SPEED     3.6


SKY COVER
  POSSIBLE SUNSHINE  MM
  AVERAGE SKY COVER 0.4


WEATHER CONDITIONS
 THE FOLLOWING WEATHER WAS RECORDED YESTERDAY.
  NO SIGNIFICANT WEATHER WAS OBSERVED.


RELATIVE HUMIDITY (PERCENT)
 HIGHEST    80           100 AM
 LOWEST     46           100 PM
 AVERAGE    63

..........................................................


THE FULLERTON AIRPORT CA CLIMATE NORMALS FOR TODAY
                         NORMAL    RECORD    YEAR
 MAXIMUM TEMPERATURE (F)   75        91      2003
 MINIMUM TEMPERATURE (F)   59        52      2008


SUNRISE AND SUNSET
MAY 28 2017...........SUNRISE   543 AM PDT   SUNSET   755 PM PDT
MAY 29 2017...........SUNRISE   543 AM PDT   SUNSET   756 PM PDT


-  INDICATES NEGATIVE NUMBERS.
R  INDICATES RECORD WAS SET OR TIED.
MM INDICATES DATA IS MISSING.
T  INDICATES TRACE AMOUNT.




$$
