000
CDUS46 KSGX 221239
CLIFUL


CLIMATE REPORT
NATIONAL WEATHER SERVICE SAN DIEGO, CA
438 AM PST THU FEB 22 2018


...................................

...THE FULLERTON AIRPORT CA CLIMATE SUMMARY FOR FEBRUARY 21 2018...

CLIMATE NORMAL PERIOD 1981 TO 2010
CLIMATE RECORD PERIOD 1998 TO 2018


WEATHER ITEM   OBSERVED TIME   RECORD YEAR NORMAL DEPARTURE LAST
                VALUE   (LST)  VALUE       VALUE  FROM      YEAR
                                                  NORMAL
..................................................................
TEMPERATURE (F)
 YESTERDAY
  MAXIMUM         61   1251 PM  90    2002  68     -7       70
  MINIMUM         43    121 AM  40    2011  49     -6       58
  AVERAGE         52                        58     -6       64

PRECIPITATION (IN)
  YESTERDAY        0.00          2.50 2005   0.12  -0.12      T
  MONTH TO DATE    0.01                      2.46  -2.45     2.89
  SINCE OCT 1      1.22                      9.39  -8.17    15.93
  SINCE JAN 1      1.14                      5.49  -4.35    10.02

DEGREE DAYS
 HEATING
  YESTERDAY       13                         7      6        1
  MONTH TO DATE   86                       159    -73       96
  SINCE DEC 1    342                       712   -370      558
  SINCE JUL 1    364                       876   -512      622

 COOLING
  YESTERDAY        0                         0      0        0
  MONTH TO DATE   10                         0     10        3
  SINCE DEC 1     48                         5     43        3
  SINCE JAN 1     37                         4     33        3
..................................................................


WIND (MPH)
  RESULTANT WIND SPEED   3   RESULTANT WIND DIRECTION   E (100)
  HIGHEST WIND SPEED    12   HIGHEST WIND DIRECTION    SW (210)
  HIGHEST GUST SPEED    16   HIGHEST GUST DIRECTION    SW (210)
  AVERAGE WIND SPEED     4.7


SKY COVER
  POSSIBLE SUNSHINE  MM
  AVERAGE SKY COVER 0.3


WEATHER CONDITIONS
 THE FOLLOWING WEATHER WAS RECORDED YESTERDAY.
  NO SIGNIFICANT WEATHER WAS OBSERVED.


RELATIVE HUMIDITY (PERCENT)
 HIGHEST    60          1100 PM
 LOWEST     27           400 PM
 AVERAGE    44

..........................................................


THE FULLERTON AIRPORT CA CLIMATE NORMALS FOR TODAY
                         NORMAL    RECORD    YEAR
 MAXIMUM TEMPERATURE (F)   68        92      2002
 MINIMUM TEMPERATURE (F)   49        38      2006


SUNRISE AND SUNSET
FEBRUARY 22 2018......SUNRISE   629 AM PST   SUNSET   542 PM PST
FEBRUARY 23 2018......SUNRISE   627 AM PST   SUNSET   543 PM PST


-  INDICATES NEGATIVE NUMBERS.
R  INDICATES RECORD WAS SET OR TIED.
MM INDICATES DATA IS MISSING.
T  INDICATES TRACE AMOUNT.




$$
