000
CDUS46 KSGX 050017
CLIFUL


CLIMATE REPORT
NATIONAL WEATHER SERVICE SAN DIEGO, CA
417 PM PST WED MAR 4 2015


...................................

...THE FULLERTON AIRPORT CA CLIMATE SUMMARY FOR MARCH 4 2015...
VALID TODAY AS OF 0400 PM LOCAL TIME.

CLIMATE NORMAL PERIOD 1981 TO 2010
CLIMATE RECORD PERIOD 1998 TO 2015


WEATHER ITEM   OBSERVED TIME   RECORD YEAR NORMAL DEPARTURE LAST
                VALUE   (LST)  VALUE       VALUE  FROM      YEAR
                                                  NORMAL
..................................................................
TEMPERATURE (F)
 TODAY
  MAXIMUM         75    243 PM  95    2012  69      6       68
  MINIMUM         46    633 AM  41    2006  50     -4       52
  AVERAGE         61                        59      2       60

PRECIPITATION (IN)
  TODAY            0.00          0.20 2005   0.15  -0.15     0.00
  MONTH TO DATE    0.39                      0.62  -0.23     0.68
  SINCE OCT 1      5.33                     10.80  -5.47     4.32
  SINCE JAN 1      1.51                      6.90  -5.39     3.01

SNOWFALL (IN)
  TODAY            0.0
  MONTH TO DATE    0.0
  SINCE JAN 1      0.0
  SINCE JUL 1      0.0
  SNOW DEPTH       0

DEGREE DAYS
 HEATING
  TODAY            4                         6     -2        5
  MONTH TO DATE   31                        24      7       21
  SINCE MAR 1     31                        24      7       21
  SINCE JUL 1    394                       946   -552      519

 COOLING
  TODAY            0                         1     -1        0
  MONTH TO DATE    0                         1     -1        0
  SINCE MAR 1      0                         1     -1        0
  SINCE JAN 1     51                        10     41       20
..................................................................


WIND (MPH)
  RESULTANT WIND SPEED   0   RESULTANT WIND DIRECTION   E (70)
  HIGHEST WIND SPEED    12   HIGHEST WIND DIRECTION     W (260)
  HIGHEST GUST SPEED    18   HIGHEST GUST DIRECTION    SW (230)
  AVERAGE WIND SPEED     2.1


SKY COVER
  POSSIBLE SUNSHINE  MM
  AVERAGE SKY COVER 0.0


WEATHER CONDITIONS
 THE FOLLOWING WEATHER WAS RECORDED TODAY.
  NO SIGNIFICANT WEATHER WAS OBSERVED.


RELATIVE HUMIDITY (PERCENT)
 HIGHEST    86           300 AM
 LOWEST     19           100 PM
 AVERAGE    53

..........................................................


THE FULLERTON AIRPORT CA CLIMATE NORMALS FOR TOMORROW
                         NORMAL    RECORD    YEAR
 MAXIMUM TEMPERATURE (F)   69        84      2007
 MINIMUM TEMPERATURE (F)   50        42      2006


SUNRISE AND SUNSET
MARCH  4 2015.........SUNRISE   617 AM PST   SUNSET   551 PM PST
MARCH  5 2015.........SUNRISE   616 AM PST   SUNSET   552 PM PST


-  INDICATES NEGATIVE NUMBERS.
R  INDICATES RECORD WAS SET OR TIED.
MM INDICATES DATA IS MISSING.
T  INDICATES TRACE AMOUNT.




$$
