000
CDUS46 KSGX 200018
CLIFUL


CLIMATE REPORT
NATIONAL WEATHER SERVICE SAN DIEGO, CA
518 PM PDT SAT APR 19 2014


...................................

...THE FULLERTON AIRPORT CA CLIMATE SUMMARY FOR APRIL 19 2014...
VALID TODAY AS OF 0500 PM LOCAL TIME.

CLIMATE NORMAL PERIOD 1981 TO 2010
CLIMATE RECORD PERIOD 1998 TO 2014


WEATHER ITEM   OBSERVED TIME   RECORD YEAR NORMAL DEPARTURE LAST
                VALUE   (LST)  VALUE       VALUE  FROM      YEAR
                                                  NORMAL
..................................................................
TEMPERATURE (F)
 TODAY
  MAXIMUM         78    332 PM 100    2009  73      5       91
  MINIMUM         56    502 AM  46    2007  53      3       52
  AVERAGE         67                        63      4       72

PRECIPITATION (IN)
  TODAY            0.00          0.00   MM   0.03  -0.03     0.00
  MONTH TO DATE    0.22                      0.54  -0.32     0.03
  SINCE JUL 1      4.57                     13.21  -8.64     5.37
  SINCE JAN 1      3.26                      8.98  -5.72     2.06

SNOWFALL (IN)
  TODAY            0.0
  MONTH TO DATE    0.0
  SINCE JAN 1      0.0
  SINCE JUL 1      0.0
  SNOW DEPTH       0

DEGREE DAYS
 HEATING
  TODAY            0                         3     -3        0
  MONTH TO DATE   31                        74    -43       10
  SINCE MAR 1     84                       244   -160       54
  SINCE JUL 1    582                      1166   -584      725

 COOLING
  TODAY            2                         1      1        7
  MONTH TO DATE   48                        16     32       41
  SINCE MAR 1     83                        29     54       80
  SINCE JAN 1    103                        38     65       92
..................................................................


WIND (MPH)
  RESULTANT WIND SPEED   2   RESULTANT WIND DIRECTION  SE (140)
  HIGHEST WIND SPEED    12   HIGHEST WIND DIRECTION    SW (220)
  HIGHEST GUST SPEED    16   HIGHEST GUST DIRECTION    NW (300)
  AVERAGE WIND SPEED     3.5


SKY COVER
  POSSIBLE SUNSHINE  MM
  AVERAGE SKY COVER 0.0


WEATHER CONDITIONS
 THE FOLLOWING WEATHER WAS RECORDED TODAY.
  FOG
  HAZE


RELATIVE HUMIDITY (PERCENT)
 HIGHEST    87           200 AM
 LOWEST     43           300 PM
 AVERAGE    65

..........................................................


THE FULLERTON AIRPORT CA CLIMATE NORMALS FOR TOMORROW
                         NORMAL    RECORD    YEAR
 MAXIMUM TEMPERATURE (F)   73       100      2009
 MINIMUM TEMPERATURE (F)   53        49      2007


SUNRISE AND SUNSET
APRIL 19 2014.........SUNRISE   616 AM PDT   SUNSET   726 PM PDT
APRIL 20 2014.........SUNRISE   615 AM PDT   SUNSET   727 PM PDT


-  INDICATES NEGATIVE NUMBERS.
R  INDICATES RECORD WAS SET OR TIED.
MM INDICATES DATA IS MISSING.
T  INDICATES TRACE AMOUNT.




$$
