000
CDUS46 KSGX 271437
CLIFUL


CLIMATE REPORT
NATIONAL WEATHER SERVICE SAN DIEGO, CA
633 AM PST TUE JAN 27 2015


...................................

...THE FULLERTON AIRPORT CA CLIMATE SUMMARY FOR JANUARY 26 2015...

CLIMATE NORMAL PERIOD 1981 TO 2010
CLIMATE RECORD PERIOD 1998 TO 2015


WEATHER ITEM   OBSERVED TIME   RECORD YEAR NORMAL DEPARTURE LAST
                VALUE   (LST)  VALUE       VALUE  FROM      YEAR
                                                  NORMAL
..................................................................
TEMPERATURE (F)
 YESTERDAY
  MAXIMUM         79   1130 AM  87    2003  68     11       69
  MINIMUM         57   1159 PM  39    2007  45     12       51
  AVERAGE         68                        56     12       60

PRECIPITATION (IN)
  YESTERDAY        0.17          0.59 2001   0.05   0.12     0.00
  MONTH TO DATE    0.86                      2.62  -1.76     0.00
  SINCE OCT 1      4.68                      6.52  -1.84     1.31
  SINCE JAN 1      0.86                      2.62  -1.76     0.00

SNOWFALL (IN)
  YESTERDAY        0.0
  MONTH TO DATE    0.0
  SINCE JAN 1      0.0
  SINCE JUL 1      0.0
  SNOW DEPTH       0

DEGREE DAYS
 HEATING
  YESTERDAY        0                         9     -9        5
  MONTH TO DATE  116                       234   -118       85
  SINCE DEC 1    289                       510   -221      290
  SINCE JUL 1    313                       674   -361      366

 COOLING
  YESTERDAY        3                         0      3        0
  MONTH TO DATE   15                         0     15       14
  SINCE DEC 1     19                         1     18       20
  SINCE JAN 1     15                         0     15       14
..................................................................


WIND (MPH)
  RESULTANT WIND SPEED   2   RESULTANT WIND DIRECTION  SE (130)
  HIGHEST WIND SPEED    16   HIGHEST WIND DIRECTION     S (200)
  HIGHEST GUST SPEED    23   HIGHEST GUST DIRECTION     S (200)
  AVERAGE WIND SPEED     3.7


SKY COVER
  POSSIBLE SUNSHINE  MM
  AVERAGE SKY COVER 0.6


WEATHER CONDITIONS
 THE FOLLOWING WEATHER WAS RECORDED YESTERDAY.
  LIGHT RAIN
  FOG


RELATIVE HUMIDITY (PERCENT)
 HIGHEST    86           800 PM
 LOWEST     20           100 PM
 AVERAGE    53

..........................................................


THE FULLERTON AIRPORT CA CLIMATE NORMALS FOR TODAY
                         NORMAL    RECORD    YEAR
 MAXIMUM TEMPERATURE (F)   68        83      2012
 MINIMUM TEMPERATURE (F)   45        41      2009


SUNRISE AND SUNSET
JANUARY 27 2015.......SUNRISE   652 AM PST   SUNSET   518 PM PST
JANUARY 28 2015.......SUNRISE   651 AM PST   SUNSET   519 PM PST


-  INDICATES NEGATIVE NUMBERS.
R  INDICATES RECORD WAS SET OR TIED.
MM INDICATES DATA IS MISSING.
T  INDICATES TRACE AMOUNT.




$$
