000
CDUS46 KSGX 310021
CLIFUL


CLIMATE REPORT
NATIONAL WEATHER SERVICE SAN DIEGO, CA
521 PM PDT THU OCT 30 2014


...................................

...THE FULLERTON AIRPORT CA CLIMATE SUMMARY FOR OCTOBER 30 2014...
VALID TODAY AS OF 0500 PM LOCAL TIME.

CLIMATE NORMAL PERIOD 1981 TO 2010
CLIMATE RECORD PERIOD 1998 TO 2014


WEATHER ITEM   OBSERVED TIME   RECORD YEAR NORMAL DEPARTURE LAST
                VALUE   (LST)  VALUE       VALUE  FROM      YEAR
                                                  NORMAL
..................................................................
TEMPERATURE (F)
 TODAY
  MAXIMUM         83   1156 AM  93    1999  76      7       73
  MINIMUM         58    629 AM  48    2004  54      4       50
  AVERAGE         71                        65      6       62

PRECIPITATION (IN)
  TODAY            0.00          0.30 2010   0.04  -0.04     0.00
  MONTH TO DATE    0.00                      0.72  -0.72     0.13
  SINCE JUL 1      0.12                      1.05  -0.93     0.13
  SINCE JAN 1      3.58                     10.70  -7.12     2.66

SNOWFALL (IN)
  TODAY            0.0
  MONTH TO DATE    0.0
  SINCE JAN 1      0.0
  SINCE JUL 1      0.0
  SNOW DEPTH       0

DEGREE DAYS
 HEATING
  TODAY            0                         2     -2        3
  MONTH TO DATE    0                        19    -19       21
  SINCE SEP 1      0                        20    -20       21
  SINCE JUL 1      0                        20    -20       21

 COOLING
  TODAY            6                         2      4        0
  MONTH TO DATE  262                       111    151      107
  SINCE SEP 1    685                       366    319      468
  SINCE JAN 1   2047                      1229    818     1858
..................................................................


WIND (MPH)
  RESULTANT WIND SPEED   1   RESULTANT WIND DIRECTION   S (180)
  HIGHEST WIND SPEED    12   HIGHEST WIND DIRECTION     W (290)
  HIGHEST GUST SPEED    MM   HIGHEST GUST DIRECTION    MM
  AVERAGE WIND SPEED     2.6


SKY COVER
  POSSIBLE SUNSHINE  MM
  AVERAGE SKY COVER 0.0


WEATHER CONDITIONS
 THE FOLLOWING WEATHER WAS RECORDED TODAY.
  NO SIGNIFICANT WEATHER WAS OBSERVED.


RELATIVE HUMIDITY (PERCENT)
 HIGHEST    84           100 AM
 LOWEST     31          1200 PM
 AVERAGE    58

..........................................................


THE FULLERTON AIRPORT CA CLIMATE NORMALS FOR TOMORROW
                         NORMAL    RECORD    YEAR
 MAXIMUM TEMPERATURE (F)   76        90      2005
 MINIMUM TEMPERATURE (F)   54        48      2000


SUNRISE AND SUNSET
OCTOBER 30 2014.......SUNRISE   709 AM PDT   SUNSET   601 PM PDT
OCTOBER 31 2014.......SUNRISE   710 AM PDT   SUNSET   600 PM PDT


-  INDICATES NEGATIVE NUMBERS.
R  INDICATES RECORD WAS SET OR TIED.
MM INDICATES DATA IS MISSING.
T  INDICATES TRACE AMOUNT.




$$
